| Back to Multiple platform build/check report for BioC 3.23: simplified long |
|
This page was generated on 2025-11-14 11:36 -0500 (Fri, 14 Nov 2025).
| Hostname | OS | Arch (*) | R version | Installed pkgs |
|---|---|---|---|---|
| nebbiolo1 | Linux (Ubuntu 24.04.3 LTS) | x86_64 | R Under development (unstable) (2025-10-20 r88955) -- "Unsuffered Consequences" | 4825 |
| kjohnson3 | macOS 13.7.7 Ventura | arm64 | R Under development (unstable) (2025-11-04 r88984) -- "Unsuffered Consequences" | 4547 |
| Click on any hostname to see more info about the system (e.g. compilers) (*) as reported by 'uname -p', except on Windows and Mac OS X | ||||
| Package 609/2325 | Hostname | OS / Arch | INSTALL | BUILD | CHECK | BUILD BIN | ||||||||
| doppelgangR 1.39.0 (landing page) Levi Waldron
| nebbiolo1 | Linux (Ubuntu 24.04.3 LTS) / x86_64 | OK | OK | OK | |||||||||
| kjohnson3 | macOS 13.7.7 Ventura / arm64 | OK | ERROR | skipped | skipped | |||||||||
|
To the developers/maintainers of the doppelgangR package: - Allow up to 24 hours (and sometimes 48 hours) for your latest push to git@git.bioconductor.org:packages/doppelgangR.git to reflect on this report. See Troubleshooting Build Report for more information. - Use the following Renviron settings to reproduce errors and warnings. - If 'R CMD check' started to fail recently on the Linux builder(s) over a missing dependency, add the missing dependency to 'Suggests:' in your DESCRIPTION file. See Renviron.bioc for more information. |
| Package: doppelgangR |
| Version: 1.39.0 |
| Command: /Library/Frameworks/R.framework/Resources/bin/R CMD build --keep-empty-dirs --no-resave-data doppelgangR |
| StartedAt: 2025-11-13 16:16:17 -0500 (Thu, 13 Nov 2025) |
| EndedAt: 2025-11-13 16:16:41 -0500 (Thu, 13 Nov 2025) |
| EllapsedTime: 24.2 seconds |
| RetCode: 1 |
| Status: ERROR |
| PackageFile: None |
| PackageFileSize: NA |
##############################################################################
##############################################################################
###
### Running command:
###
### /Library/Frameworks/R.framework/Resources/bin/R CMD build --keep-empty-dirs --no-resave-data doppelgangR
###
##############################################################################
##############################################################################
* checking for file ‘doppelgangR/DESCRIPTION’ ... OK
* preparing ‘doppelgangR’:
* checking DESCRIPTION meta-information ... OK
* installing the package (it is needed to build vignettes)
* creating vignettes ... ERROR
--- re-building ‘doppelgangR.Rmd’ using rmarkdown
Quitting from doppelgangR.Rmd:76-78 [rundopp]
~~~~~~~~~~~~~~~~~~~~~~~~~~~~~~~~~~~~~~~~~~~~~~~~~~~~~~~~~~~~~~~~~~~~~~~~~~~~~~~~
<error/rlang_error>
Error in `reducer$value.cache[[as.character(idx)]] <- values`:
! wrong args for environment subassignment
---
Backtrace:
▆
1. └─doppelgangR::doppelgangR(testesets, phenoFinder.args = NULL)
2. ├─BiocParallel::bplapply(...)
3. └─BiocParallel::bplapply(...)
4. └─BiocParallel:::.bpinit(...)
5. ├─BiocParallel::bploop(...)
6. └─BiocParallel:::bploop.lapply(...)
7. └─BiocParallel:::.bploop_impl(...)
8. └─BiocParallel:::.collect_result(manager, reducer, progress, BPPARAM)
9. ├─BiocParallel:::.reducer_add(reducer, njob, value)
10. └─BiocParallel:::.reducer_add(reducer, njob, value)
~~~~~~~~~~~~~~~~~~~~~~~~~~~~~~~~~~~~~~~~~~~~~~~~~~~~~~~~~~~~~~~~~~~~~~~~~~~~~~~~
Error: processing vignette 'doppelgangR.Rmd' failed with diagnostics:
wrong args for environment subassignment
--- failed re-building ‘doppelgangR.Rmd’
SUMMARY: processing the following file failed:
‘doppelgangR.Rmd’
Error: Vignette re-building failed.
Execution halted