Back to Multiple platform build/check report for BioC 3.23:   simplified   long
ABCDEFGHIJKLMNOPQRS[T]UVWXYZ

This page was generated on 2025-11-14 11:36 -0500 (Fri, 14 Nov 2025).

HostnameOSArch (*)R versionInstalled pkgs
nebbiolo1Linux (Ubuntu 24.04.3 LTS)x86_64R Under development (unstable) (2025-10-20 r88955) -- "Unsuffered Consequences" 4825
kjohnson3macOS 13.7.7 Venturaarm64R Under development (unstable) (2025-11-04 r88984) -- "Unsuffered Consequences" 4547
Click on any hostname to see more info about the system (e.g. compilers)      (*) as reported by 'uname -p', except on Windows and Mac OS X

Package 2167/2325HostnameOS / ArchINSTALLBUILDCHECKBUILD BIN
TEQC 4.33.0  (landing page)
Sarah Bonnin
Snapshot Date: 2025-11-13 13:40 -0500 (Thu, 13 Nov 2025)
git_url: https://git.bioconductor.org/packages/TEQC
git_branch: devel
git_last_commit: bd3d4b2
git_last_commit_date: 2025-10-29 10:06:21 -0500 (Wed, 29 Oct 2025)
nebbiolo1Linux (Ubuntu 24.04.3 LTS) / x86_64  OK    OK    WARNINGS  UNNEEDED, same version is already published
kjohnson3macOS 13.7.7 Ventura / arm64  OK    OK    WARNINGS    OK  NO, package depends on 'Rsamtools' which is only available as a source package that needs compilation


CHECK results for TEQC on nebbiolo1

To the developers/maintainers of the TEQC package:
- Allow up to 24 hours (and sometimes 48 hours) for your latest push to git@git.bioconductor.org:packages/TEQC.git to reflect on this report. See Troubleshooting Build Report for more information.
- Use the following Renviron settings to reproduce errors and warnings.
- If 'R CMD check' started to fail recently on the Linux builder(s) over a missing dependency, add the missing dependency to 'Suggests:' in your DESCRIPTION file. See Renviron.bioc for more information.

raw results


Summary

Package: TEQC
Version: 4.33.0
Command: /home/biocbuild/bbs-3.23-bioc/R/bin/R CMD check --install=check:TEQC.install-out.txt --library=/home/biocbuild/bbs-3.23-bioc/R/site-library --timings TEQC_4.33.0.tar.gz
StartedAt: 2025-11-14 04:43:03 -0500 (Fri, 14 Nov 2025)
EndedAt: 2025-11-14 04:44:51 -0500 (Fri, 14 Nov 2025)
EllapsedTime: 108.1 seconds
RetCode: 0
Status:   WARNINGS  
CheckDir: TEQC.Rcheck
Warnings: 1

Command output

##############################################################################
##############################################################################
###
### Running command:
###
###   /home/biocbuild/bbs-3.23-bioc/R/bin/R CMD check --install=check:TEQC.install-out.txt --library=/home/biocbuild/bbs-3.23-bioc/R/site-library --timings TEQC_4.33.0.tar.gz
###
##############################################################################
##############################################################################


* using log directory ‘/home/biocbuild/bbs-3.23-bioc/meat/TEQC.Rcheck’
* using R Under development (unstable) (2025-10-20 r88955)
* using platform: x86_64-pc-linux-gnu
* R was compiled by
    gcc (Ubuntu 13.3.0-6ubuntu2~24.04) 13.3.0
    GNU Fortran (Ubuntu 13.3.0-6ubuntu2~24.04) 13.3.0
* running under: Ubuntu 24.04.3 LTS
* using session charset: UTF-8
* checking for file ‘TEQC/DESCRIPTION’ ... OK
* checking extension type ... Package
* this is package ‘TEQC’ version ‘4.33.0’
* checking package namespace information ... OK
* checking package dependencies ... OK
* checking if this is a source package ... OK
* checking if there is a namespace ... OK
* checking for hidden files and directories ... OK
* checking for portable file names ... OK
* checking for sufficient/correct file permissions ... OK
* checking whether package ‘TEQC’ can be installed ... OK
* checking installed package size ... OK
* checking package directory ... OK
* checking ‘build’ directory ... OK
* checking DESCRIPTION meta-information ... OK
* checking top-level files ... OK
* checking for left-over files ... OK
* checking index information ... OK
* checking package subdirectories ... NOTE
Problems with news in ‘NEWS’:
  Cannot process chunk/lines:
    fixed problem with IRanges version >=2.13.28 in coverage.target()
* checking code files for non-ASCII characters ... OK
* checking R files for syntax errors ... OK
* checking whether the package can be loaded ... OK
* checking whether the package can be loaded with stated dependencies ... OK
* checking whether the package can be unloaded cleanly ... OK
* checking whether the namespace can be loaded with stated dependencies ... OK
* checking whether the namespace can be unloaded cleanly ... OK
* checking loading without being on the library search path ... OK
* checking whether startup messages can be suppressed ... OK
* checking dependencies in R code ... OK
* checking S3 generic/method consistency ... OK
* checking replacement functions ... OK
* checking foreign function calls ... OK
* checking R code for possible problems ... NOTE
.coverage.hist: no visible global function definition for ‘par’
.coverage.hist: no visible global function definition for
  ‘boxplot.stats’
.coverage.hist: no visible global function definition for ‘hist’
.coverage.hist: no visible global function definition for ‘lines’
.coverage.hist: no visible global function definition for ‘axis’
.coverage.hist: no visible global function definition for ‘mtext’
.coverage.hist: no visible global function definition for ‘legend’
Rlepairs : localAxis: no visible global function definition for ‘Axis’
Rlepairs : localUpperPanel: no visible global function definition for
  ‘text’
Rlepairs : localLowerPanel: no visible global function definition for
  ‘points’
Rlepairs : localLowerPanel: no visible global function definition for
  ‘abline’
Rlepairs: no visible global function definition for ‘par’
Rlepairs: no visible global function definition for ‘box’
Rlepairs: no visible global function definition for ‘strwidth’
Rlepairs: no visible global function definition for ‘text’
Rlepairs: no visible global function definition for ‘mtext’
TEQCreport: no visible global function definition for ‘write.table’
chrom.barplot: no visible global function definition for ‘barplot’
chrom.barplot: no visible global function definition for ‘text’
chrom.barplot: no visible global function definition for ‘par’
chrom.barplot: no visible global function definition for ‘legend’
cortext: no visible global function definition for ‘text’
covBoxplot: no visible global function definition for ‘par’
covBoxplot: no visible global function definition for ‘points’
covBoxplot: no visible global function definition for ‘legend’
covcorplot: no visible global function definition for ‘pairs’
coverage.GC: no visible global function definition for ‘lines’
coverage.GC: no visible global function definition for ‘smooth.spline’
coverage.density: no visible global function definition for ‘lines’
coverage.hist: no visible global function definition for ‘par’
coverage.hist: no visible global function definition for
  ‘boxplot.stats’
coverage.hist: no visible global function definition for ‘hist’
coverage.hist: no visible global function definition for ‘lines’
coverage.hist: no visible global function definition for ‘axis’
coverage.hist: no visible global function definition for ‘mtext’
coverage.hist: no visible global function definition for ‘legend’
coverage.plot: no visible global function definition for ‘abline’
coverage.plot: no visible global function definition for ‘lines’
coverage.plot: no visible global function definition for ‘par’
coverage.plot: no visible global function definition for ‘rect’
coverage.targetlength.plot: no visible global function definition for
  ‘lines’
coverage.targetlength.plot: no visible global function definition for
  ‘smooth.spline’
coverage.uniformity: no visible global function definition for ‘lines’
covplot: no visible global function definition for ‘par’
covplot: no visible global function definition for ‘points’
covplot: no visible global function definition for ‘axis’
covplot: no visible global function definition for ‘legend’
duplicates.barplot: no visible global function definition for ‘barplot’
duplicates.barplot: no visible global function definition for ‘legend’
duplicates.barplot: no visible global function definition for ‘text’
get.baits: no visible global function definition for ‘read.delim’
get.reads: no visible binding for global variable ‘rname’
get.reads: no visible binding for global variable ‘qwidth’
get.reads: no visible binding for global variable ‘qname’
get.reads: no visible global function definition for ‘count.fields’
get.reads: no visible global function definition for ‘read.delim’
get.targets: no visible global function definition for ‘count.fields’
get.targets: no visible global function definition for ‘read.delim’
htmlChromBarplot: no visible global function definition for ‘jpeg’
htmlChromBarplot: no visible global function definition for ‘png’
htmlChromBarplot: no visible global function definition for ‘tiff’
htmlChromBarplot: no visible global function definition for ‘dev.off’
htmlChromBarplot: no visible global function definition for ‘pdf’
htmlCovBoxplot: no visible global function definition for ‘jpeg’
htmlCovBoxplot: no visible global function definition for ‘png’
htmlCovBoxplot: no visible global function definition for ‘tiff’
htmlCovBoxplot: no visible global function definition for ‘dev.off’
htmlCovBoxplot: no visible global function definition for ‘pdf’
htmlCovCorrelationPlot: no visible global function definition for
  ‘jpeg’
htmlCovCorrelationPlot: no visible global function definition for ‘png’
htmlCovCorrelationPlot: no visible global function definition for
  ‘tiff’
htmlCovCorrelationPlot: no visible global function definition for
  ‘dev.off’
htmlCovCorrelationPlot: no visible global function definition for ‘pdf’
htmlCovGC: no visible global function definition for ‘jpeg’
htmlCovGC: no visible global function definition for ‘png’
htmlCovGC: no visible global function definition for ‘tiff’
htmlCovGC: no visible global function definition for ‘dev.off’
htmlCovGC: no visible global function definition for ‘pdf’
htmlCovTargetLength: no visible global function definition for ‘jpeg’
htmlCovTargetLength: no visible global function definition for ‘png’
htmlCovTargetLength: no visible global function definition for ‘tiff’
htmlCovTargetLength: no visible global function definition for ‘par’
htmlCovTargetLength: no visible global function definition for
  ‘dev.off’
htmlCovTargetLength: no visible global function definition for ‘pdf’
htmlCovUniformity: no visible global function definition for ‘jpeg’
htmlCovUniformity: no visible global function definition for ‘png’
htmlCovUniformity: no visible global function definition for ‘tiff’
htmlCovUniformity: no visible global function definition for ‘dev.off’
htmlCovUniformity: no visible global function definition for ‘pdf’
htmlCoverageHist: no visible global function definition for ‘jpeg’
htmlCoverageHist: no visible global function definition for ‘png’
htmlCoverageHist: no visible global function definition for ‘tiff’
htmlCoverageHist: no visible global function definition for ‘dev.off’
htmlCoverageHist: no visible global function definition for
  ‘write.table’
htmlCoverageHist: no visible global function definition for ‘pdf’
htmlDuplicatesBarplot: no visible global function definition for ‘jpeg’
htmlDuplicatesBarplot: no visible global function definition for ‘png’
htmlDuplicatesBarplot: no visible global function definition for ‘tiff’
htmlDuplicatesBarplot: no visible global function definition for
  ‘dev.off’
htmlDuplicatesBarplot: no visible global function definition for ‘pdf’
htmlInsertSizeHist: no visible global function definition for ‘jpeg’
htmlInsertSizeHist: no visible global function definition for ‘png’
htmlInsertSizeHist: no visible global function definition for ‘tiff’
htmlInsertSizeHist: no visible global function definition for ‘dev.off’
htmlInsertSizeHist: no visible global function definition for ‘pdf’
htmlSensiBarplot: no visible global function definition for ‘jpeg’
htmlSensiBarplot: no visible global function definition for ‘png’
htmlSensiBarplot: no visible global function definition for ‘tiff’
htmlSensiBarplot: no visible global function definition for ‘dev.off’
htmlSensiBarplot: no visible global function definition for ‘pdf’
htmlSpeciBarplot: no visible global function definition for ‘jpeg’
htmlSpeciBarplot: no visible global function definition for ‘png’
htmlSpeciBarplot: no visible global function definition for ‘tiff’
htmlSpeciBarplot: no visible global function definition for ‘dev.off’
htmlSpeciBarplot: no visible global function definition for ‘pdf’
htmlUniformityPlot: no visible global function definition for ‘jpeg’
htmlUniformityPlot: no visible global function definition for ‘png’
htmlUniformityPlot: no visible global function definition for ‘tiff’
htmlUniformityPlot: no visible global function definition for ‘dev.off’
htmlUniformityPlot: no visible global function definition for ‘pdf’
html_img: no visible global function definition for ‘jpeg’
html_img: no visible global function definition for ‘png’
html_img: no visible global function definition for ‘tiff’
html_img: no visible global function definition for ‘dev.off’
html_img: no visible global function definition for ‘pdf’
insert.size.hist: no visible global function definition for
  ‘boxplot.stats’
insert.size.hist: no visible global function definition for ‘hist’
insert.size.hist: no visible global function definition for ‘abline’
insert.size.hist: no visible global function definition for ‘legend’
make.multi.report: no visible global function definition for
  ‘packageDescription’
make.report: no visible global function definition for
  ‘packageDescription’
make.wigfiles: no visible global function definition for ‘write.table’
multiTEQCreport: no visible global function definition for ‘read.table’
multiTEQCreport: no visible global function definition for
  ‘write.table’
plot.i: no visible global function definition for ‘points’
plot.i: no visible global function definition for ‘abline’
sensiBarplot: no visible global function definition for
  ‘colorRampPalette’
sensiBarplot: no visible global function definition for ‘par’
sensiBarplot: no visible global function definition for ‘barplot’
sensiBarplot: no visible global function definition for ‘legend’
speciBarplot: no visible global function definition for ‘par’
speciBarplot: no visible global function definition for ‘barplot’
unifplot: no visible global function definition for ‘par’
unifplot: no visible global function definition for ‘lines’
unifplot: no visible global function definition for ‘legend’
Undefined global functions or variables:
  Axis abline axis barplot box boxplot.stats colorRampPalette
  count.fields dev.off hist jpeg legend lines mtext packageDescription
  pairs par pdf png points qname qwidth read.delim read.table rect
  rname smooth.spline strwidth text tiff write.table
Consider adding
  importFrom("grDevices", "boxplot.stats", "colorRampPalette", "dev.off",
             "jpeg", "pdf", "png", "tiff")
  importFrom("graphics", "Axis", "abline", "axis", "barplot", "box",
             "hist", "legend", "lines", "mtext", "pairs", "par",
             "points", "rect", "strwidth", "text")
  importFrom("stats", "smooth.spline")
  importFrom("utils", "count.fields", "packageDescription", "read.delim",
             "read.table", "write.table")
to your NAMESPACE file.
* checking Rd files ... OK
* checking Rd metadata ... OK
* checking Rd cross-references ... WARNING
Missing link(s) in Rd file 'TEQCreport.Rd':
  ‘[IRanges:RangedData-class]{RangedData}’

Missing link(s) in Rd file 'chrom.barplot.Rd':
  ‘[IRanges:RangedData-class]{RangedData}’

Missing link(s) in Rd file 'coverage.GC.Rd':
  ‘[IRanges:RangedData-class]{RangedData}’

Missing link(s) in Rd file 'coverage.plot.Rd':
  ‘[IRanges:RangedData-class]{RangedData}’

Missing link(s) in Rd file 'coverage.target.Rd':
  ‘[IRanges:RangedData-class]{RangedData}’

Missing link(s) in Rd file 'coverage.targetlength.plot.Rd':
  ‘[IRanges:RangedData-class]{RangedData}’

Missing link(s) in Rd file 'duplicates.barplot.Rd':
  ‘[IRanges:RangedData-class]{RangedData}’

Missing link(s) in Rd file 'fraction.reads.target.Rd':
  ‘[IRanges:RangedData-class]{RangedData}’

Missing link(s) in Rd file 'fraction.target.Rd':
  ‘[IRanges:RangedData-class]{RangedData}’

Missing link(s) in Rd file 'get.baits.Rd':
  ‘[IRanges:RangedData-class]{RangedData}’

Missing link(s) in Rd file 'get.reads.Rd':
  ‘[IRanges:RangedData-class]{RangedData}’

Missing link(s) in Rd file 'get.targets.Rd':
  ‘[IRanges:RangedData-class]{RangedData}’

Missing link(s) in Rd file 'insert.size.hist.Rd':
  ‘[IRanges:RangedData-class]{RangedData}’

Missing link(s) in Rd file 'reads2pairs.Rd':
  ‘[IRanges:RangedData-class]{RangedData}’

Missing link(s) in Rd file 'readsPerTarget.Rd':
  ‘[IRanges:RangedData-class]{RangedData}’

See section 'Cross-references' in the 'Writing R Extensions' manual.
* checking for missing documentation entries ... OK
* checking for code/documentation mismatches ... OK
* checking Rd \usage sections ... OK
* checking Rd contents ... OK
* checking for unstated dependencies in examples ... OK
* checking sizes of PDF files under ‘inst/doc’ ...* checking files in ‘vignettes’ ... OK
* checking examples ... OK
* checking for unstated dependencies in vignettes ... OK
* checking package vignettes ... OK
* checking re-building of vignette outputs ... OK
* checking PDF version of manual ... OK
* DONE

Status: 1 WARNING, 2 NOTEs
See
  ‘/home/biocbuild/bbs-3.23-bioc/meat/TEQC.Rcheck/00check.log’
for details.


Installation output

TEQC.Rcheck/00install.out

##############################################################################
##############################################################################
###
### Running command:
###
###   /home/biocbuild/bbs-3.23-bioc/R/bin/R CMD INSTALL TEQC
###
##############################################################################
##############################################################################


* installing to library ‘/home/biocbuild/bbs-3.23-bioc/R/site-library’
* installing *source* package ‘TEQC’ ...
** this is package ‘TEQC’ version ‘4.33.0’
** using staged installation
** R
** inst
** byte-compile and prepare package for lazy loading
** help
*** installing help indices
** building package indices
** installing vignettes
** testing if installed package can be loaded from temporary location
** testing if installed package can be loaded from final location
** testing if installed package keeps a record of temporary installation path
* DONE (TEQC)

Tests output


Example timings

TEQC.Rcheck/TEQC-Ex.timings

nameusersystemelapsed
TEQCreport0.0010.0000.001
chrom.barplot0.2420.0300.273
coverage.GC1.0190.0041.024
coverage.correlation1.1720.0061.177
coverage.density0.6270.0010.629
coverage.hist0.5960.0040.601
coverage.plot0.5750.0030.578
coverage.target0.5660.0010.566
coverage.targetlength.plot0.6330.0020.635
coverage.uniformity0.5830.0000.583
covered.k0.5630.0030.565
duplicates.barplot0.3530.0040.358
fraction.reads.target0.1110.0050.117
fraction.target0.0270.0000.027
get.baits0.0190.0000.019
get.reads0.0750.0020.077
get.targets0.030.000.03
insert.size.hist0.2390.0020.242
make.wigfiles0.6200.0170.637
multiTEQCreport0.0970.0010.098
reads2pairs0.1860.0010.187
readsPerTarget0.1510.0020.154