| Back to Multiple platform build/check report for BioC 3.23: simplified long |
|
This page was generated on 2025-11-14 11:36 -0500 (Fri, 14 Nov 2025).
| Hostname | OS | Arch (*) | R version | Installed pkgs |
|---|---|---|---|---|
| nebbiolo1 | Linux (Ubuntu 24.04.3 LTS) | x86_64 | R Under development (unstable) (2025-10-20 r88955) -- "Unsuffered Consequences" | 4825 |
| kjohnson3 | macOS 13.7.7 Ventura | arm64 | R Under development (unstable) (2025-11-04 r88984) -- "Unsuffered Consequences" | 4547 |
| Click on any hostname to see more info about the system (e.g. compilers) (*) as reported by 'uname -p', except on Windows and Mac OS X | ||||
| Package 2165/2325 | Hostname | OS / Arch | INSTALL | BUILD | CHECK | BUILD BIN | ||||||||
| TENxIO 1.13.0 (landing page) Marcel Ramos
| nebbiolo1 | Linux (Ubuntu 24.04.3 LTS) / x86_64 | OK | OK | OK | |||||||||
| kjohnson3 | macOS 13.7.7 Ventura / arm64 | OK | ERROR | skipped | skipped | |||||||||
|
To the developers/maintainers of the TENxIO package: - Allow up to 24 hours (and sometimes 48 hours) for your latest push to git@git.bioconductor.org:packages/TENxIO.git to reflect on this report. See Troubleshooting Build Report for more information. - Use the following Renviron settings to reproduce errors and warnings. - If 'R CMD check' started to fail recently on the Linux builder(s) over a missing dependency, add the missing dependency to 'Suggests:' in your DESCRIPTION file. See Renviron.bioc for more information. |
| Package: TENxIO |
| Version: 1.13.0 |
| Command: /Library/Frameworks/R.framework/Resources/bin/R CMD build --keep-empty-dirs --no-resave-data TENxIO |
| StartedAt: 2025-11-13 17:57:12 -0500 (Thu, 13 Nov 2025) |
| EndedAt: 2025-11-13 17:57:30 -0500 (Thu, 13 Nov 2025) |
| EllapsedTime: 18.2 seconds |
| RetCode: 1 |
| Status: ERROR |
| PackageFile: None |
| PackageFileSize: NA |
##############################################################################
##############################################################################
###
### Running command:
###
### /Library/Frameworks/R.framework/Resources/bin/R CMD build --keep-empty-dirs --no-resave-data TENxIO
###
##############################################################################
##############################################################################
* checking for file ‘TENxIO/DESCRIPTION’ ... OK
* preparing ‘TENxIO’:
* checking DESCRIPTION meta-information ... OK
* installing the package (it is needed to build vignettes)
* creating vignettes ... ERROR
--- re-building ‘TENxIO.Rmd’ using rmarkdown
Quitting from TENxIO.Rmd:254-262 [unnamed-chunk-14]
~~~~~~~~~~~~~~~~~~~~~~~~~~~~~~~~~~~~~~~~~~~~~~~~~~~~~~~~~~~~~~~~~~~~~~~~~~~~~~~~
<error/rlang_error>
Error in `.find_start_end_cols()`:
! cannnot determine start/end columns
---
Backtrace:
▆
1. ├─BiocIO::import(tenxp)
2. └─TENxIO::import(tenxp)
3. └─GenomicRanges::makeGRangesFromDataFrame(panno, keep.extra.columns = TRUE)
4. └─GenomicRanges:::find_core_GRanges_cols(...)
5. └─IRanges (local) .find_start_end_cols(df_colnames0, start.field0, end.field0)
~~~~~~~~~~~~~~~~~~~~~~~~~~~~~~~~~~~~~~~~~~~~~~~~~~~~~~~~~~~~~~~~~~~~~~~~~~~~~~~~
Error: processing vignette 'TENxIO.Rmd' failed with diagnostics:
cannnot determine start/end columns
--- failed re-building ‘TENxIO.Rmd’
SUMMARY: processing the following file failed:
‘TENxIO.Rmd’
Error: Vignette re-building failed.
Execution halted