Back to Build/check report for BioC 3.23:   simplified   long
ABCDEFGHIJKLMNOPQRS[T]UVWXYZ

This page was generated on 2025-11-12 11:32 -0500 (Wed, 12 Nov 2025).

HostnameOSArch (*)R versionInstalled pkgs
nebbiolo1Linux (Ubuntu 24.04.3 LTS)x86_64R Under development (unstable) (2025-10-20 r88955) -- "Unsuffered Consequences" 4823
Click on any hostname to see more info about the system (e.g. compilers)      (*) as reported by 'uname -p', except on Windows and Mac OS X

Package 2159/2325HostnameOS / ArchINSTALLBUILDCHECKBUILD BIN
TCGAutils 1.31.2  (landing page)
Marcel Ramos
Snapshot Date: 2025-11-11 13:40 -0500 (Tue, 11 Nov 2025)
git_url: https://git.bioconductor.org/packages/TCGAutils
git_branch: devel
git_last_commit: a514bf5
git_last_commit_date: 2025-11-10 14:08:35 -0500 (Mon, 10 Nov 2025)
nebbiolo1Linux (Ubuntu 24.04.3 LTS) / x86_64  OK    OK    ERROR  


CHECK results for TCGAutils on nebbiolo1

To the developers/maintainers of the TCGAutils package:
- Allow up to 24 hours (and sometimes 48 hours) for your latest push to git@git.bioconductor.org:packages/TCGAutils.git to reflect on this report. See Troubleshooting Build Report for more information.
- Use the following Renviron settings to reproduce errors and warnings.
- If 'R CMD check' started to fail recently on the Linux builder(s) over a missing dependency, add the missing dependency to 'Suggests:' in your DESCRIPTION file. See Renviron.bioc for more information.

raw results


Summary

Package: TCGAutils
Version: 1.31.2
Command: /home/biocbuild/bbs-3.23-bioc/R/bin/R CMD check --install=check:TCGAutils.install-out.txt --library=/home/biocbuild/bbs-3.23-bioc/R/site-library --timings TCGAutils_1.31.2.tar.gz
StartedAt: 2025-11-12 04:40:24 -0500 (Wed, 12 Nov 2025)
EndedAt: 2025-11-12 04:48:48 -0500 (Wed, 12 Nov 2025)
EllapsedTime: 503.6 seconds
RetCode: 1
Status:   ERROR  
CheckDir: TCGAutils.Rcheck
Warnings: NA

Command output

##############################################################################
##############################################################################
###
### Running command:
###
###   /home/biocbuild/bbs-3.23-bioc/R/bin/R CMD check --install=check:TCGAutils.install-out.txt --library=/home/biocbuild/bbs-3.23-bioc/R/site-library --timings TCGAutils_1.31.2.tar.gz
###
##############################################################################
##############################################################################


* using log directory ‘/home/biocbuild/bbs-3.23-bioc/meat/TCGAutils.Rcheck’
* using R Under development (unstable) (2025-10-20 r88955)
* using platform: x86_64-pc-linux-gnu
* R was compiled by
    gcc (Ubuntu 13.3.0-6ubuntu2~24.04) 13.3.0
    GNU Fortran (Ubuntu 13.3.0-6ubuntu2~24.04) 13.3.0
* running under: Ubuntu 24.04.3 LTS
* using session charset: UTF-8
* checking for file ‘TCGAutils/DESCRIPTION’ ... OK
* this is package ‘TCGAutils’ version ‘1.31.2’
* package encoding: UTF-8
* checking package namespace information ... OK
* checking package dependencies ... OK
* checking if this is a source package ... OK
* checking if there is a namespace ... OK
* checking for hidden files and directories ... OK
* checking for portable file names ... OK
* checking for sufficient/correct file permissions ... OK
* checking whether package ‘TCGAutils’ can be installed ... OK
* checking installed package size ... OK
* checking package directory ... OK
* checking ‘build’ directory ... OK
* checking DESCRIPTION meta-information ... OK
* checking top-level files ... OK
* checking for left-over files ... OK
* checking index information ... OK
* checking package subdirectories ... OK
* checking code files for non-ASCII characters ... OK
* checking R files for syntax errors ... OK
* checking whether the package can be loaded ... OK
* checking whether the package can be loaded with stated dependencies ... OK
* checking whether the package can be unloaded cleanly ... OK
* checking whether the namespace can be loaded with stated dependencies ... OK
* checking whether the namespace can be unloaded cleanly ... OK
* checking loading without being on the library search path ... OK
* checking dependencies in R code ... NOTE
Unexported object imported by a ':::' call: ‘GenomicRanges:::.normarg_field’
  See the note in ?`:::` about the use of this operator.
* checking S3 generic/method consistency ... OK
* checking replacement functions ... OK
* checking foreign function calls ... OK
* checking R code for possible problems ... NOTE
.get_hsa_genome: no visible global function definition for ‘tail’
Undefined global functions or variables:
  tail
Consider adding
  importFrom("utils", "tail")
to your NAMESPACE file.
* checking Rd files ... OK
* checking Rd metadata ... OK
* checking Rd cross-references ... OK
* checking for missing documentation entries ... OK
* checking for code/documentation mismatches ... OK
* checking Rd \usage sections ... OK
* checking Rd contents ... OK
* checking for unstated dependencies in examples ... OK
* checking contents of ‘data’ directory ... OK
* checking data for non-ASCII characters ... OK
* checking data for ASCII and uncompressed saves ... OK
* checking files in ‘vignettes’ ... OK
* checking examples ... ERROR
Running examples in ‘TCGAutils-Ex.R’ failed
The error most likely occurred in:

> base::assign(".ptime", proc.time(), pos = "CheckExEnv")
> ### Name: simplifyTCGA
> ### Title: Functions to convert rows annotations to ranges and
> ###   RaggedExperiment to RangedSummarizedExperiment
> ### Aliases: simplifyTCGA symbolsToRanges CpGtoRanges qreduceTCGA
> 
> ### ** Examples
> 
> 
> library(curatedTCGAData)
Loading required package: MultiAssayExperiment
Loading required package: SummarizedExperiment
Loading required package: MatrixGenerics
Loading required package: matrixStats

Attaching package: ‘MatrixGenerics’

The following objects are masked from ‘package:matrixStats’:

    colAlls, colAnyNAs, colAnys, colAvgsPerRowSet, colCollapse,
    colCounts, colCummaxs, colCummins, colCumprods, colCumsums,
    colDiffs, colIQRDiffs, colIQRs, colLogSumExps, colMadDiffs,
    colMads, colMaxs, colMeans2, colMedians, colMins, colOrderStats,
    colProds, colQuantiles, colRanges, colRanks, colSdDiffs, colSds,
    colSums2, colTabulates, colVarDiffs, colVars, colWeightedMads,
    colWeightedMeans, colWeightedMedians, colWeightedSds,
    colWeightedVars, rowAlls, rowAnyNAs, rowAnys, rowAvgsPerColSet,
    rowCollapse, rowCounts, rowCummaxs, rowCummins, rowCumprods,
    rowCumsums, rowDiffs, rowIQRDiffs, rowIQRs, rowLogSumExps,
    rowMadDiffs, rowMads, rowMaxs, rowMeans2, rowMedians, rowMins,
    rowOrderStats, rowProds, rowQuantiles, rowRanges, rowRanks,
    rowSdDiffs, rowSds, rowSums2, rowTabulates, rowVarDiffs, rowVars,
    rowWeightedMads, rowWeightedMeans, rowWeightedMedians,
    rowWeightedSds, rowWeightedVars

Loading required package: GenomicRanges
Loading required package: stats4
Loading required package: BiocGenerics
Loading required package: generics

Attaching package: ‘generics’

The following objects are masked from ‘package:base’:

    as.difftime, as.factor, as.ordered, intersect, is.element, setdiff,
    setequal, union


Attaching package: ‘BiocGenerics’

The following objects are masked from ‘package:stats’:

    IQR, mad, sd, var, xtabs

The following objects are masked from ‘package:base’:

    Filter, Find, Map, Position, Reduce, anyDuplicated, aperm, append,
    as.data.frame, basename, cbind, colnames, dirname, do.call,
    duplicated, eval, evalq, get, grep, grepl, is.unsorted, lapply,
    mapply, match, mget, order, paste, pmax, pmax.int, pmin, pmin.int,
    rank, rbind, rownames, sapply, saveRDS, table, tapply, unique,
    unsplit, which.max, which.min

Loading required package: S4Vectors

Attaching package: ‘S4Vectors’

The following object is masked from ‘package:utils’:

    findMatches

The following objects are masked from ‘package:base’:

    I, expand.grid, unname

Loading required package: IRanges
Loading required package: Seqinfo
Loading required package: Biobase
Welcome to Bioconductor

    Vignettes contain introductory material; view with
    'browseVignettes()'. To cite Bioconductor, see
    'citation("Biobase")', and for packages 'citation("pkgname")'.


Attaching package: ‘Biobase’

The following object is masked from ‘package:MatrixGenerics’:

    rowMedians

The following objects are masked from ‘package:matrixStats’:

    anyMissing, rowMedians

> library(GenomeInfoDb)
> 
> accmae <-
+     curatedTCGAData(diseaseCode = "ACC",
+     assays = c("CNASNP", "Mutation", "miRNASeqGene", "GISTICT"),
+     version = "1.1.38",
+     dry.run = FALSE)
Querying and downloading: ACC_CNASNP-20160128
see ?curatedTCGAData and browseVignettes('curatedTCGAData') for documentation
downloading 1 resources
retrieving 1 resource

loading from cache
require(“RaggedExperiment”)
Querying and downloading: ACC_miRNASeqGene-20160128
see ?curatedTCGAData and browseVignettes('curatedTCGAData') for documentation
downloading 1 resources
retrieving 1 resource

loading from cache
Querying and downloading: ACC_Mutation-20160128
see ?curatedTCGAData and browseVignettes('curatedTCGAData') for documentation
loading from cache
Querying and downloading: ACC_colData-20160128
see ?curatedTCGAData and browseVignettes('curatedTCGAData') for documentation
loading from cache
Querying and downloading: ACC_metadata-20160128
see ?curatedTCGAData and browseVignettes('curatedTCGAData') for documentation
loading from cache
Querying and downloading: ACC_sampleMap-20160128
see ?curatedTCGAData and browseVignettes('curatedTCGAData') for documentation
loading from cache
harmonizing input:
  removing 655 sampleMap rows not in names(experiments)
> 
> ## update genome annotation
> rex <- accmae[["ACC_Mutation-20160128"]]
> 
> ## Translate build to "hg19"
> tgenome <- vapply(genome(rex), translateBuild, character(1L))
> genome(rex) <- tgenome
> 
> accmae[["ACC_Mutation-20160128"]] <- rex
> 
> simplifyTCGA(accmae)
  24 genes were dropped because they have exons located on both strands of the
  same reference sequence or on more than one reference sequence, so cannot be
  represented by a single genomic range.
  Use 'single.strand.genes.only=FALSE' to get all the genes in a GRangesList
  object, or use suppressMessages() to suppress this message.
Warning in (function (seqlevels, genome, new_style)  :
  cannot switch some hg19's seqlevels from UCSC to NCBI style
'select()' returned 1:1 mapping between keys and columns
Warning in .merge_two_Seqinfo_objects(x, y) :
  The 2 combined objects have no sequence levels in common. (Use
  suppressWarnings() to suppress this warning.)
Warning in .normarg_seqlevelsStyle(value) :
  more than one seqlevels style supplied, using the 1st one only
Warning in (function (seqlevels, genome, new_style)  :
  cannot switch some hg19's seqlevels from UCSC to NCBI style
Warning: 'experiments' dropped; see 'drops()'
harmonizing input:
  removing 270 sampleMap rows not in names(experiments)
Error in lifeCycle(package = "TCGAutils", cycle = "defunct", title = "simplifyTCGA") : 
  'mirToRanges' is defunct.
  See help('simplifyTCGA-defunct').
Calls: simplifyTCGA -> mirToRanges -> lifeCycle -> do.call -> <Anonymous>
Execution halted
Examples with CPU (user + system) or elapsed time > 5s
                          user system elapsed
TCGAprimaryTumors       14.661  0.725  16.195
oncoPrintTCGA           12.901  0.477  14.140
imputeAssay             12.766  0.513  13.864
curatedTCGAData-helpers 11.962  0.689  13.327
ID-translation           1.975  0.125   5.257
* checking for unstated dependencies in ‘tests’ ... OK
* checking tests ...
  Running ‘testthat.R’
 OK
* checking for unstated dependencies in vignettes ... OK
* checking package vignettes ... OK
* checking re-building of vignette outputs ... OK
* checking PDF version of manual ... OK
* DONE

Status: 1 ERROR, 2 NOTEs
See
  ‘/home/biocbuild/bbs-3.23-bioc/meat/TCGAutils.Rcheck/00check.log’
for details.


Installation output

TCGAutils.Rcheck/00install.out

##############################################################################
##############################################################################
###
### Running command:
###
###   /home/biocbuild/bbs-3.23-bioc/R/bin/R CMD INSTALL TCGAutils
###
##############################################################################
##############################################################################


* installing to library ‘/home/biocbuild/bbs-3.23-bioc/R/site-library’
* installing *source* package ‘TCGAutils’ ...
** this is package ‘TCGAutils’ version ‘1.31.2’
** using staged installation
** R
** data
** inst
** byte-compile and prepare package for lazy loading
** help
*** installing help indices
** building package indices
** installing vignettes
** testing if installed package can be loaded from temporary location
** testing if installed package can be loaded from final location
** testing if installed package keeps a record of temporary installation path
* DONE (TCGAutils)

Tests output

TCGAutils.Rcheck/tests/testthat.Rout


R Under development (unstable) (2025-10-20 r88955) -- "Unsuffered Consequences"
Copyright (C) 2025 The R Foundation for Statistical Computing
Platform: x86_64-pc-linux-gnu

R is free software and comes with ABSOLUTELY NO WARRANTY.
You are welcome to redistribute it under certain conditions.
Type 'license()' or 'licence()' for distribution details.

R is a collaborative project with many contributors.
Type 'contributors()' for more information and
'citation()' on how to cite R or R packages in publications.

Type 'demo()' for some demos, 'help()' for on-line help, or
'help.start()' for an HTML browser interface to help.
Type 'q()' to quit R.

> library(testthat)
> 
> library(TCGAutils)
> 
> test_check("TCGAutils")
[ FAIL 0 | WARN 0 | SKIP 0 | PASS 49 ]
> 
> proc.time()
   user  system elapsed 
 14.385   0.899  19.097 

Example timings

TCGAutils.Rcheck/TCGAutils-Ex.timings

nameusersystemelapsed
ID-translation1.9750.1255.257
TCGAbarcode0.0010.0000.001
TCGAbiospec0.0180.0040.022
TCGAprimaryTumors14.661 0.72516.195
TCGAsampleSelect0.0050.0020.008
builds0.110.000.11
curatedTCGAData-helpers11.962 0.68913.327
findGRangesCols0.0020.0000.002
generateMap0.030.000.03
getFileName0.0710.0060.755
imputeAssay12.766 0.51313.864
makeGRangesListFromCopyNumber0.6050.0081.363
makeGRangesListFromExonFiles0.1380.0050.143
mergeColData0.1780.0060.184
oncoPrintTCGA12.901 0.47714.140