| Back to Multiple platform build/check report for BioC 3.23: simplified long |
|
This page was generated on 2025-11-14 11:36 -0500 (Fri, 14 Nov 2025).
| Hostname | OS | Arch (*) | R version | Installed pkgs |
|---|---|---|---|---|
| nebbiolo1 | Linux (Ubuntu 24.04.3 LTS) | x86_64 | R Under development (unstable) (2025-10-20 r88955) -- "Unsuffered Consequences" | 4825 |
| kjohnson3 | macOS 13.7.7 Ventura | arm64 | R Under development (unstable) (2025-11-04 r88984) -- "Unsuffered Consequences" | 4547 |
| Click on any hostname to see more info about the system (e.g. compilers) (*) as reported by 'uname -p', except on Windows and Mac OS X | ||||
| Package 2116/2325 | Hostname | OS / Arch | INSTALL | BUILD | CHECK | BUILD BIN | ||||||||
| SubCellBarCode 1.27.0 (landing page) Taner Arslan
| nebbiolo1 | Linux (Ubuntu 24.04.3 LTS) / x86_64 | OK | OK | WARNINGS | |||||||||
| kjohnson3 | macOS 13.7.7 Ventura / arm64 | OK | OK | WARNINGS | OK | |||||||||
|
To the developers/maintainers of the SubCellBarCode package: - Allow up to 24 hours (and sometimes 48 hours) for your latest push to git@git.bioconductor.org:packages/SubCellBarCode.git to reflect on this report. See Troubleshooting Build Report for more information. - Use the following Renviron settings to reproduce errors and warnings. - If 'R CMD check' started to fail recently on the Linux builder(s) over a missing dependency, add the missing dependency to 'Suggests:' in your DESCRIPTION file. See Renviron.bioc for more information. |
| Package: SubCellBarCode |
| Version: 1.27.0 |
| Command: /Library/Frameworks/R.framework/Resources/bin/R CMD check --install=check:SubCellBarCode.install-out.txt --library=/Library/Frameworks/R.framework/Resources/library --no-vignettes --timings SubCellBarCode_1.27.0.tar.gz |
| StartedAt: 2025-11-13 22:54:52 -0500 (Thu, 13 Nov 2025) |
| EndedAt: 2025-11-13 22:56:34 -0500 (Thu, 13 Nov 2025) |
| EllapsedTime: 102.2 seconds |
| RetCode: 0 |
| Status: WARNINGS |
| CheckDir: SubCellBarCode.Rcheck |
| Warnings: 1 |
##############################################################################
##############################################################################
###
### Running command:
###
### /Library/Frameworks/R.framework/Resources/bin/R CMD check --install=check:SubCellBarCode.install-out.txt --library=/Library/Frameworks/R.framework/Resources/library --no-vignettes --timings SubCellBarCode_1.27.0.tar.gz
###
##############################################################################
##############################################################################
* using log directory ‘/Users/biocbuild/bbs-3.23-bioc/meat/SubCellBarCode.Rcheck’
* using R Under development (unstable) (2025-11-04 r88984)
* using platform: aarch64-apple-darwin20
* R was compiled by
Apple clang version 16.0.0 (clang-1600.0.26.6)
GNU Fortran (GCC) 14.2.0
* running under: macOS Ventura 13.7.8
* using session charset: UTF-8
* using option ‘--no-vignettes’
* checking for file ‘SubCellBarCode/DESCRIPTION’ ... OK
* checking extension type ... Package
* this is package ‘SubCellBarCode’ version ‘1.27.0’
* package encoding: UTF-8
* checking package namespace information ... OK
* checking package dependencies ... OK
* checking if this is a source package ... OK
* checking if there is a namespace ... OK
* checking for hidden files and directories ... OK
* checking for portable file names ... OK
* checking for sufficient/correct file permissions ... OK
* checking whether package ‘SubCellBarCode’ can be installed ... WARNING
Found the following significant warnings:
Warning: replacing previous import ‘e1071::element’ by ‘ggplot2::element’ when loading ‘SubCellBarCode’
See ‘/Users/biocbuild/bbs-3.23-bioc/meat/SubCellBarCode.Rcheck/00install.out’ for details.
* checking installed package size ... OK
* checking package directory ... OK
* checking ‘build’ directory ... OK
* checking DESCRIPTION meta-information ... OK
* checking top-level files ... OK
* checking for left-over files ... OK
* checking index information ... OK
* checking package subdirectories ... OK
* checking code files for non-ASCII characters ... OK
* checking R files for syntax errors ... OK
* checking whether the package can be loaded ... OK
* checking whether the package can be loaded with stated dependencies ... OK
* checking whether the package can be unloaded cleanly ... OK
* checking whether the namespace can be loaded with stated dependencies ... OK
* checking whether the namespace can be unloaded cleanly ... OK
* checking dependencies in R code ... OK
* checking S3 generic/method consistency ... OK
* checking replacement functions ... OK
* checking foreign function calls ... OK
* checking R code for possible problems ... NOTE
calculateCoveredProtein: no visible binding for global variable
‘Compartments’
calculateCoveredProtein: no visible binding for global variable
‘ProteinCoverage’
candidateRelocatedProteins: no visible binding for global variable
‘Pearson.Corr’
markerQualityControl: no visible binding for global variable
‘Correlation’
markerQualityControl: no visible binding for global variable ‘Pearson’
markerQualityControl: no visible binding for global variable ‘Spearman’
plotBarcode: no visible binding for global variable ‘Level’
plotBarcode: no visible binding for global variable ‘Probability’
plotBarcode: no visible binding for global variable ‘Locs’
plotMultipleProtein: no visible binding for global variable
‘Neighborhood’
plotMultipleProtein: no visible binding for global variable ‘Count’
plotMultipleProtein: no visible binding for global variable
‘Compartment’
Undefined global functions or variables:
Compartment Compartments Correlation Count Level Locs Neighborhood
Pearson Pearson.Corr Probability ProteinCoverage Spearman
* checking Rd files ... OK
* checking Rd metadata ... OK
* checking Rd cross-references ... OK
* checking for missing documentation entries ... OK
* checking for code/documentation mismatches ... OK
* checking Rd \usage sections ... OK
* checking Rd contents ... OK
* checking for unstated dependencies in examples ... OK
* checking contents of ‘data’ directory ... OK
* checking data for non-ASCII characters ... OK
* checking LazyData ... OK
* checking data for ASCII and uncompressed saves ... OK
* checking files in ‘vignettes’ ... OK
* checking examples ... OK
Examples with CPU (user + system) or elapsed time > 5s
user system elapsed
applyThresholdCompartment 5.259 0.112 5.688
* checking for unstated dependencies in vignettes ... OK
* checking package vignettes ... OK
* checking running R code from vignettes ... SKIPPED
* checking re-building of vignette outputs ... SKIPPED
* checking PDF version of manual ... OK
* DONE
Status: 1 WARNING, 1 NOTE
See
‘/Users/biocbuild/bbs-3.23-bioc/meat/SubCellBarCode.Rcheck/00check.log’
for details.
SubCellBarCode.Rcheck/00install.out
############################################################################## ############################################################################## ### ### Running command: ### ### /Library/Frameworks/R.framework/Resources/bin/R CMD INSTALL SubCellBarCode ### ############################################################################## ############################################################################## * installing to library ‘/Library/Frameworks/R.framework/Versions/4.6-arm64/Resources/library’ * installing *source* package ‘SubCellBarCode’ ... ** this is package ‘SubCellBarCode’ version ‘1.27.0’ ** using staged installation ** R ** data *** moving datasets to lazyload DB ** byte-compile and prepare package for lazy loading Warning: replacing previous import ‘e1071::element’ by ‘ggplot2::element’ when loading ‘SubCellBarCode’ ** help *** installing help indices ** building package indices ** installing vignettes ** testing if installed package can be loaded from temporary location Warning: replacing previous import ‘e1071::element’ by ‘ggplot2::element’ when loading ‘SubCellBarCode’ ** testing if installed package can be loaded from final location Warning: replacing previous import ‘e1071::element’ by ‘ggplot2::element’ when loading ‘SubCellBarCode’ ** testing if installed package keeps a record of temporary installation path * DONE (SubCellBarCode)
SubCellBarCode.Rcheck/SubCellBarCode-Ex.timings
| name | user | system | elapsed | |
| applyThresholdCompartment | 5.259 | 0.112 | 5.688 | |
| applyThresholdNeighborhood | 4.219 | 0.102 | 4.436 | |
| calRowMean | 0.002 | 0.001 | 0.003 | |
| calculateCoveredProtein | 0.081 | 0.005 | 0.086 | |
| candidateRelocatedProteins | 2.374 | 0.314 | 2.857 | |
| compareCls | 0.006 | 0.000 | 0.006 | |
| computeThresholdCompartment | 4.582 | 0.091 | 4.905 | |
| computeThresholdNeighborhood | 3.951 | 0.083 | 4.347 | |
| convert2symbol | 0.001 | 0.000 | 0.001 | |
| hcc827Ctrl | 0.001 | 0.000 | 0.001 | |
| hcc827CtrlPSMCount | 0.002 | 0.000 | 0.003 | |
| hcc827GEF | 0.001 | 0.001 | 0.001 | |
| hcc827GEFClass | 0.000 | 0.000 | 0.001 | |
| hcc827GefPSMCount | 0.001 | 0.000 | 0.001 | |
| hcc827exon | 0.000 | 0.000 | 0.001 | |
| loadData | 0 | 0 | 0 | |
| markerQualityControl | 0.229 | 0.013 | 0.282 | |
| mergeCls | 0.001 | 0.000 | 0.002 | |
| mergeProbability | 0.002 | 0.000 | 0.001 | |
| plotBarcode | 0.221 | 0.000 | 0.233 | |
| plotMultipleProtein | 0.157 | 0.000 | 0.165 | |
| replacePrediction | 0.002 | 0.000 | 0.001 | |
| sankeyPlot | 0.009 | 0.001 | 0.017 | |
| sumProbability | 0.002 | 0.001 | 0.002 | |
| svmClassification | 3.464 | 0.065 | 3.735 | |
| svmExternalData | 4.414 | 0.079 | 4.741 | |
| tsneVisualization | 0.150 | 0.003 | 0.155 | |