Back to Build/check report for BioC 3.23:   simplified   long
ABCDEFGHIJKLMNOPQR[S]TUVWXYZ

This page was generated on 2025-11-13 11:32 -0500 (Thu, 13 Nov 2025).

HostnameOSArch (*)R versionInstalled pkgs
kjohnson3macOS 13.7.7 Venturaarm64R Under development (unstable) (2025-11-04 r88984) -- "Unsuffered Consequences" 4013
Click on any hostname to see more info about the system (e.g. compilers)      (*) as reported by 'uname -p', except on Windows and Mac OS X

Package 2077/2325HostnameOS / ArchINSTALLBUILDCHECKBUILD BIN
SplineDV 1.3.0  (landing page)
Shreyan Gupta
Snapshot Date: 2025-11-12 13:40 -0500 (Wed, 12 Nov 2025)
git_url: https://git.bioconductor.org/packages/SplineDV
git_branch: devel
git_last_commit: 0bab677
git_last_commit_date: 2025-10-29 11:33:07 -0500 (Wed, 29 Oct 2025)
kjohnson3macOS 13.7.7 Ventura / arm64  OK    ERROR  skippedskipped


BUILD results for SplineDV on kjohnson3

To the developers/maintainers of the SplineDV package:
- Allow up to 24 hours (and sometimes 48 hours) for your latest push to git@git.bioconductor.org:packages/SplineDV.git to reflect on this report. See Troubleshooting Build Report for more information.
- Use the following Renviron settings to reproduce errors and warnings.
- If 'R CMD check' started to fail recently on the Linux builder(s) over a missing dependency, add the missing dependency to 'Suggests:' in your DESCRIPTION file. See Renviron.bioc for more information.

raw results


Summary

Package: SplineDV
Version: 1.3.0
Command: /Library/Frameworks/R.framework/Resources/bin/R CMD build --keep-empty-dirs --no-resave-data SplineDV
StartedAt: 2025-11-12 17:17:53 -0500 (Wed, 12 Nov 2025)
EndedAt: 2025-11-12 17:18:07 -0500 (Wed, 12 Nov 2025)
EllapsedTime: 14.2 seconds
RetCode: 1
Status:   ERROR  
PackageFile: None
PackageFileSize: NA

Command output

##############################################################################
##############################################################################
###
### Running command:
###
###   /Library/Frameworks/R.framework/Resources/bin/R CMD build --keep-empty-dirs --no-resave-data SplineDV
###
##############################################################################
##############################################################################


* checking for file ‘SplineDV/DESCRIPTION’ ... OK
* preparing ‘SplineDV’:
* checking DESCRIPTION meta-information ... OK
* installing the package (it is needed to build vignettes)
* creating vignettes ... ERROR
--- re-building ‘SplineDV.Rmd’ using rmarkdown

Quitting from SplineDV.Rmd:53-56 [Importlibraries]
~~~~~~~~~~~~~~~~~~~~~~~~~~~~~~~~~~~~~~~~~~~~~~~~~~~~~~~~~~~~~~~~~~~~~~~~~~~~~~~~
<error/rlang_error>
Error in `library()`:
! there is no package called 'scRNAseq'
---
Backtrace:
    ▆
 1. └─base::library(scRNAseq)
~~~~~~~~~~~~~~~~~~~~~~~~~~~~~~~~~~~~~~~~~~~~~~~~~~~~~~~~~~~~~~~~~~~~~~~~~~~~~~~~

Error: processing vignette 'SplineDV.Rmd' failed with diagnostics:
there is no package called 'scRNAseq'
--- failed re-building ‘SplineDV.Rmd’

SUMMARY: processing the following file failed:
  ‘SplineDV.Rmd’

Error: Vignette re-building failed.
Execution halted