Back to Multiple platform build/check report for BioC 3.23:   simplified   long
ABCDEFGHIJKLMNOPQR[S]TUVWXYZ

This page was generated on 2025-11-22 11:37 -0500 (Sat, 22 Nov 2025).

HostnameOSArch (*)R versionInstalled pkgs
nebbiolo1Linux (Ubuntu 24.04.3 LTS)x86_64R Under development (unstable) (2025-10-20 r88955) -- "Unsuffered Consequences" 4829
lconwaymacOS 12.7.6 Montereyx86_64R Under development (unstable) (2025-10-21 r88958) -- "Unsuffered Consequences" 4603
kjohnson3macOS 13.7.7 Venturaarm64R Under development (unstable) (2025-11-04 r88984) -- "Unsuffered Consequences" 4567
Click on any hostname to see more info about the system (e.g. compilers)      (*) as reported by 'uname -p', except on Windows and Mac OS X

Package 2070/2327HostnameOS / ArchINSTALLBUILDCHECKBUILD BIN
SpiecEasi 1.99.3  (landing page)
Zachary Kurtz
Snapshot Date: 2025-11-21 13:40 -0500 (Fri, 21 Nov 2025)
git_url: https://git.bioconductor.org/packages/SpiecEasi
git_branch: devel
git_last_commit: 18c9537
git_last_commit_date: 2025-10-29 15:53:57 -0500 (Wed, 29 Oct 2025)
nebbiolo1Linux (Ubuntu 24.04.3 LTS) / x86_64  OK    OK    ERROR  
lconwaymacOS 12.7.6 Monterey / x86_64  OK    OK    OK    OK  UNNEEDED, same version is already published
kjohnson3macOS 13.7.7 Ventura / arm64  OK    OK    OK    OK  UNNEEDED, same version is already published


CHECK results for SpiecEasi on nebbiolo1

To the developers/maintainers of the SpiecEasi package:
- Allow up to 24 hours (and sometimes 48 hours) for your latest push to git@git.bioconductor.org:packages/SpiecEasi.git to reflect on this report. See Troubleshooting Build Report for more information.
- Use the following Renviron settings to reproduce errors and warnings.
- If 'R CMD check' started to fail recently on the Linux builder(s) over a missing dependency, add the missing dependency to 'Suggests:' in your DESCRIPTION file. See Renviron.bioc for more information.

raw results


Summary

Package: SpiecEasi
Version: 1.99.3
Command: /home/biocbuild/bbs-3.23-bioc/R/bin/R CMD check --install=check:SpiecEasi.install-out.txt --library=/home/biocbuild/bbs-3.23-bioc/R/site-library --timings SpiecEasi_1.99.3.tar.gz
StartedAt: 2025-11-22 04:22:09 -0500 (Sat, 22 Nov 2025)
EndedAt: 2025-11-22 04:56:18 -0500 (Sat, 22 Nov 2025)
EllapsedTime: 2048.8 seconds
RetCode: 1
Status:   ERROR  
CheckDir: SpiecEasi.Rcheck
Warnings: NA

Command output

##############################################################################
##############################################################################
###
### Running command:
###
###   /home/biocbuild/bbs-3.23-bioc/R/bin/R CMD check --install=check:SpiecEasi.install-out.txt --library=/home/biocbuild/bbs-3.23-bioc/R/site-library --timings SpiecEasi_1.99.3.tar.gz
###
##############################################################################
##############################################################################


* using log directory ‘/home/biocbuild/bbs-3.23-bioc/meat/SpiecEasi.Rcheck’
* using R Under development (unstable) (2025-10-20 r88955)
* using platform: x86_64-pc-linux-gnu
* R was compiled by
    gcc (Ubuntu 13.3.0-6ubuntu2~24.04) 13.3.0
    GNU Fortran (Ubuntu 13.3.0-6ubuntu2~24.04) 13.3.0
* running under: Ubuntu 24.04.3 LTS
* using session charset: UTF-8
* checking for file ‘SpiecEasi/DESCRIPTION’ ... OK
* this is package ‘SpiecEasi’ version ‘1.99.3’
* package encoding: UTF-8
* checking package namespace information ... OK
* checking package dependencies ... OK
* checking if this is a source package ... OK
* checking if there is a namespace ... OK
* checking for hidden files and directories ... OK
* checking for portable file names ... OK
* checking for sufficient/correct file permissions ... OK
* checking whether package ‘SpiecEasi’ can be installed ... OK
* used C++ compiler: ‘g++ (Ubuntu 13.3.0-6ubuntu2~24.04) 13.3.0’
* checking C++ specification ... NOTE
  Specified C++11: please drop specification unless essential
* checking installed package size ... OK
* checking package directory ... OK
* checking ‘build’ directory ... OK
* checking DESCRIPTION meta-information ... OK
* checking top-level files ... OK
* checking for left-over files ... OK
* checking index information ... OK
* checking package subdirectories ... OK
* checking code files for non-ASCII characters ... OK
* checking R files for syntax errors ... OK
* checking whether the package can be loaded ... OK
* checking whether the package can be loaded with stated dependencies ... OK
* checking whether the package can be unloaded cleanly ... OK
* checking whether the namespace can be loaded with stated dependencies ... OK
* checking whether the namespace can be unloaded cleanly ... OK
* checking loading without being on the library search path ... OK
* checking dependencies in R code ... OK
* checking S3 generic/method consistency ... OK
* checking replacement functions ... OK
* checking foreign function calls ... OK
* checking R code for possible problems ... OK
* checking Rd files ... OK
* checking Rd metadata ... OK
* checking Rd cross-references ... OK
* checking for missing documentation entries ... OK
* checking for code/documentation mismatches ... OK
* checking Rd \usage sections ... OK
* checking Rd contents ... OK
* checking for unstated dependencies in examples ... OK
* checking contents of ‘data’ directory ... OK
* checking data for non-ASCII characters ... OK
* checking data for ASCII and uncompressed saves ... OK
* checking line endings in C/C++/Fortran sources/headers ... OK
* checking line endings in Makefiles ... OK
* checking compilation flags in Makevars ... OK
* checking for GNU extensions in Makefiles ... OK
* checking for portable use of $(BLAS_LIBS) and $(LAPACK_LIBS) ... OK
* checking use of PKG_*FLAGS in Makefiles ... OK
* checking compiled code ... INFO
Note: information on .o files is not available
* checking files in ‘vignettes’ ... NOTE
The following directory looks like a leftover from 'knitr':
  ‘figure’
Please remove from your package.
* checking examples ... OK
Examples with CPU (user + system) or elapsed time > 5s
                    user system elapsed
stars.roc        129.940  0.153 128.591
getOptInd        128.699  0.516 127.563
pval.sparccboot   21.083  0.183  21.269
sparccboot        20.708  0.087  20.796
spiec.easi        15.849  0.003  15.852
multi.spiec.easi  15.427  0.006  15.434
* checking for unstated dependencies in ‘tests’ ... OK
* checking tests ...
  Running ‘testthat.R’
 OK
* checking for unstated dependencies in vignettes ... OK
* checking package vignettes ... OK
* checking re-building of vignette outputs ... ERROR
Error(s) in re-building vignettes:
--- re-building ‘SpiecEasi.Rmd’ using rmarkdown
--- finished re-building ‘SpiecEasi.Rmd’

--- re-building ‘cross-domain-interactions.Rmd’ using rmarkdown
--- finished re-building ‘cross-domain-interactions.Rmd’

--- re-building ‘latent-variable-models.Rmd’ using rmarkdown

warning: sqrtmat_sympd(): given matrix is not symmetric

warning: sqrtmat_sympd(): given matrix is not symmetric

warning: sqrtmat_sympd(): given matrix is not symmetric

warning: sqrtmat_sympd(): given matrix is not symmetric

warning: sqrtmat_sympd(): given matrix is not symmetric

warning: sqrtmat_sympd(): given matrix is not symmetric

warning: sqrtmat_sympd(): given matrix is not symmetric

warning: sqrtmat_sympd(): given matrix is not symmetric

warning: sqrtmat_sympd(): given matrix is not symmetric

warning: sqrtmat_sympd(): given matrix is not symmetric

warning: sqrtmat_sympd(): given matrix is not symmetric

warning: sqrtmat_sympd(): given matrix is not symmetric
--- finished re-building ‘latent-variable-models.Rmd’

--- re-building ‘phyloseq-integration.Rmd’ using rmarkdown
--- finished re-building ‘phyloseq-integration.Rmd’

--- re-building ‘pulsar-parallel.Rmd’ using rmarkdown

Quitting from pulsar-parallel.Rmd:152-160 [unnamed-chunk-5]
~~~~~~~~~~~~~~~~~~~~~~~~~~~~~~~~~~~~~~~~~~~~~~~~~~~~~~~~~~~~~~~~~~~~~~~~~~~~~~~~
<error/rlang_error>
Error in `loadNamespace()`:
! there is no package called 'snow'
---
Backtrace:
    ▆
 1. ├─parallel::makeCluster(4, type = "SOCK")
 2. └─base::loadNamespace(x)
 3.   └─base::withRestarts(stop(cond), retry_loadNamespace = function() NULL)
 4.     └─base (local) withOneRestart(expr, restarts[[1L]])
 5.       └─base (local) doWithOneRestart(return(expr), restart)
~~~~~~~~~~~~~~~~~~~~~~~~~~~~~~~~~~~~~~~~~~~~~~~~~~~~~~~~~~~~~~~~~~~~~~~~~~~~~~~~

Error: processing vignette 'pulsar-parallel.Rmd' failed with diagnostics:
there is no package called 'snow'
--- failed re-building ‘pulsar-parallel.Rmd’

--- re-building ‘troubleshooting.Rmd’ using rmarkdown
--- finished re-building ‘troubleshooting.Rmd’

SUMMARY: processing the following file failed:
  ‘pulsar-parallel.Rmd’

Error: Vignette re-building failed.
Execution halted

* checking PDF version of manual ... OK
* DONE

Status: 1 ERROR, 2 NOTEs
See
  ‘/home/biocbuild/bbs-3.23-bioc/meat/SpiecEasi.Rcheck/00check.log’
for details.


Installation output

SpiecEasi.Rcheck/00install.out

##############################################################################
##############################################################################
###
### Running command:
###
###   /home/biocbuild/bbs-3.23-bioc/R/bin/R CMD INSTALL SpiecEasi
###
##############################################################################
##############################################################################


* installing to library ‘/home/biocbuild/bbs-3.23-bioc/R/site-library’
* installing *source* package ‘SpiecEasi’ ...
** this is package ‘SpiecEasi’ version ‘1.99.3’
** using staged installation
** libs
using C++ compiler: ‘g++ (Ubuntu 13.3.0-6ubuntu2~24.04) 13.3.0’
using C++11
g++ -std=gnu++11 -I"/home/biocbuild/bbs-3.23-bioc/R/include" -DNDEBUG  -I'/home/biocbuild/bbs-3.23-bioc/R/site-library/Rcpp/include' -I'/home/biocbuild/bbs-3.23-bioc/R/site-library/RcppArmadillo/include' -I/usr/local/include    -fpic  -g -O2  -Wall -Werror=format-security  -c ADMM.cpp -o ADMM.o
In file included from /home/biocbuild/bbs-3.23-bioc/R/site-library/RcppArmadillo/include/RcppArmadillo.h:29,
                 from ADMM.cpp:1:
/home/biocbuild/bbs-3.23-bioc/R/site-library/RcppArmadillo/include/RcppArmadillo/version/arma.h:66:199: note: ‘#pragma message: Using fallback compilation with Armadillo 14.6.3. Please consider defining -DARMA_USE_CURRENT and also removing C++11 compilation directive. See GitHub issue #475 for more.’
   66 |         #pragma message("Using fallback compilation with Armadillo 14.6.3. Please consider defining -DARMA_USE_CURRENT and also removing C++11 compilation directive. See GitHub issue #475 for more.")
      |                                                                                                                                                                                                       ^
g++ -std=gnu++11 -I"/home/biocbuild/bbs-3.23-bioc/R/include" -DNDEBUG  -I'/home/biocbuild/bbs-3.23-bioc/R/site-library/Rcpp/include' -I'/home/biocbuild/bbs-3.23-bioc/R/site-library/RcppArmadillo/include' -I/usr/local/include    -fpic  -g -O2  -Wall -Werror=format-security  -c RcppExports.cpp -o RcppExports.o
In file included from /home/biocbuild/bbs-3.23-bioc/R/site-library/RcppArmadillo/include/RcppArmadillo.h:29,
                 from RcppExports.cpp:4:
/home/biocbuild/bbs-3.23-bioc/R/site-library/RcppArmadillo/include/RcppArmadillo/version/arma.h:66:199: note: ‘#pragma message: Using fallback compilation with Armadillo 14.6.3. Please consider defining -DARMA_USE_CURRENT and also removing C++11 compilation directive. See GitHub issue #475 for more.’
   66 |         #pragma message("Using fallback compilation with Armadillo 14.6.3. Please consider defining -DARMA_USE_CURRENT and also removing C++11 compilation directive. See GitHub issue #475 for more.")
      |                                                                                                                                                                                                       ^
g++ -std=gnu++11 -I"/home/biocbuild/bbs-3.23-bioc/R/include" -DNDEBUG  -I'/home/biocbuild/bbs-3.23-bioc/R/site-library/Rcpp/include' -I'/home/biocbuild/bbs-3.23-bioc/R/site-library/RcppArmadillo/include' -I/usr/local/include    -fpic  -g -O2  -Wall -Werror=format-security  -c matops.cpp -o matops.o
g++ -std=gnu++11 -I"/home/biocbuild/bbs-3.23-bioc/R/include" -DNDEBUG  -I'/home/biocbuild/bbs-3.23-bioc/R/site-library/Rcpp/include' -I'/home/biocbuild/bbs-3.23-bioc/R/site-library/RcppArmadillo/include' -I/usr/local/include    -fpic  -g -O2  -Wall -Werror=format-security  -c sqrtNewton.cpp -o sqrtNewton.o
In file included from /home/biocbuild/bbs-3.23-bioc/R/site-library/RcppArmadillo/include/RcppArmadillo.h:29,
                 from sqrtNewton.cpp:1:
/home/biocbuild/bbs-3.23-bioc/R/site-library/RcppArmadillo/include/RcppArmadillo/version/arma.h:66:199: note: ‘#pragma message: Using fallback compilation with Armadillo 14.6.3. Please consider defining -DARMA_USE_CURRENT and also removing C++11 compilation directive. See GitHub issue #475 for more.’
   66 |         #pragma message("Using fallback compilation with Armadillo 14.6.3. Please consider defining -DARMA_USE_CURRENT and also removing C++11 compilation directive. See GitHub issue #475 for more.")
      |                                                                                                                                                                                                       ^
g++ -std=gnu++11 -I"/home/biocbuild/bbs-3.23-bioc/R/include" -DNDEBUG  -I'/home/biocbuild/bbs-3.23-bioc/R/site-library/Rcpp/include' -I'/home/biocbuild/bbs-3.23-bioc/R/site-library/RcppArmadillo/include' -I/usr/local/include    -fpic  -g -O2  -Wall -Werror=format-security  -c svthresh.cpp -o svthresh.o
In file included from /home/biocbuild/bbs-3.23-bioc/R/site-library/RcppArmadillo/include/RcppArmadillo.h:29,
                 from svthresh.cpp:1:
/home/biocbuild/bbs-3.23-bioc/R/site-library/RcppArmadillo/include/RcppArmadillo/version/arma.h:66:199: note: ‘#pragma message: Using fallback compilation with Armadillo 14.6.3. Please consider defining -DARMA_USE_CURRENT and also removing C++11 compilation directive. See GitHub issue #475 for more.’
   66 |         #pragma message("Using fallback compilation with Armadillo 14.6.3. Please consider defining -DARMA_USE_CURRENT and also removing C++11 compilation directive. See GitHub issue #475 for more.")
      |                                                                                                                                                                                                       ^
g++ -std=gnu++11 -shared -L/home/biocbuild/bbs-3.23-bioc/R/lib -L/usr/local/lib -o SpiecEasi.so ADMM.o RcppExports.o matops.o sqrtNewton.o svthresh.o -llapack -L/home/biocbuild/bbs-3.23-bioc/R/lib -lRblas -lgfortran -lm -lquadmath -L/home/biocbuild/bbs-3.23-bioc/R/lib -lR
installing to /home/biocbuild/bbs-3.23-bioc/R/site-library/00LOCK-SpiecEasi/00new/SpiecEasi/libs
** R
** data
** byte-compile and prepare package for lazy loading
** help
*** installing help indices
** building package indices
** installing vignettes
** testing if installed package can be loaded from temporary location
** checking absolute paths in shared objects and dynamic libraries
** testing if installed package can be loaded from final location
** testing if installed package keeps a record of temporary installation path
* DONE (SpiecEasi)

Tests output

SpiecEasi.Rcheck/tests/testthat.Rout


R Under development (unstable) (2025-10-20 r88955) -- "Unsuffered Consequences"
Copyright (C) 2025 The R Foundation for Statistical Computing
Platform: x86_64-pc-linux-gnu

R is free software and comes with ABSOLUTELY NO WARRANTY.
You are welcome to redistribute it under certain conditions.
Type 'license()' or 'licence()' for distribution details.

R is a collaborative project with many contributors.
Type 'contributors()' for more information and
'citation()' on how to cite R or R packages in publications.

Type 'demo()' for some demos, 'help()' for on-line help, or
'help.start()' for an HTML browser interface to help.
Type 'q()' to quit R.

> suppressPackageStartupMessages(library(testthat))
> suppressPackageStartupMessages(library(SpiecEasi))
> 
> testthat::test_check("SpiecEasi")
[ FAIL 0 | WARN 0 | SKIP 0 | PASS 149 ]
> 
> proc.time()
   user  system elapsed 
 48.389   0.696  49.089 

Example timings

SpiecEasi.Rcheck/SpiecEasi-Ex.timings

nameusersystemelapsed
adj2igraph0.0050.0000.005
alr0.0010.0000.001
as.data.frame.graph0.0030.0000.003
as.matrix.graph0.0000.0010.001
clr0.0010.0000.001
coat0.0140.0020.015
cor2cov000
cov2prec000
ebic000
edge.diss0.0150.0000.015
fitdistr0.0030.0000.003
getOptInd128.699 0.516127.563
get_comm_params0.0020.0000.003
graph2prec0.0030.0020.006
make_graph0.0130.0000.014
multi.spiec.easi15.427 0.00615.434
neff0.0010.0000.000
neighborhood.net0.0270.0020.029
norm_pseudo000
norm_rdiric0.0000.0000.001
norm_to_total0.0000.0000.001
prec2cov0.0000.0000.001
pval.sparccboot21.083 0.18321.269
qqdplot_comm0.0210.0000.021
rmvnegbin0.0020.0010.002
rmvnorm0.0010.0000.001
rmvpois0.0010.0000.001
rmvzinegbin0.0020.0010.002
rmvzipois0.0020.0000.002
robustPCA0.1320.0020.135
rzipois0.0010.0000.001
shannon000
sparcc0.1110.0030.115
sparccboot20.708 0.08720.796
sparseLowRankiCov0.0630.0020.066
sparseiCov2.5360.0162.552
spiec.easi15.849 0.00315.852
stars.roc129.940 0.153128.591
symBeta0.0620.0010.063
synth_comm_from_counts0.0040.0000.005
triu0.0000.0000.001