| Back to Build/check report for BioC 3.23: simplified long |
|
This page was generated on 2025-11-13 11:32 -0500 (Thu, 13 Nov 2025).
| Hostname | OS | Arch (*) | R version | Installed pkgs |
|---|---|---|---|---|
| kjohnson3 | macOS 13.7.7 Ventura | arm64 | R Under development (unstable) (2025-11-04 r88984) -- "Unsuffered Consequences" | 4013 |
| Click on any hostname to see more info about the system (e.g. compilers) (*) as reported by 'uname -p', except on Windows and Mac OS X | ||||
| Package 2059/2325 | Hostname | OS / Arch | INSTALL | BUILD | CHECK | BUILD BIN | ||||||||
| Spectra 1.21.0 (landing page) RforMassSpectrometry Package Maintainer
| kjohnson3 | macOS 13.7.7 Ventura / arm64 | OK | ERROR | skipped | skipped | ||||||||
|
To the developers/maintainers of the Spectra package: - Allow up to 24 hours (and sometimes 48 hours) for your latest push to git@git.bioconductor.org:packages/Spectra.git to reflect on this report. See Troubleshooting Build Report for more information. - Use the following Renviron settings to reproduce errors and warnings. - If 'R CMD check' started to fail recently on the Linux builder(s) over a missing dependency, add the missing dependency to 'Suggests:' in your DESCRIPTION file. See Renviron.bioc for more information. |
| Package: Spectra |
| Version: 1.21.0 |
| Command: /Library/Frameworks/R.framework/Resources/bin/R CMD build --keep-empty-dirs --no-resave-data Spectra |
| StartedAt: 2025-11-12 17:17:13 -0500 (Wed, 12 Nov 2025) |
| EndedAt: 2025-11-12 17:17:28 -0500 (Wed, 12 Nov 2025) |
| EllapsedTime: 15.2 seconds |
| RetCode: 1 |
| Status: ERROR |
| PackageFile: None |
| PackageFileSize: NA |
##############################################################################
##############################################################################
###
### Running command:
###
### /Library/Frameworks/R.framework/Resources/bin/R CMD build --keep-empty-dirs --no-resave-data Spectra
###
##############################################################################
##############################################################################
* checking for file ‘Spectra/DESCRIPTION’ ... OK
* preparing ‘Spectra’:
* checking DESCRIPTION meta-information ... OK
* installing the package (it is needed to build vignettes)
* creating vignettes ... ERROR
--- re-building ‘MsBackend.Rmd’ using rmarkdown
--- finished re-building ‘MsBackend.Rmd’
--- re-building ‘Spectra-large-scale.Rmd’ using rmarkdown
Quitting from Spectra-large-scale.Rmd:55-70 [unnamed-chunk-2]
~~~~~~~~~~~~~~~~~~~~~~~~~~~~~~~~~~~~~~~~~~~~~~~~~~~~~~~~~~~~~~~~~~~~~~~~~~~~~~~~
<error/rlang_error>
Error in `h()`:
! error in evaluating the argument 'object' in selecting a method for function 'backendInitialize': The use of 'MsBackendMzR' requires package 'mzR'. Please install with 'BiocInstaller::install("mzR")'
---
Backtrace:
▆
1. ├─Spectra::Spectra(fls, source = MsBackendMzR())
2. ├─Spectra::Spectra(fls, source = MsBackendMzR())
3. │ └─Spectra (local) .local(object, ...)
4. │ └─Spectra:::.create_spectra(...)
5. │ └─ProtGenerics::backendInitialize(...)
6. ├─Spectra::MsBackendMzR()
7. │ └─base::stop(...)
8. └─base::.handleSimpleError(...)
9. └─base (local) h(simpleError(msg, call))
~~~~~~~~~~~~~~~~~~~~~~~~~~~~~~~~~~~~~~~~~~~~~~~~~~~~~~~~~~~~~~~~~~~~~~~~~~~~~~~~
Error: processing vignette 'Spectra-large-scale.Rmd' failed with diagnostics:
error in evaluating the argument 'object' in selecting a method for function 'backendInitialize': The use of 'MsBackendMzR' requires package 'mzR'. Please install with 'BiocInstaller::install("mzR")'
--- failed re-building ‘Spectra-large-scale.Rmd’
--- re-building ‘Spectra.Rmd’ using rmarkdown
Quitting from Spectra.Rmd:152-156 [spectra-msbackendmzr]
~~~~~~~~~~~~~~~~~~~~~~~~~~~~~~~~~~~~~~~~~~~~~~~~~~~~~~~~~~~~~~~~~~~~~~~~~~~~~~~~
<error/rlang_error>
Error in `h()`:
! error in evaluating the argument 'object' in selecting a method for function 'backendInitialize': The use of 'MsBackendMzR' requires package 'mzR'. Please install with 'BiocInstaller::install("mzR")'
---
Backtrace:
▆
1. ├─Spectra::Spectra(fls, source = MsBackendMzR())
2. ├─Spectra::Spectra(fls, source = MsBackendMzR())
3. │ └─Spectra (local) .local(object, ...)
4. │ └─Spectra:::.create_spectra(...)
5. │ └─ProtGenerics::backendInitialize(...)
6. ├─Spectra::MsBackendMzR()
7. │ └─base::stop(...)
8. └─base::.handleSimpleError(...)
9. └─base (local) h(simpleError(msg, call))
~~~~~~~~~~~~~~~~~~~~~~~~~~~~~~~~~~~~~~~~~~~~~~~~~~~~~~~~~~~~~~~~~~~~~~~~~~~~~~~~
Error: processing vignette 'Spectra.Rmd' failed with diagnostics:
error in evaluating the argument 'object' in selecting a method for function 'backendInitialize': The use of 'MsBackendMzR' requires package 'mzR'. Please install with 'BiocInstaller::install("mzR")'
--- failed re-building ‘Spectra.Rmd’
SUMMARY: processing the following files failed:
‘Spectra-large-scale.Rmd’ ‘Spectra.Rmd’
Error: Vignette re-building failed.
Execution halted