Back to Build/check report for BioC 3.23:   simplified   long
ABCDEFGHIJKLMNOPQR[S]TUVWXYZ

This page was generated on 2025-11-13 11:32 -0500 (Thu, 13 Nov 2025).

HostnameOSArch (*)R versionInstalled pkgs
kjohnson3macOS 13.7.7 Venturaarm64R Under development (unstable) (2025-11-04 r88984) -- "Unsuffered Consequences" 4013
Click on any hostname to see more info about the system (e.g. compilers)      (*) as reported by 'uname -p', except on Windows and Mac OS X

Package 1961/2325HostnameOS / ArchINSTALLBUILDCHECKBUILD BIN
SETA 1.1.0  (landing page)
Kyle Kimler
Snapshot Date: 2025-11-12 13:40 -0500 (Wed, 12 Nov 2025)
git_url: https://git.bioconductor.org/packages/SETA
git_branch: devel
git_last_commit: 4f2c997
git_last_commit_date: 2025-10-29 11:38:15 -0500 (Wed, 29 Oct 2025)
kjohnson3macOS 13.7.7 Ventura / arm64  OK    ERROR  skippedskipped


BUILD results for SETA on kjohnson3

To the developers/maintainers of the SETA package:
- Allow up to 24 hours (and sometimes 48 hours) for your latest push to git@git.bioconductor.org:packages/SETA.git to reflect on this report. See Troubleshooting Build Report for more information.
- Use the following Renviron settings to reproduce errors and warnings.
- If 'R CMD check' started to fail recently on the Linux builder(s) over a missing dependency, add the missing dependency to 'Suggests:' in your DESCRIPTION file. See Renviron.bioc for more information.

raw results


Summary

Package: SETA
Version: 1.1.0
Command: /Library/Frameworks/R.framework/Resources/bin/R CMD build --keep-empty-dirs --no-resave-data SETA
StartedAt: 2025-11-12 17:12:52 -0500 (Wed, 12 Nov 2025)
EndedAt: 2025-11-12 17:13:06 -0500 (Wed, 12 Nov 2025)
EllapsedTime: 14.2 seconds
RetCode: 1
Status:   ERROR  
PackageFile: None
PackageFileSize: NA

Command output

##############################################################################
##############################################################################
###
### Running command:
###
###   /Library/Frameworks/R.framework/Resources/bin/R CMD build --keep-empty-dirs --no-resave-data SETA
###
##############################################################################
##############################################################################


* checking for file ‘SETA/DESCRIPTION’ ... OK
* preparing ‘SETA’:
* checking DESCRIPTION meta-information ... OK
* installing the package (it is needed to build vignettes)
* creating vignettes ... ERROR
--- re-building ‘comparing_samples.Rmd’ using rmarkdown

Quitting from comparing_samples.Rmd:67-80 [load libraries]
~~~~~~~~~~~~~~~~~~~~~~~~~~~~~~~~~~~~~~~~~~~~~~~~~~~~~~~~~~~~~~~~~~~~~~~~~~~~~~~~
<error/rlang_error>
Error in `library()`:
! there is no package called 'TabulaMurisSenisData'
---
Backtrace:
    ▆
 1. └─base::library(TabulaMurisSenisData)
~~~~~~~~~~~~~~~~~~~~~~~~~~~~~~~~~~~~~~~~~~~~~~~~~~~~~~~~~~~~~~~~~~~~~~~~~~~~~~~~

Error: processing vignette 'comparing_samples.Rmd' failed with diagnostics:
there is no package called 'TabulaMurisSenisData'
--- failed re-building ‘comparing_samples.Rmd’

--- re-building ‘introductory_vignette.Rmd’ using rmarkdown

Quitting from introductory_vignette.Rmd:125-133 [setup]
~~~~~~~~~~~~~~~~~~~~~~~~~~~~~~~~~~~~~~~~~~~~~~~~~~~~~~~~~~~~~~~~~~~~~~~~~~~~~~~~
<error/rlang_error>
Error in `library()`:
! there is no package called 'TabulaMurisSenisData'
---
Backtrace:
    ▆
 1. └─base::library(TabulaMurisSenisData)
~~~~~~~~~~~~~~~~~~~~~~~~~~~~~~~~~~~~~~~~~~~~~~~~~~~~~~~~~~~~~~~~~~~~~~~~~~~~~~~~

Error: processing vignette 'introductory_vignette.Rmd' failed with diagnostics:
there is no package called 'TabulaMurisSenisData'
--- failed re-building ‘introductory_vignette.Rmd’

--- re-building ‘reference_frames.Rmd’ using rmarkdown

Quitting from reference_frames.Rmd:61-71 [load packages]
~~~~~~~~~~~~~~~~~~~~~~~~~~~~~~~~~~~~~~~~~~~~~~~~~~~~~~~~~~~~~~~~~~~~~~~~~~~~~~~~
<error/rlang_error>
Error in `library()`:
! there is no package called 'TabulaMurisSenisData'
---
Backtrace:
    ▆
 1. └─base::library(TabulaMurisSenisData)
~~~~~~~~~~~~~~~~~~~~~~~~~~~~~~~~~~~~~~~~~~~~~~~~~~~~~~~~~~~~~~~~~~~~~~~~~~~~~~~~

Error: processing vignette 'reference_frames.Rmd' failed with diagnostics:
there is no package called 'TabulaMurisSenisData'
--- failed re-building ‘reference_frames.Rmd’

SUMMARY: processing the following files failed:
  ‘comparing_samples.Rmd’ ‘introductory_vignette.Rmd’
  ‘reference_frames.Rmd’

Error: Vignette re-building failed.
Execution halted