Back to Multiple platform build/check report for BioC 3.23:   simplified   long
ABCDEFGHIJKL[M]NOPQRSTUVWXYZ

This page was generated on 2025-11-14 11:36 -0500 (Fri, 14 Nov 2025).

HostnameOSArch (*)R versionInstalled pkgs
nebbiolo1Linux (Ubuntu 24.04.3 LTS)x86_64R Under development (unstable) (2025-10-20 r88955) -- "Unsuffered Consequences" 4825
kjohnson3macOS 13.7.7 Venturaarm64R Under development (unstable) (2025-11-04 r88984) -- "Unsuffered Consequences" 4547
Click on any hostname to see more info about the system (e.g. compilers)      (*) as reported by 'uname -p', except on Windows and Mac OS X

Package 1339/2325HostnameOS / ArchINSTALLBUILDCHECKBUILD BIN
MOSim 2.7.0  (landing page)
Sonia Tarazona
Snapshot Date: 2025-11-13 13:40 -0500 (Thu, 13 Nov 2025)
git_url: https://git.bioconductor.org/packages/MOSim
git_branch: devel
git_last_commit: 3237896
git_last_commit_date: 2025-10-29 10:53:49 -0500 (Wed, 29 Oct 2025)
nebbiolo1Linux (Ubuntu 24.04.3 LTS) / x86_64  OK    OK    WARNINGS  UNNEEDED, same version is already published
kjohnson3macOS 13.7.7 Ventura / arm64  OK    OK    WARNINGS    OK  NO, package depends on 'scran' which is only available as a source package that needs compilation


CHECK results for MOSim on kjohnson3

To the developers/maintainers of the MOSim package:
- Allow up to 24 hours (and sometimes 48 hours) for your latest push to git@git.bioconductor.org:packages/MOSim.git to reflect on this report. See Troubleshooting Build Report for more information.
- Use the following Renviron settings to reproduce errors and warnings.
- If 'R CMD check' started to fail recently on the Linux builder(s) over a missing dependency, add the missing dependency to 'Suggests:' in your DESCRIPTION file. See Renviron.bioc for more information.

raw results


Summary

Package: MOSim
Version: 2.7.0
Command: /Library/Frameworks/R.framework/Resources/bin/R CMD check --install=check:MOSim.install-out.txt --library=/Library/Frameworks/R.framework/Resources/library --no-vignettes --timings MOSim_2.7.0.tar.gz
StartedAt: 2025-11-13 21:09:59 -0500 (Thu, 13 Nov 2025)
EndedAt: 2025-11-13 21:16:07 -0500 (Thu, 13 Nov 2025)
EllapsedTime: 368.3 seconds
RetCode: 0
Status:   WARNINGS  
CheckDir: MOSim.Rcheck
Warnings: 1

Command output

##############################################################################
##############################################################################
###
### Running command:
###
###   /Library/Frameworks/R.framework/Resources/bin/R CMD check --install=check:MOSim.install-out.txt --library=/Library/Frameworks/R.framework/Resources/library --no-vignettes --timings MOSim_2.7.0.tar.gz
###
##############################################################################
##############################################################################


* using log directory ‘/Users/biocbuild/bbs-3.23-bioc/meat/MOSim.Rcheck’
* using R Under development (unstable) (2025-11-04 r88984)
* using platform: aarch64-apple-darwin20
* R was compiled by
    Apple clang version 16.0.0 (clang-1600.0.26.6)
    GNU Fortran (GCC) 14.2.0
* running under: macOS Ventura 13.7.8
* using session charset: UTF-8
* using option ‘--no-vignettes’
* checking for file ‘MOSim/DESCRIPTION’ ... OK
* this is package ‘MOSim’ version ‘2.7.0’
* package encoding: UTF-8
* checking package namespace information ... OK
* checking package dependencies ... OK
* checking if this is a source package ... OK
* checking if there is a namespace ... OK
* checking for hidden files and directories ... OK
* checking for portable file names ... OK
* checking for sufficient/correct file permissions ... OK
* checking whether package ‘MOSim’ can be installed ... WARNING
Found the following significant warnings:
  Warning: replacing previous import ‘dplyr::count’ by ‘matrixStats::count’ when loading ‘MOSim’
See ‘/Users/biocbuild/bbs-3.23-bioc/meat/MOSim.Rcheck/00install.out’ for details.
* used C++ compiler: ‘Apple clang version 15.0.0 (clang-1500.1.0.2.5)’
* used SDK: ‘MacOSX11.3.1.sdk’
* checking installed package size ... INFO
  installed size is  6.7Mb
  sub-directories of 1Mb or more:
    data   5.8Mb
* checking package directory ... OK
* checking ‘build’ directory ... OK
* checking DESCRIPTION meta-information ... OK
* checking top-level files ... OK
* checking for left-over files ... OK
* checking index information ... OK
* checking package subdirectories ... OK
* checking code files for non-ASCII characters ... OK
* checking R files for syntax errors ... OK
* checking whether the package can be loaded ... OK
* checking whether the package can be loaded with stated dependencies ... OK
* checking whether the package can be unloaded cleanly ... OK
* checking whether the namespace can be loaded with stated dependencies ... OK
* checking whether the namespace can be unloaded cleanly ... OK
* checking whether startup messages can be suppressed ... OK
* checking dependencies in R code ... OK
* checking S3 generic/method consistency ... OK
* checking replacement functions ... OK
* checking foreign function calls ... OK
* checking R code for possible problems ... NOTE
make_association_dataframe : keep_remaining: no visible binding for
  global variable ‘Freq.a’
make_association_dataframe : keep_remaining: no visible binding for
  global variable ‘Freq.ao’
make_association_dataframe : keep_remaining: no visible binding for
  global variable ‘cluster’
make_association_dataframe : keep_remaining: no visible binding for
  global variable ‘Freq’
make_association_dataframe : keep_remaining2: no visible binding for
  global variable ‘Freq.a’
make_association_dataframe : keep_remaining2: no visible binding for
  global variable ‘Freq.ao’
make_association_dataframe : keep_remaining2: no visible binding for
  global variable ‘cluster’
make_association_dataframe : keep_remaining2: no visible binding for
  global variable ‘Freq’
make_association_dataframe: no visible binding for global variable
  ‘Peak_ID’
make_association_dataframe: no visible binding for global variable
  ‘Gene_ID’
Undefined global functions or variables:
  Freq Freq.a Freq.ao Gene_ID Peak_ID cluster
* checking Rd files ... NOTE
checkRd: (-1) TF_human.Rd:12: Lost braces; missing escapes or markup?
    12 |  @source {https://tflink.net/}
       |          ^
checkRd: (-1) associationList.Rd:14: Lost braces; missing escapes or markup?
    14 |  @source {Created in-house to serve as an example}
       |          ^
checkRd: (-1) sc_mosim.Rd:94: Lost braces; missing escapes or markup?
    94 | {https://tflink.net/}}
       | ^
checkRd: (-1) scatac.Rd:14-15: Lost braces
    14 |  @source {https://github.com/satijalab/seurat-data, we took 11 cells 
       |          ^
checkRd: (-1) scrna.Rd:14-15: Lost braces
    14 |  @source {https://github.com/satijalab/seurat-data, we took 11 cells 
       |          ^
checkRd: (-1) scrna.Rd:23-28: Lost braces
    23 |  for (cell_type in unique_cell_types) {
       |                                       ^
* checking Rd metadata ... OK
* checking Rd cross-references ... OK
* checking for missing documentation entries ... OK
* checking for code/documentation mismatches ... OK
* checking Rd \usage sections ... OK
* checking Rd contents ... OK
* checking for unstated dependencies in examples ... OK
* checking contents of ‘data’ directory ... OK
* checking data for non-ASCII characters ... OK
* checking data for ASCII and uncompressed saves ... OK
* checking line endings in C/C++/Fortran sources/headers ... OK
* checking compiled code ... INFO
Note: information on .o files is not available
* checking files in ‘vignettes’ ... OK
* checking examples ... OK
Examples with CPU (user + system) or elapsed time > 5s
                     user system elapsed
discretize         27.221  4.492  32.839
omicSettings       26.712  4.496  32.329
omicSim            23.980  4.711  29.500
plotProfile        23.533  4.615  29.007
omicResults        20.137  4.327  25.157
mosim              19.724  4.380  24.883
experimentalDesign 19.578  4.419  24.888
sc_mosim           20.271  0.353  21.152
sc_omicResults     17.983  0.192  18.758
sc_omicSettings    17.828  0.183  18.527
* checking for unstated dependencies in ‘tests’ ... OK
* checking tests ...
  Running ‘testthat.R’
 OK
* checking for unstated dependencies in vignettes ... OK
* checking package vignettes ... OK
* checking running R code from vignettes ... SKIPPED
* checking re-building of vignette outputs ... SKIPPED
* checking PDF version of manual ... OK
* DONE

Status: 1 WARNING, 2 NOTEs
See
  ‘/Users/biocbuild/bbs-3.23-bioc/meat/MOSim.Rcheck/00check.log’
for details.


Installation output

MOSim.Rcheck/00install.out

##############################################################################
##############################################################################
###
### Running command:
###
###   /Library/Frameworks/R.framework/Resources/bin/R CMD INSTALL MOSim
###
##############################################################################
##############################################################################


* installing to library ‘/Library/Frameworks/R.framework/Versions/4.6-arm64/Resources/library’
* installing *source* package ‘MOSim’ ...
** this is package ‘MOSim’ version ‘2.7.0’
** using staged installation
** libs
using C++ compiler: ‘Apple clang version 15.0.0 (clang-1500.1.0.2.5)’
using SDK: ‘MacOSX11.3.1.sdk’
clang++ -arch arm64 -std=gnu++17 -I"/Library/Frameworks/R.framework/Resources/include" -DNDEBUG  -I'/Library/Frameworks/R.framework/Versions/4.6-arm64/Resources/library/cpp11/include' -I'/Library/Frameworks/R.framework/Versions/4.6-arm64/Resources/library/Rcpp/include' -I/opt/R/arm64/include    -fPIC  -falign-functions=64 -Wall -g -O2   -c Random_number.cpp -o Random_number.o
clang++ -arch arm64 -std=gnu++17 -dynamiclib -Wl,-headerpad_max_install_names -undefined dynamic_lookup -L/Library/Frameworks/R.framework/Resources/lib -L/opt/R/arm64/lib -o MOSim.so Random_number.o -F/Library/Frameworks/R.framework/.. -framework R
installing to /Library/Frameworks/R.framework/Versions/4.6-arm64/Resources/library/00LOCK-MOSim/00new/MOSim/libs
** R
** data
** inst
** byte-compile and prepare package for lazy loading
Warning: replacing previous import ‘dplyr::count’ by ‘matrixStats::count’ when loading ‘MOSim’
Creating a new generic function for ‘simulate’ in package ‘MOSim’
** help
*** installing help indices
** building package indices
** installing vignettes
** testing if installed package can be loaded from temporary location
Warning: replacing previous import ‘dplyr::count’ by ‘matrixStats::count’ when loading ‘MOSim’
** checking absolute paths in shared objects and dynamic libraries
** testing if installed package can be loaded from final location
Warning: replacing previous import ‘dplyr::count’ by ‘matrixStats::count’ when loading ‘MOSim’
** testing if installed package keeps a record of temporary installation path
* DONE (MOSim)

Tests output

MOSim.Rcheck/tests/testthat.Rout


R Under development (unstable) (2025-11-04 r88984) -- "Unsuffered Consequences"
Copyright (C) 2025 The R Foundation for Statistical Computing
Platform: aarch64-apple-darwin20

R is free software and comes with ABSOLUTELY NO WARRANTY.
You are welcome to redistribute it under certain conditions.
Type 'license()' or 'licence()' for distribution details.

R is a collaborative project with many contributors.
Type 'contributors()' for more information and
'citation()' on how to cite R or R packages in publications.

Type 'demo()' for some demos, 'help()' for on-line help, or
'help.start()' for an HTML browser interface to help.
Type 'q()' to quit R.

> library(testthat)
> #library(MOSim)
> 
> #test_check("MOSim")
> 
> proc.time()
   user  system elapsed 
  0.138   0.033   0.171 

Example timings

MOSim.Rcheck/MOSim-Ex.timings

nameusersystemelapsed
calculate_mean_per_list_df0.0010.0010.002
check_patterns0.0030.0000.003
discretize27.221 4.49232.839
experimentalDesign19.578 4.41924.888
make_cluster_patterns4.6560.0084.830
match_gene_regulator0.0070.0000.007
match_gene_regulator_cluster0.0150.0000.016
mosim19.724 4.38024.883
omicData1.4990.0111.531
omicResults20.137 4.32725.157
omicSettings26.712 4.49632.329
omicSim23.980 4.71129.500
plotProfile23.533 4.61529.007
sc_mosim20.271 0.35321.152
sc_omicData0.2570.0050.276
sc_omicResults17.983 0.19218.758
sc_omicSettings17.828 0.18318.527
sc_param_estimation0.0520.0060.064