Back to Multiple platform build/check report for BioC 3.23:   simplified   long
AB[C]DEFGHIJKLMNOPQRSTUVWXYZ

This page was generated on 2025-11-14 11:35 -0500 (Fri, 14 Nov 2025).

HostnameOSArch (*)R versionInstalled pkgs
nebbiolo1Linux (Ubuntu 24.04.3 LTS)x86_64R Under development (unstable) (2025-10-20 r88955) -- "Unsuffered Consequences" 4825
kjohnson3macOS 13.7.7 Venturaarm64R Under development (unstable) (2025-11-04 r88984) -- "Unsuffered Consequences" 4547
Click on any hostname to see more info about the system (e.g. compilers)      (*) as reported by 'uname -p', except on Windows and Mac OS X

Package 354/2325HostnameOS / ArchINSTALLBUILDCHECKBUILD BIN
ChromSCape 1.21.0  (landing page)
Pacome Prompsy
Snapshot Date: 2025-11-13 13:40 -0500 (Thu, 13 Nov 2025)
git_url: https://git.bioconductor.org/packages/ChromSCape
git_branch: devel
git_last_commit: 47d0ff7
git_last_commit_date: 2025-10-29 11:02:56 -0500 (Wed, 29 Oct 2025)
nebbiolo1Linux (Ubuntu 24.04.3 LTS) / x86_64  OK    OK    WARNINGS  UNNEEDED, same version is already published
kjohnson3macOS 13.7.7 Ventura / arm64  OK    OK    WARNINGS    OK  NO, package depends on 'rtracklayer' which is only available as a source package that needs compilation


CHECK results for ChromSCape on nebbiolo1

To the developers/maintainers of the ChromSCape package:
- Allow up to 24 hours (and sometimes 48 hours) for your latest push to git@git.bioconductor.org:packages/ChromSCape.git to reflect on this report. See Troubleshooting Build Report for more information.
- Use the following Renviron settings to reproduce errors and warnings.
- If 'R CMD check' started to fail recently on the Linux builder(s) over a missing dependency, add the missing dependency to 'Suggests:' in your DESCRIPTION file. See Renviron.bioc for more information.

raw results


Summary

Package: ChromSCape
Version: 1.21.0
Command: /home/biocbuild/bbs-3.23-bioc/R/bin/R CMD check --install=check:ChromSCape.install-out.txt --library=/home/biocbuild/bbs-3.23-bioc/R/site-library --timings ChromSCape_1.21.0.tar.gz
StartedAt: 2025-11-13 22:02:32 -0500 (Thu, 13 Nov 2025)
EndedAt: 2025-11-13 22:15:53 -0500 (Thu, 13 Nov 2025)
EllapsedTime: 800.1 seconds
RetCode: 0
Status:   WARNINGS  
CheckDir: ChromSCape.Rcheck
Warnings: 1

Command output

##############################################################################
##############################################################################
###
### Running command:
###
###   /home/biocbuild/bbs-3.23-bioc/R/bin/R CMD check --install=check:ChromSCape.install-out.txt --library=/home/biocbuild/bbs-3.23-bioc/R/site-library --timings ChromSCape_1.21.0.tar.gz
###
##############################################################################
##############################################################################


* using log directory ‘/home/biocbuild/bbs-3.23-bioc/meat/ChromSCape.Rcheck’
* using R Under development (unstable) (2025-10-20 r88955)
* using platform: x86_64-pc-linux-gnu
* R was compiled by
    gcc (Ubuntu 13.3.0-6ubuntu2~24.04) 13.3.0
    GNU Fortran (Ubuntu 13.3.0-6ubuntu2~24.04) 13.3.0
* running under: Ubuntu 24.04.3 LTS
* using session charset: UTF-8
* checking for file ‘ChromSCape/DESCRIPTION’ ... OK
* this is package ‘ChromSCape’ version ‘1.21.0’
* package encoding: UTF-8
* checking package namespace information ... OK
* checking package dependencies ... INFO
Imports includes 51 non-default packages.
Importing from so many packages makes the package vulnerable to any of
them becoming unavailable.  Move as many as possible to Suggests and
use conditionally.
* checking if this is a source package ... OK
* checking if there is a namespace ... OK
* checking for hidden files and directories ... NOTE
Found the following hidden files and directories:
  .BBSoptions
These were most likely included in error. See section ‘Package
structure’ in the ‘Writing R Extensions’ manual.
* checking for portable file names ... OK
* checking for sufficient/correct file permissions ... OK
* checking whether package ‘ChromSCape’ can be installed ... OK
* used C++ compiler: ‘g++ (Ubuntu 13.3.0-6ubuntu2~24.04) 13.3.0’
* checking installed package size ... INFO
  installed size is  5.2Mb
  sub-directories of 1Mb or more:
    data   1.7Mb
    www    2.2Mb
* checking package directory ... OK
* checking ‘build’ directory ... OK
* checking DESCRIPTION meta-information ... OK
* checking top-level files ... OK
* checking for left-over files ... OK
* checking index information ... OK
* checking package subdirectories ... OK
* checking code files for non-ASCII characters ... OK
* checking R files for syntax errors ... OK
* checking whether the package can be loaded ... OK
* checking whether the package can be loaded with stated dependencies ... OK
* checking whether the package can be unloaded cleanly ... OK
* checking whether the namespace can be loaded with stated dependencies ... OK
* checking whether the namespace can be unloaded cleanly ... OK
* checking loading without being on the library search path ... OK
* checking whether startup messages can be suppressed ... OK
* checking dependencies in R code ... WARNING
'loadNamespace' or 'requireNamespace' call not declared from: ‘flexdashboard’
* checking S3 generic/method consistency ... OK
* checking replacement functions ... OK
* checking foreign function calls ... OK
* checking R code for possible problems ... NOTE
bams_to_matrix_indexes: no visible binding for global variable
  ‘files_dir_list’
enrich_TF_ChEA3_genes: no visible binding for global variable
  ‘CheA3_TF_nTargets’
filter_correlated_cell_scExp: no visible binding for global variable
  ‘run_tsne’
generate_analysis: no visible global function definition for ‘head’
generate_analysis: no visible binding for global variable ‘k’
generate_analysis: no visible binding for global variable
  ‘clusterConsensus’
get_most_variable_cyto: no visible binding for global variable
  ‘cytoBand’
get_most_variable_cyto: no visible binding for global variable
  ‘Fri_cyto’
num_cell_after_QC_filt_scExp: no visible binding for global variable
  ‘sample_id’
num_cell_after_QC_filt_scExp: no visible binding for global variable
  ‘total_counts’
num_cell_scExp: no visible binding for global variable ‘sample_id’
num_cell_scExp: no visible binding for global variable ‘total_counts’
plot_correlation_PCA_scExp: no visible binding for global variable
  ‘Component’
plot_coverage_BigWig: no visible binding for global variable ‘molecule’
plot_coverage_BigWig: no visible binding for global variable
  ‘orientation’
plot_coverage_BigWig: no visible binding for global variable ‘Gene’
plot_gain_or_loss_barplots: no visible binding for global variable
  ‘Gain_or_Loss’
plot_gain_or_loss_barplots: no visible binding for global variable
  ‘ncells’
plot_gain_or_loss_barplots: no visible binding for global variable
  ‘cytoBand’
plot_most_contributing_features: no visible binding for global variable
  ‘genes’
plot_percent_active_feature_scExp: no visible binding for global
  variable ‘group’
plot_percent_active_feature_scExp: no visible binding for global
  variable ‘percent_active’
plot_pie_most_contributing_chr: no visible binding for global variable
  ‘absolute_value’
plot_reduced_dim_scExp: no visible binding for global variable ‘V1’
plot_reduced_dim_scExp: no visible binding for global variable ‘V2’
plot_reduced_dim_scExp: no visible binding for global variable
  ‘cluster’
plot_top_TF_scExp: no visible binding for global variable ‘TF’
rebin_helper: no visible binding for global variable ‘new_row’
rebin_helper: no visible binding for global variable ‘origin_value’
rebin_matrix: no visible binding for global variable ‘group’
subset_bam_call_peaks: no visible binding for global variable
  ‘merged_bam’
Undefined global functions or variables:
  CheA3_TF_nTargets Component Fri_cyto Gain_or_Loss Gene TF V1 V2
  absolute_value cluster clusterConsensus cytoBand files_dir_list genes
  group head k merged_bam molecule ncells new_row orientation
  origin_value percent_active run_tsne sample_id total_counts
Consider adding
  importFrom("utils", "head")
to your NAMESPACE file.
* checking Rd files ... OK
* checking Rd metadata ... OK
* checking Rd cross-references ... OK
* checking for missing documentation entries ... OK
* checking for code/documentation mismatches ... OK
* checking Rd \usage sections ... OK
* checking Rd contents ... OK
* checking for unstated dependencies in examples ... OK
* checking contents of ‘data’ directory ... OK
* checking data for non-ASCII characters ... OK
* checking data for ASCII and uncompressed saves ... OK
* checking line endings in C/C++/Fortran sources/headers ... OK
* checking compiled code ... INFO
Note: information on .o files is not available
* checking files in ‘vignettes’ ... OK
* checking examples ... OK
Examples with CPU (user + system) or elapsed time > 5s
                                        user system elapsed
get_pathway_mat_scExp                 71.173  2.741  73.921
plot_gain_or_loss_barplots            48.410  0.384  48.796
calculate_CNA                         22.446  2.422  24.871
plot_reduced_dim_scExp_CNA            23.425  0.219  23.646
calculate_logRatio_CNA                22.565  0.790  23.357
calculate_cyto_mat                    21.241  0.972  22.218
calculate_gain_or_loss                21.375  0.801  22.176
get_most_variable_cyto                21.078  0.424  21.503
get_cyto_features                     20.004  0.589  20.599
num_cell_after_cor_filt_scExp         11.199  0.098  11.279
filter_correlated_cell_scExp           9.961  0.976  10.924
preprocessing_filtering_and_reduction  9.158  0.147   9.303
rebin_matrix                           7.529  0.040  23.033
import_scExp                           7.169  0.048   7.219
CompareWilcox                          6.352  0.396   6.521
create_scDataset_raw                   6.309  0.245   6.554
differential_activation                5.249  0.014   5.263
enrich_TF_ChEA3_scExp                  1.164  0.067   5.588
* checking for unstated dependencies in ‘tests’ ... OK
* checking tests ...
  Running ‘testthat.R’
 OK
* checking for unstated dependencies in vignettes ... OK
* checking package vignettes ... OK
* checking re-building of vignette outputs ... OK
* checking PDF version of manual ... OK
* DONE

Status: 1 WARNING, 2 NOTEs
See
  ‘/home/biocbuild/bbs-3.23-bioc/meat/ChromSCape.Rcheck/00check.log’
for details.


Installation output

ChromSCape.Rcheck/00install.out

##############################################################################
##############################################################################
###
### Running command:
###
###   /home/biocbuild/bbs-3.23-bioc/R/bin/R CMD INSTALL ChromSCape
###
##############################################################################
##############################################################################


* installing to library ‘/home/biocbuild/bbs-3.23-bioc/R/site-library’
* installing *source* package ‘ChromSCape’ ...
** this is package ‘ChromSCape’ version ‘1.21.0’
** using staged installation
** libs
using C++ compiler: ‘g++ (Ubuntu 13.3.0-6ubuntu2~24.04) 13.3.0’
g++ -std=gnu++17 -I"/home/biocbuild/bbs-3.23-bioc/R/include" -DNDEBUG  -I'/home/biocbuild/bbs-3.23-bioc/R/site-library/Rcpp/include' -I/usr/local/include    -fpic  -g -O2  -Wall -Werror=format-security  -c RcppExports.cpp -o RcppExports.o
g++ -std=gnu++17 -I"/home/biocbuild/bbs-3.23-bioc/R/include" -DNDEBUG  -I'/home/biocbuild/bbs-3.23-bioc/R/site-library/Rcpp/include' -I/usr/local/include    -fpic  -g -O2  -Wall -Werror=format-security  -c as_dist.cpp -o as_dist.o
g++ -std=gnu++17 -shared -L/home/biocbuild/bbs-3.23-bioc/R/lib -L/usr/local/lib -o ChromSCape.so RcppExports.o as_dist.o -L/home/biocbuild/bbs-3.23-bioc/R/lib -lR
installing to /home/biocbuild/bbs-3.23-bioc/R/site-library/00LOCK-ChromSCape/00new/ChromSCape/libs
** R
** data
** inst
** byte-compile and prepare package for lazy loading
** help
*** installing help indices
** building package indices
** installing vignettes
** testing if installed package can be loaded from temporary location
** checking absolute paths in shared objects and dynamic libraries
** testing if installed package can be loaded from final location
** testing if installed package keeps a record of temporary installation path
* DONE (ChromSCape)

Tests output

ChromSCape.Rcheck/tests/testthat.Rout


R Under development (unstable) (2025-10-20 r88955) -- "Unsuffered Consequences"
Copyright (C) 2025 The R Foundation for Statistical Computing
Platform: x86_64-pc-linux-gnu

R is free software and comes with ABSOLUTELY NO WARRANTY.
You are welcome to redistribute it under certain conditions.
Type 'license()' or 'licence()' for distribution details.

R is a collaborative project with many contributors.
Type 'contributors()' for more information and
'citation()' on how to cite R or R packages in publications.

Type 'demo()' for some demos, 'help()' for on-line help, or
'help.start()' for an HTML browser interface to help.
Type 'q()' to quit R.

> library(testthat)
> library(ChromSCape)
> 
> test_check("ChromSCape")
[ FAIL 0 | WARN 2 | SKIP 0 | PASS 11 ]

[ FAIL 0 | WARN 2 | SKIP 0 | PASS 11 ]
> 
> proc.time()
   user  system elapsed 
 38.103   1.973  39.884 

Example timings

ChromSCape.Rcheck/ChromSCape-Ex.timings

nameusersystemelapsed
CheA3_TF_nTargets0.0060.0010.007
CompareWilcox6.3520.3966.521
CompareedgeRGLM4.3150.2224.532
annotToCol20.8310.0700.900
calculate_CNA22.446 2.42224.871
calculate_cyto_mat21.241 0.97222.218
calculate_gain_or_loss21.375 0.80122.176
calculate_logRatio_CNA22.565 0.79023.357
choose_cluster_scExp3.2550.1353.384
colors_scExp0.2610.0020.264
consensus_clustering_scExp2.8520.0792.925
correlation_and_hierarchical_clust_scExp0.3080.0010.303
create_project_folder0.0020.0000.001
create_scDataset_raw6.3090.2456.554
create_scExp0.4370.0010.437
define_feature0.1300.0010.132
detect_samples1.1310.0041.055
differential_activation5.2490.0145.263
differential_analysis_scExp2.7050.0062.712
enrich_TF_ChEA3_genes0.4850.1061.882
enrich_TF_ChEA3_scExp1.1640.0675.588
exclude_features_scExp0.4310.0220.453
feature_annotation_scExp1.3790.1511.531
filter_correlated_cell_scExp 9.961 0.97610.924
filter_scExp0.5370.0190.555
find_clusters_louvain_scExp0.3040.0080.311
find_top_features0.3290.0020.331
gene_set_enrichment_analysis_scExp0.220.000.22
generate_analysis000
generate_coverage_tracks0.0000.0010.000
generate_report000
getExperimentNames0.2370.0150.252
getMainExperiment0.2680.0040.272
get_cyto_features20.004 0.58920.599
get_genomic_coordinates0.4410.0190.460
get_most_variable_cyto21.078 0.42421.503
get_pathway_mat_scExp71.173 2.74173.921
has_genomic_coordinates0.5900.0060.595
import_scExp7.1690.0487.219
inter_correlation_scExp0.3200.0050.325
intra_correlation_scExp0.3290.0030.333
launchApp000
normalize_scExp0.3810.0160.398
num_cell_after_QC_filt_scExp0.3990.0020.401
num_cell_after_cor_filt_scExp11.199 0.09811.279
num_cell_before_cor_filt_scExp0.20.00.2
num_cell_in_cluster_scExp0.3790.0010.374
num_cell_scExp0.3390.0010.340
plot_cluster_consensus_scExp1.0110.0031.014
plot_correlation_PCA_scExp1.1670.0021.169
plot_coverage_BigWig0.2110.0000.211
plot_differential_summary_scExp0.2300.0010.231
plot_differential_volcano_scExp0.3120.0020.314
plot_distribution_scExp0.4120.0010.413
plot_gain_or_loss_barplots48.410 0.38448.796
plot_heatmap_scExp0.2960.0010.297
plot_inter_correlation_scExp0.6290.0100.638
plot_intra_correlation_scExp0.6210.0030.624
plot_most_contributing_features0.4640.0020.466
plot_percent_active_feature_scExp0.5190.0010.521
plot_pie_most_contributing_chr0.2930.0020.295
plot_reduced_dim_scExp1.5810.0031.584
plot_reduced_dim_scExp_CNA23.425 0.21923.646
plot_top_TF_scExp0.6040.0020.606
plot_violin_feature_scExp0.6180.0100.629
preprocess_CPM0.3710.0190.391
preprocess_RPKM0.4040.0220.426
preprocess_TFIDF0.3860.0240.409
preprocess_TPM0.4220.0220.445
preprocess_feature_size_only0.3630.0170.380
preprocessing_filtering_and_reduction9.1580.1479.303
read_sparse_matrix0.0010.0000.000
rebin_matrix 7.529 0.04023.033
reduce_dims_scExp1.5600.0071.566
scExp1.0260.0081.035
subsample_scExp0.5320.0050.536
subset_bam_call_peaks000
summary_DA0.2260.0010.227
swapAltExp_sameColData0.2950.0010.295
table_enriched_genes_scExp0.2050.0020.206
wrapper_Signac_FeatureMatrix0.0010.0000.000