Back to Build/check report for BioC 3.23:   simplified   long
AB[C]DEFGHIJKLMNOPQRSTUVWXYZ

This page was generated on 2025-11-13 11:32 -0500 (Thu, 13 Nov 2025).

HostnameOSArch (*)R versionInstalled pkgs
kjohnson3macOS 13.7.7 Venturaarm64R Under development (unstable) (2025-11-04 r88984) -- "Unsuffered Consequences" 4013
Click on any hostname to see more info about the system (e.g. compilers)      (*) as reported by 'uname -p', except on Windows and Mac OS X

Package 476/2325HostnameOS / ArchINSTALLBUILDCHECKBUILD BIN
CSOA 1.1.0  (landing page)
Andrei-Florian Stoica
Snapshot Date: 2025-11-12 13:40 -0500 (Wed, 12 Nov 2025)
git_url: https://git.bioconductor.org/packages/CSOA
git_branch: devel
git_last_commit: c51650a
git_last_commit_date: 2025-10-29 11:37:44 -0500 (Wed, 29 Oct 2025)
kjohnson3macOS 13.7.7 Ventura / arm64  OK    ERROR  skippedskipped


BUILD results for CSOA on kjohnson3

To the developers/maintainers of the CSOA package:
- Allow up to 24 hours (and sometimes 48 hours) for your latest push to git@git.bioconductor.org:packages/CSOA.git to reflect on this report. See Troubleshooting Build Report for more information.
- Use the following Renviron settings to reproduce errors and warnings.
- If 'R CMD check' started to fail recently on the Linux builder(s) over a missing dependency, add the missing dependency to 'Suggests:' in your DESCRIPTION file. See Renviron.bioc for more information.

raw results


Summary

Package: CSOA
Version: 1.1.0
Command: /Library/Frameworks/R.framework/Resources/bin/R CMD build --keep-empty-dirs --no-resave-data CSOA
StartedAt: 2025-11-12 16:04:37 -0500 (Wed, 12 Nov 2025)
EndedAt: 2025-11-12 16:04:57 -0500 (Wed, 12 Nov 2025)
EllapsedTime: 20.2 seconds
RetCode: 1
Status:   ERROR  
PackageFile: None
PackageFileSize: NA

Command output

##############################################################################
##############################################################################
###
### Running command:
###
###   /Library/Frameworks/R.framework/Resources/bin/R CMD build --keep-empty-dirs --no-resave-data CSOA
###
##############################################################################
##############################################################################


* checking for file ‘CSOA/DESCRIPTION’ ... OK
* preparing ‘CSOA’:
* checking DESCRIPTION meta-information ... OK
* installing the package (it is needed to build vignettes)
* creating vignettes ... ERROR
--- re-building ‘Advanced-CSOA.Rmd’ using rmarkdown

Quitting from Advanced-CSOA.Rmd:37-60 [unnamed-chunk-2]
~~~~~~~~~~~~~~~~~~~~~~~~~~~~~~~~~~~~~~~~~~~~~~~~~~~~~~~~~~~~~~~~~~~~~~~~~~~~~~~~
<error/rlang_error>
Error in `library()`:
! there is no package called 'scRNAseq'
---
Backtrace:
    ▆
 1. └─base::library(scRNAseq)
~~~~~~~~~~~~~~~~~~~~~~~~~~~~~~~~~~~~~~~~~~~~~~~~~~~~~~~~~~~~~~~~~~~~~~~~~~~~~~~~

Error: processing vignette 'Advanced-CSOA.Rmd' failed with diagnostics:
there is no package called 'scRNAseq'
--- failed re-building ‘Advanced-CSOA.Rmd’

--- re-building ‘CSOA.Rmd’ using rmarkdown

Quitting from CSOA.Rmd:54-64 [unnamed-chunk-2]
~~~~~~~~~~~~~~~~~~~~~~~~~~~~~~~~~~~~~~~~~~~~~~~~~~~~~~~~~~~~~~~~~~~~~~~~~~~~~~~~
<error/rlang_error>
Error in `library()`:
! there is no package called 'scRNAseq'
---
Backtrace:
    ▆
 1. └─base::library(scRNAseq)
~~~~~~~~~~~~~~~~~~~~~~~~~~~~~~~~~~~~~~~~~~~~~~~~~~~~~~~~~~~~~~~~~~~~~~~~~~~~~~~~

Error: processing vignette 'CSOA.Rmd' failed with diagnostics:
there is no package called 'scRNAseq'
--- failed re-building ‘CSOA.Rmd’

--- re-building ‘The-CSOA-algorithm.Rmd’ using rmarkdown

Quitting from The-CSOA-algorithm.Rmd:33-52 [unnamed-chunk-2]
~~~~~~~~~~~~~~~~~~~~~~~~~~~~~~~~~~~~~~~~~~~~~~~~~~~~~~~~~~~~~~~~~~~~~~~~~~~~~~~~
<error/rlang_error>
Error in `library()`:
! there is no package called 'scRNAseq'
---
Backtrace:
    ▆
 1. └─base::library(scRNAseq)
~~~~~~~~~~~~~~~~~~~~~~~~~~~~~~~~~~~~~~~~~~~~~~~~~~~~~~~~~~~~~~~~~~~~~~~~~~~~~~~~

Error: processing vignette 'The-CSOA-algorithm.Rmd' failed with diagnostics:
there is no package called 'scRNAseq'
--- failed re-building ‘The-CSOA-algorithm.Rmd’

SUMMARY: processing the following files failed:
  ‘Advanced-CSOA.Rmd’ ‘CSOA.Rmd’ ‘The-CSOA-algorithm.Rmd’

Error: Vignette re-building failed.
Execution halted