Back to Long Tests report for BioC 3.22

This page was generated on 2025-10-18 23:55 -0400 (Sat, 18 Oct 2025).

HostnameOSArch (*)R versionInstalled pkgs
nebbiolo2Linux (Ubuntu 24.04.3 LTS)x86_644.5.1 Patched (2025-08-23 r88802) -- "Great Square Root" 4887
lconwaymacOS 12.7.6 Montereyx86_644.5.1 Patched (2025-09-10 r88807) -- "Great Square Root" 4677
Click on any hostname to see more info about the system (e.g. compilers)      (*) as reported by 'uname -p', except on Windows and Mac OS X

Package 6/31HostnameOS / ArchCHECK
biodbHmdb 1.15.1  (landing page)
Pierrick Roger
Snapshot Date: 2025-10-18 09:55 -0400 (Sat, 18 Oct 2025)
git_url: https://git.bioconductor.org/packages/biodbHmdb
git_branch: devel
git_last_commit: fa89c02
git_last_commit_date: 2025-07-24 10:45:35 -0400 (Thu, 24 Jul 2025)
nebbiolo2Linux (Ubuntu 24.04.3 LTS) / x86_64  ERROR  
lconwaymacOS 12.7.6 Monterey / x86_64  ERROR  


CHECK results for biodbHmdb on nebbiolo2

To the developers/maintainers of the biodbHmdb package:
- Use the following Renviron settings to reproduce errors and warnings.
- If 'R CMD check' started to fail recently on the Linux builder(s) over a missing dependency, add the missing dependency to 'Suggests:' in your DESCRIPTION file. See Renviron.bioc for more information.

raw results


Summary

Package: biodbHmdb
Version: 1.15.1
Command: /home/biocbuild/bbs-3.22-bioc/R/bin/R CMD check --test-dir=longtests --no-stop-on-test-error --no-codoc --no-examples --no-manual --ignore-vignettes --check-subdirs=no biodbHmdb_1.15.1.tar.gz
StartedAt: 2025-10-18 16:01:09 -0400 (Sat, 18 Oct 2025)
EndedAt: 2025-10-18 16:02:16 -0400 (Sat, 18 Oct 2025)
EllapsedTime: 67.0 seconds
RetCode: 1
Status:   ERROR  
CheckDir: biodbHmdb.Rcheck
Warnings: NA

Tests output

biodbHmdb.Rcheck/tests/testthat.Rout.fail


R version 4.5.1 Patched (2025-08-23 r88802) -- "Great Square Root"
Copyright (C) 2025 The R Foundation for Statistical Computing
Platform: x86_64-pc-linux-gnu

R is free software and comes with ABSOLUTELY NO WARRANTY.
You are welcome to redistribute it under certain conditions.
Type 'license()' or 'licence()' for distribution details.

R is a collaborative project with many contributors.
Type 'contributors()' for more information and
'citation()' on how to cite R or R packages in publications.

Type 'demo()' for some demos, 'help()' for on-line help, or
'help.start()' for an HTML browser interface to help.
Type 'q()' to quit R.

> # Script needed to run testthat automatically from ‘R CMD check’. See
> # testthat::test_dir documentation.
> library(testthat)
> library(biodbHmdb)
Warning message:
In fun(libname, pkgname) :
  Package 'biodbHmdb' is deprecated and will be removed from Bioconductor
  version 3.23
> Sys.setenv(TESTTHAT_REPORTER="summary")
> Sys.setenv(BIODB_LOG_DST="console")
> test_check("biodbHmdb")
biodb.INFO [2025-10-18 16:02:14.134][biodb::testContext]
biodb.INFO [2025-10-18 16:02:14.136][biodb::testContext] ********************************************************************************
biodb.INFO [2025-10-18 16:02:14.137][biodb::testContext] Test context - Generic long tests
biodb.INFO [2025-10-18 16:02:14.138][biodb::testContext] ********************************************************************************
biodb.INFO [2025-10-18 16:02:14.139][biodb::testContext]
biodb.INFO [2025-10-18 16:02:14.145][private$loadBiodbPkgsDefinitions] Loading definitions from package biodb version 1.17.2.
biodb.DEBUG[2025-10-18 16:02:14.147][self$loadDefinitions] Load definitions from file "/home/biocbuild/bbs-3.22-bioc/R/site-library/biodb/definitions.yml".
biodb.DEBUG[2025-10-18 16:02:14.154][notifyObservers] Notify observers for notifyNewObservers.
biodb.DEBUG[2025-10-18 16:02:14.155][self$getConfig()$define] Define config key allow.huge.downloads.
biodb.DEBUG[2025-10-18 16:02:14.156][self$set] Set key allow.huge.downloads to TRUE.
biodb.DEBUG[2025-10-18 16:02:14.156][notifyObservers] Notify observers for notifyCfgUpdate.
biodb.DEBUG[2025-10-18 16:02:14.157][FUN] Trying to call function notifyCfgUpdate on observer BiodbConfig.
biodb.DEBUG[2025-10-18 16:02:14.158][FUN] Functions in observer BiodbConfig: [21]: ".__enclos_env__, clone, terminate, notifyNewObservers, define, getAssocEnvVar, listKeys, print, disable, enable, reset, set, get, isEnabled, isDefined, hasKey, getDefaultValue, getDescription, getTitle, getKeys, initialize".
biodb.DEBUG[2025-10-18 16:02:14.159][self$getConfig()$define] Define config key autoload.extra.pkgs.
biodb.DEBUG[2025-10-18 16:02:14.176][self$set] Set key autoload.extra.pkgs to TRUE.
biodb.DEBUG[2025-10-18 16:02:14.177][notifyObservers] Notify observers for notifyCfgUpdate.
biodb.DEBUG[2025-10-18 16:02:14.186][FUN] Trying to call function notifyCfgUpdate on observer BiodbConfig.
biodb.DEBUG[2025-10-18 16:02:14.187][FUN] Functions in observer BiodbConfig: [21]: ".__enclos_env__, clone, terminate, notifyNewObservers, define, getAssocEnvVar, listKeys, print, disable, enable, reset, set, get, isEnabled, isDefined, hasKey, getDefaultValue, getDescription, getTitle, getKeys, initialize".
biodb.DEBUG[2025-10-18 16:02:14.188][self$getConfig()$define] Define config key cache.all.requests.
biodb.DEBUG[2025-10-18 16:02:14.189][self$set] Set key cache.all.requests to TRUE.
biodb.DEBUG[2025-10-18 16:02:14.190][notifyObservers] Notify observers for notifyCfgUpdate.
biodb.DEBUG[2025-10-18 16:02:14.190][FUN] Trying to call function notifyCfgUpdate on observer BiodbConfig.
biodb.DEBUG[2025-10-18 16:02:14.191][FUN] Functions in observer BiodbConfig: [21]: ".__enclos_env__, clone, terminate, notifyNewObservers, define, getAssocEnvVar, listKeys, print, disable, enable, reset, set, get, isEnabled, isDefined, hasKey, getDefaultValue, getDescription, getTitle, getKeys, initialize".
biodb.DEBUG[2025-10-18 16:02:14.192][self$getConfig()$define] Define config key cache.directory.
biodb.DEBUG[2025-10-18 16:02:14.193][self$getConfig()$define] Define config key cache.read.only.
biodb.DEBUG[2025-10-18 16:02:14.194][self$set] Set key cache.read.only to FALSE.
biodb.DEBUG[2025-10-18 16:02:14.195][notifyObservers] Notify observers for notifyCfgUpdate.
biodb.DEBUG[2025-10-18 16:02:14.196][FUN] Trying to call function notifyCfgUpdate on observer BiodbConfig.
biodb.DEBUG[2025-10-18 16:02:14.196][FUN] Functions in observer BiodbConfig: [21]: ".__enclos_env__, clone, terminate, notifyNewObservers, define, getAssocEnvVar, listKeys, print, disable, enable, reset, set, get, isEnabled, isDefined, hasKey, getDefaultValue, getDescription, getTitle, getKeys, initialize".
biodb.DEBUG[2025-10-18 16:02:14.197][self$getConfig()$define] Define config key cache.subfolders.
biodb.DEBUG[2025-10-18 16:02:14.198][self$getConfig()$define] Define config key cache.system.
biodb.DEBUG[2025-10-18 16:02:14.199][self$set] Set key cache.system to TRUE.
biodb.DEBUG[2025-10-18 16:02:14.200][notifyObservers] Notify observers for notifyCfgUpdate.
biodb.DEBUG[2025-10-18 16:02:14.201][FUN] Trying to call function notifyCfgUpdate on observer BiodbConfig.
biodb.DEBUG[2025-10-18 16:02:14.202][FUN] Functions in observer BiodbConfig: [21]: ".__enclos_env__, clone, terminate, notifyNewObservers, define, getAssocEnvVar, listKeys, print, disable, enable, reset, set, get, isEnabled, isDefined, hasKey, getDefaultValue, getDescription, getTitle, getKeys, initialize".
biodb.DEBUG[2025-10-18 16:02:14.203][self$getConfig()$define] Define config key use.cache.for.local.db.
biodb.DEBUG[2025-10-18 16:02:14.204][self$set] Set key use.cache.for.local.db to FALSE.
biodb.DEBUG[2025-10-18 16:02:14.204][notifyObservers] Notify observers for notifyCfgUpdate.
biodb.DEBUG[2025-10-18 16:02:14.205][FUN] Trying to call function notifyCfgUpdate on observer BiodbConfig.
biodb.DEBUG[2025-10-18 16:02:14.206][FUN] Functions in observer BiodbConfig: [21]: ".__enclos_env__, clone, terminate, notifyNewObservers, define, getAssocEnvVar, listKeys, print, disable, enable, reset, set, get, isEnabled, isDefined, hasKey, getDefaultValue, getDescription, getTitle, getKeys, initialize".
biodb.DEBUG[2025-10-18 16:02:14.207][self$getConfig()$define] Define config key dwnld.chunk.size.
biodb.DEBUG[2025-10-18 16:02:14.208][self$getConfig()$define] Define config key dwnld.timeout.
biodb.DEBUG[2025-10-18 16:02:14.209][self$set] Set key dwnld.timeout to 3600.
biodb.DEBUG[2025-10-18 16:02:14.210][notifyObservers] Notify observers for notifyCfgUpdate.
biodb.DEBUG[2025-10-18 16:02:14.211][FUN] Trying to call function notifyCfgUpdate on observer BiodbConfig.
biodb.DEBUG[2025-10-18 16:02:14.211][FUN] Functions in observer BiodbConfig: [21]: ".__enclos_env__, clone, terminate, notifyNewObservers, define, getAssocEnvVar, listKeys, print, disable, enable, reset, set, get, isEnabled, isDefined, hasKey, getDefaultValue, getDescription, getTitle, getKeys, initialize".
biodb.DEBUG[2025-10-18 16:02:14.212][self$getConfig()$define] Define config key compute.fields.
biodb.DEBUG[2025-10-18 16:02:14.213][self$set] Set key compute.fields to TRUE.
biodb.DEBUG[2025-10-18 16:02:14.214][notifyObservers] Notify observers for notifyCfgUpdate.
biodb.DEBUG[2025-10-18 16:02:14.215][FUN] Trying to call function notifyCfgUpdate on observer BiodbConfig.
biodb.DEBUG[2025-10-18 16:02:14.216][FUN] Functions in observer BiodbConfig: [21]: ".__enclos_env__, clone, terminate, notifyNewObservers, define, getAssocEnvVar, listKeys, print, disable, enable, reset, set, get, isEnabled, isDefined, hasKey, getDefaultValue, getDescription, getTitle, getKeys, initialize".
biodb.DEBUG[2025-10-18 16:02:14.217][self$getConfig()$define] Define config key factory.cache.
biodb.DEBUG[2025-10-18 16:02:14.218][self$getConfig()$define] Define config key force.locale.
biodb.DEBUG[2025-10-18 16:02:14.219][self$set] Set key force.locale to TRUE.
biodb.DEBUG[2025-10-18 16:02:14.219][notifyObservers] Notify observers for notifyCfgUpdate.
biodb.DEBUG[2025-10-18 16:02:14.220][FUN] Trying to call function notifyCfgUpdate on observer BiodbConfig.
biodb.DEBUG[2025-10-18 16:02:14.221][FUN] Functions in observer BiodbConfig: [21]: ".__enclos_env__, clone, terminate, notifyNewObservers, define, getAssocEnvVar, listKeys, print, disable, enable, reset, set, get, isEnabled, isDefined, hasKey, getDefaultValue, getDescription, getTitle, getKeys, initialize".
biodb.DEBUG[2025-10-18 16:02:14.222][self$getConfig()$define] Define config key longterm.cache.subfolder.
biodb.DEBUG[2025-10-18 16:02:14.223][self$getConfig()$define] Define config key msg.caution.lvl.
biodb.DEBUG[2025-10-18 16:02:14.224][self$getConfig()$define] Define config key msg.debug.lvl.
biodb.DEBUG[2025-10-18 16:02:14.225][self$getConfig()$define] Define config key msg.info.lvl.
biodb.DEBUG[2025-10-18 16:02:14.226][self$getConfig()$define] Define config key multival.field.sep.
biodb.DEBUG[2025-10-18 16:02:14.227][self$set] Set key multival.field.sep to ";".
biodb.DEBUG[2025-10-18 16:02:14.227][notifyObservers] Notify observers for notifyCfgUpdate.
biodb.DEBUG[2025-10-18 16:02:14.228][FUN] Trying to call function notifyCfgUpdate on observer BiodbConfig.
biodb.DEBUG[2025-10-18 16:02:14.229][FUN] Functions in observer BiodbConfig: [21]: ".__enclos_env__, clone, terminate, notifyNewObservers, define, getAssocEnvVar, listKeys, print, disable, enable, reset, set, get, isEnabled, isDefined, hasKey, getDefaultValue, getDescription, getTitle, getKeys, initialize".
biodb.DEBUG[2025-10-18 16:02:14.230][self$getConfig()$define] Define config key intra.field.name.sep.
biodb.DEBUG[2025-10-18 16:02:14.231][self$set] Set key intra.field.name.sep to ".".
biodb.DEBUG[2025-10-18 16:02:14.232][notifyObservers] Notify observers for notifyCfgUpdate.
biodb.DEBUG[2025-10-18 16:02:14.232][FUN] Trying to call function notifyCfgUpdate on observer BiodbConfig.
biodb.DEBUG[2025-10-18 16:02:14.233][FUN] Functions in observer BiodbConfig: [21]: ".__enclos_env__, clone, terminate, notifyNewObservers, define, getAssocEnvVar, listKeys, print, disable, enable, reset, set, get, isEnabled, isDefined, hasKey, getDefaultValue, getDescription, getTitle, getKeys, initialize".
biodb.DEBUG[2025-10-18 16:02:14.234][self$getConfig()$define] Define config key entries.sep.
biodb.DEBUG[2025-10-18 16:02:14.235][self$set] Set key entries.sep to "|".
biodb.DEBUG[2025-10-18 16:02:14.236][notifyObservers] Notify observers for notifyCfgUpdate.
biodb.DEBUG[2025-10-18 16:02:14.237][FUN] Trying to call function notifyCfgUpdate on observer BiodbConfig.
biodb.DEBUG[2025-10-18 16:02:14.238][FUN] Functions in observer BiodbConfig: [21]: ".__enclos_env__, clone, terminate, notifyNewObservers, define, getAssocEnvVar, listKeys, print, disable, enable, reset, set, get, isEnabled, isDefined, hasKey, getDefaultValue, getDescription, getTitle, getKeys, initialize".
biodb.DEBUG[2025-10-18 16:02:14.238][self$getConfig()$define] Define config key offline.
biodb.DEBUG[2025-10-18 16:02:14.239][self$set] Set key offline to FALSE.
biodb.DEBUG[2025-10-18 16:02:14.240][notifyObservers] Notify observers for notifyCfgUpdate.
biodb.DEBUG[2025-10-18 16:02:14.241][FUN] Trying to call function notifyCfgUpdate on observer BiodbConfig.
biodb.DEBUG[2025-10-18 16:02:14.242][FUN] Functions in observer BiodbConfig: [21]: ".__enclos_env__, clone, terminate, notifyNewObservers, define, getAssocEnvVar, listKeys, print, disable, enable, reset, set, get, isEnabled, isDefined, hasKey, getDefaultValue, getDescription, getTitle, getKeys, initialize".
biodb.DEBUG[2025-10-18 16:02:14.243][self$getConfig()$define] Define config key persistent.cache.impl.
biodb.DEBUG[2025-10-18 16:02:14.244][self$getConfig()$define] Define config key proton.mass.
biodb.DEBUG[2025-10-18 16:02:14.245][self$set] Set key proton.mass to 1.0072765.
biodb.DEBUG[2025-10-18 16:02:14.245][notifyObservers] Notify observers for notifyCfgUpdate.
biodb.DEBUG[2025-10-18 16:02:14.246][FUN] Trying to call function notifyCfgUpdate on observer BiodbConfig.
biodb.DEBUG[2025-10-18 16:02:14.247][FUN] Functions in observer BiodbConfig: [21]: ".__enclos_env__, clone, terminate, notifyNewObservers, define, getAssocEnvVar, listKeys, print, disable, enable, reset, set, get, isEnabled, isDefined, hasKey, getDefaultValue, getDescription, getTitle, getKeys, initialize".
biodb.DEBUG[2025-10-18 16:02:14.248][self$getConfig()$define] Define config key shortterm.cache.subfolder.
biodb.DEBUG[2025-10-18 16:02:14.249][self$getConfig()$define] Define config key svn.binary.path.
biodb.DEBUG[2025-10-18 16:02:14.253][self$set] Set key svn.binary.path to "".
biodb.DEBUG[2025-10-18 16:02:14.254][notifyObservers] Notify observers for notifyCfgUpdate.
biodb.DEBUG[2025-10-18 16:02:14.255][FUN] Trying to call function notifyCfgUpdate on observer BiodbConfig.
biodb.DEBUG[2025-10-18 16:02:14.255][FUN] Functions in observer BiodbConfig: [21]: ".__enclos_env__, clone, terminate, notifyNewObservers, define, getAssocEnvVar, listKeys, print, disable, enable, reset, set, get, isEnabled, isDefined, hasKey, getDefaultValue, getDescription, getTitle, getKeys, initialize".
biodb.DEBUG[2025-10-18 16:02:14.256][self$getConfig()$define] Define config key test.functions.
biodb.DEBUG[2025-10-18 16:02:14.257][self$getConfig()$define] Define config key useragent.
biodb.DEBUG[2025-10-18 16:02:14.258][self$set] Set key useragent to "R Bioconductor biodb library.".
biodb.DEBUG[2025-10-18 16:02:14.259][notifyObservers] Notify observers for notifyCfgUpdate.
biodb.DEBUG[2025-10-18 16:02:14.260][FUN] Trying to call function notifyCfgUpdate on observer BiodbConfig.
biodb.DEBUG[2025-10-18 16:02:14.261][FUN] Functions in observer BiodbConfig: [21]: ".__enclos_env__, clone, terminate, notifyNewObservers, define, getAssocEnvVar, listKeys, print, disable, enable, reset, set, get, isEnabled, isDefined, hasKey, getDefaultValue, getDescription, getTitle, getKeys, initialize".
biodb.DEBUG[2025-10-18 16:02:14.264][self$getDbsInfo()$define] Define connector comp.csv.file.
biodb.DEBUG[2025-10-18 16:02:14.294][self$setPropertyValue] Setting property "compound.db" to "TRUE".
biodb.DEBUG[2025-10-18 16:02:14.309][self$setPropertyValue] Setting property "description" to "A connector to handle a compound database stored inside a CSV file. It is possible to choose the separator for the CSV file, as well as match the column names with the biodb entry fields.".
biodb.DEBUG[2025-10-18 16:02:14.310][self$setPropertyValue] Setting property "disabled" to "FALSE".
biodb.DEBUG[2025-10-18 16:02:14.311][self$setPropertyValue] Setting property "disabling.reason" to "".
biodb.DEBUG[2025-10-18 16:02:14.312][self$setPropertyValue] Setting property "downloadable" to "FALSE".
biodb.DEBUG[2025-10-18 16:02:14.313][self$setPropertyValue] Setting property "dwnld.ext" to "NA".
biodb.DEBUG[2025-10-18 16:02:14.314][self$setPropertyValue] Setting property "editable" to "TRUE".
biodb.DEBUG[2025-10-18 16:02:14.315][self$setPropertyValue] Setting property "entry.content.encoding" to "NA".
biodb.DEBUG[2025-10-18 16:02:14.316][self$setPropertyValue] Setting property "entry.content.type" to "tsv".
biodb.DEBUG[2025-10-18 16:02:14.317][self$setPropertyValue] Setting property "matching.fields" to "c("peak.mztheo", "peak.mzexp")".
biodb.DEBUG[2025-10-18 16:02:14.318][self$setPropertyValue] Setting property "mass.db" to "FALSE".
biodb.DEBUG[2025-10-18 16:02:14.319][self$setPropertyValue] Setting property "name" to "Compound CSV File".
biodb.DEBUG[2025-10-18 16:02:14.320][self$setPropertyValue] Setting property "package" to "biodb".
biodb.DEBUG[2025-10-18 16:02:14.320][self$setPropertyValue] Setting property "parsing.expr" to "<NULL>".
biodb.DEBUG[2025-10-18 16:02:14.321][self$setPropertyValue] Setting property "remote" to "FALSE".
biodb.DEBUG[2025-10-18 16:02:14.322][self$setPropertyValue] Setting property "searchable.fields" to "name".
biodb.DEBUG[2025-10-18 16:02:14.322][self$setPropertyValue] Setting property "searchable.fields" to "monoisotopic.mass".
biodb.DEBUG[2025-10-18 16:02:14.322][self$setPropertyValue] Setting property "searchable.fields" to "molecular.mass".
biodb.DEBUG[2025-10-18 16:02:14.322][self$setPropertyValue] Setting property "searchable.fields" to "average.mass".
biodb.DEBUG[2025-10-18 16:02:14.322][self$setPropertyValue] Setting property "searchable.fields" to "nominal.mass".
biodb.DEBUG[2025-10-18 16:02:14.323][self$setPropertyValue] Setting property "scheduler.n" to "1".
biodb.DEBUG[2025-10-18 16:02:14.324][self$setPropertyValue] Notifying observers about frequency change.
biodb.DEBUG[2025-10-18 16:02:14.325][notifyObservers] Notify observers for notifyConnSchedulerFrequencyUpdated.
biodb.DEBUG[2025-10-18 16:02:14.326][self$setPropertyValue] Setting property "scheduler.t" to "1".
biodb.DEBUG[2025-10-18 16:02:14.327][self$setPropertyValue] Notifying observers about frequency change.
biodb.DEBUG[2025-10-18 16:02:14.328][notifyObservers] Notify observers for notifyConnSchedulerFrequencyUpdated.
biodb.DEBUG[2025-10-18 16:02:14.328][self$setPropertyValue] Setting property "token" to "NA".
biodb.DEBUG[2025-10-18 16:02:14.329][self$setPropertyValue] Setting property "urls" to "<NULL>".
biodb.DEBUG[2025-10-18 16:02:14.330][self$setPropertyValue] Notifying observers about URLs change.
biodb.DEBUG[2025-10-18 16:02:14.331][notifyObservers] Notify observers for notifyConnUrlsUpdated.
biodb.DEBUG[2025-10-18 16:02:14.332][self$setPropertyValue] Setting property "writable" to "TRUE".
biodb.DEBUG[2025-10-18 16:02:14.333][self$setPropertyValue] Setting property "xml.ns" to "<NULL>".
biodb.DEBUG[2025-10-18 16:02:14.338][self$getDbsInfo()$define] Define connector comp.sqlite.
biodb.DEBUG[2025-10-18 16:02:14.340][self$setPropertyValue] Setting property "compound.db" to "TRUE".
biodb.DEBUG[2025-10-18 16:02:14.341][self$setPropertyValue] Setting property "description" to "A connector to handle a compound database stored inside an SQLite file.".
biodb.DEBUG[2025-10-18 16:02:14.342][self$setPropertyValue] Setting property "disabled" to "FALSE".
biodb.DEBUG[2025-10-18 16:02:14.343][self$setPropertyValue] Setting property "disabling.reason" to "".
biodb.DEBUG[2025-10-18 16:02:14.343][self$setPropertyValue] Setting property "downloadable" to "FALSE".
biodb.DEBUG[2025-10-18 16:02:14.344][self$setPropertyValue] Setting property "dwnld.ext" to "NA".
biodb.DEBUG[2025-10-18 16:02:14.345][self$setPropertyValue] Setting property "editable" to "TRUE".
biodb.DEBUG[2025-10-18 16:02:14.346][self$setPropertyValue] Setting property "entry.content.encoding" to "NA".
biodb.DEBUG[2025-10-18 16:02:14.347][self$setPropertyValue] Setting property "entry.content.type" to "list".
biodb.DEBUG[2025-10-18 16:02:14.348][self$setPropertyValue] Setting property "matching.fields" to "c("peak.mztheo", "peak.mzexp")".
biodb.DEBUG[2025-10-18 16:02:14.349][self$setPropertyValue] Setting property "mass.db" to "FALSE".
biodb.DEBUG[2025-10-18 16:02:14.350][self$setPropertyValue] Setting property "name" to "Compound SQLite".
biodb.DEBUG[2025-10-18 16:02:14.351][self$setPropertyValue] Setting property "package" to "biodb".
biodb.DEBUG[2025-10-18 16:02:14.352][self$setPropertyValue] Setting property "parsing.expr" to "<NULL>".
biodb.DEBUG[2025-10-18 16:02:14.353][self$setPropertyValue] Setting property "remote" to "FALSE".
biodb.DEBUG[2025-10-18 16:02:14.354][self$setPropertyValue] Setting property "searchable.fields" to "name".
biodb.DEBUG[2025-10-18 16:02:14.354][self$setPropertyValue] Setting property "searchable.fields" to "monoisotopic.mass".
biodb.DEBUG[2025-10-18 16:02:14.354][self$setPropertyValue] Setting property "searchable.fields" to "molecular.mass".
biodb.DEBUG[2025-10-18 16:02:14.354][self$setPropertyValue] Setting property "searchable.fields" to "average.mass".
biodb.DEBUG[2025-10-18 16:02:14.354][self$setPropertyValue] Setting property "searchable.fields" to "nominal.mass".
biodb.DEBUG[2025-10-18 16:02:14.355][self$setPropertyValue] Setting property "scheduler.n" to "1".
biodb.DEBUG[2025-10-18 16:02:14.355][self$setPropertyValue] Notifying observers about frequency change.
biodb.DEBUG[2025-10-18 16:02:14.356][notifyObservers] Notify observers for notifyConnSchedulerFrequencyUpdated.
biodb.DEBUG[2025-10-18 16:02:14.357][self$setPropertyValue] Setting property "scheduler.t" to "1".
biodb.DEBUG[2025-10-18 16:02:14.358][self$setPropertyValue] Notifying observers about frequency change.
biodb.DEBUG[2025-10-18 16:02:14.359][notifyObservers] Notify observers for notifyConnSchedulerFrequencyUpdated.
biodb.DEBUG[2025-10-18 16:02:14.360][self$setPropertyValue] Setting property "token" to "NA".
biodb.DEBUG[2025-10-18 16:02:14.361][self$setPropertyValue] Setting property "urls" to "<NULL>".
biodb.DEBUG[2025-10-18 16:02:14.362][self$setPropertyValue] Notifying observers about URLs change.
biodb.DEBUG[2025-10-18 16:02:14.363][notifyObservers] Notify observers for notifyConnUrlsUpdated.
biodb.DEBUG[2025-10-18 16:02:14.363][self$setPropertyValue] Setting property "writable" to "TRUE".
biodb.DEBUG[2025-10-18 16:02:14.364][self$setPropertyValue] Setting property "xml.ns" to "<NULL>".
biodb.DEBUG[2025-10-18 16:02:14.365][self$getDbsInfo()$define] Define connector mass.csv.file.
biodb.DEBUG[2025-10-18 16:02:14.367][self$setPropertyValue] Setting property "compound.db" to "FALSE".
biodb.DEBUG[2025-10-18 16:02:14.368][self$setPropertyValue] Setting property "description" to "A connector to handle a mass spectra database stored inside a CSV file. It is possible to choose the separator for the CSV file, as well as match the column names with the biodb entry fields..".
biodb.DEBUG[2025-10-18 16:02:14.369][self$setPropertyValue] Setting property "disabled" to "FALSE".
biodb.DEBUG[2025-10-18 16:02:14.370][self$setPropertyValue] Setting property "disabling.reason" to "".
biodb.DEBUG[2025-10-18 16:02:14.371][self$setPropertyValue] Setting property "downloadable" to "FALSE".
biodb.DEBUG[2025-10-18 16:02:14.372][self$setPropertyValue] Setting property "dwnld.ext" to "NA".
biodb.DEBUG[2025-10-18 16:02:14.372][self$setPropertyValue] Setting property "editable" to "TRUE".
biodb.DEBUG[2025-10-18 16:02:14.373][self$setPropertyValue] Setting property "entry.content.encoding" to "NA".
biodb.DEBUG[2025-10-18 16:02:14.374][self$setPropertyValue] Setting property "entry.content.type" to "tsv".
biodb.DEBUG[2025-10-18 16:02:14.375][self$setPropertyValue] Setting property "matching.fields" to "c("peak.mztheo", "peak.mzexp")".
biodb.DEBUG[2025-10-18 16:02:14.376][self$setPropertyValue] Setting property "mass.db" to "TRUE".
biodb.DEBUG[2025-10-18 16:02:14.377][self$setPropertyValue] Setting property "name" to "Mass spectra CSV File".
biodb.DEBUG[2025-10-18 16:02:14.378][self$setPropertyValue] Setting property "package" to "biodb".
biodb.DEBUG[2025-10-18 16:02:14.379][self$setPropertyValue] Setting property "parsing.expr" to "<NULL>".
biodb.DEBUG[2025-10-18 16:02:14.380][self$setPropertyValue] Setting property "remote" to "FALSE".
biodb.DEBUG[2025-10-18 16:02:14.381][self$setPropertyValue] Setting property "searchable.fields" to "<NULL>".
biodb.DEBUG[2025-10-18 16:02:14.382][self$setPropertyValue] Setting property "scheduler.n" to "1".
biodb.DEBUG[2025-10-18 16:02:14.383][self$setPropertyValue] Notifying observers about frequency change.
biodb.DEBUG[2025-10-18 16:02:14.383][notifyObservers] Notify observers for notifyConnSchedulerFrequencyUpdated.
biodb.DEBUG[2025-10-18 16:02:14.384][self$setPropertyValue] Setting property "scheduler.t" to "1".
biodb.DEBUG[2025-10-18 16:02:14.385][self$setPropertyValue] Notifying observers about frequency change.
biodb.DEBUG[2025-10-18 16:02:14.386][notifyObservers] Notify observers for notifyConnSchedulerFrequencyUpdated.
biodb.DEBUG[2025-10-18 16:02:14.387][self$setPropertyValue] Setting property "token" to "NA".
biodb.DEBUG[2025-10-18 16:02:14.388][self$setPropertyValue] Setting property "urls" to "<NULL>".
biodb.DEBUG[2025-10-18 16:02:14.389][self$setPropertyValue] Notifying observers about URLs change.
biodb.DEBUG[2025-10-18 16:02:14.389][notifyObservers] Notify observers for notifyConnUrlsUpdated.
biodb.DEBUG[2025-10-18 16:02:14.390][self$setPropertyValue] Setting property "writable" to "TRUE".
biodb.DEBUG[2025-10-18 16:02:14.391][self$setPropertyValue] Setting property "xml.ns" to "<NULL>".
biodb.DEBUG[2025-10-18 16:02:14.392][self$getDbsInfo()$define] Define connector mass.sqlite.
biodb.DEBUG[2025-10-18 16:02:14.394][self$setPropertyValue] Setting property "compound.db" to "FALSE".
biodb.DEBUG[2025-10-18 16:02:14.395][self$setPropertyValue] Setting property "description" to "A connector to handle a mass spectra database stored inside an SQLite file.".
biodb.DEBUG[2025-10-18 16:02:14.396][self$setPropertyValue] Setting property "disabled" to "FALSE".
biodb.DEBUG[2025-10-18 16:02:14.397][self$setPropertyValue] Setting property "disabling.reason" to "".
biodb.DEBUG[2025-10-18 16:02:14.398][self$setPropertyValue] Setting property "downloadable" to "FALSE".
biodb.DEBUG[2025-10-18 16:02:14.399][self$setPropertyValue] Setting property "dwnld.ext" to "NA".
biodb.DEBUG[2025-10-18 16:02:14.399][self$setPropertyValue] Setting property "editable" to "TRUE".
biodb.DEBUG[2025-10-18 16:02:14.400][self$setPropertyValue] Setting property "entry.content.encoding" to "NA".
biodb.DEBUG[2025-10-18 16:02:14.401][self$setPropertyValue] Setting property "entry.content.type" to "list".
biodb.DEBUG[2025-10-18 16:02:14.402][self$setPropertyValue] Setting property "matching.fields" to "c("peak.mztheo", "peak.mzexp")".
biodb.DEBUG[2025-10-18 16:02:14.403][self$setPropertyValue] Setting property "mass.db" to "TRUE".
biodb.DEBUG[2025-10-18 16:02:14.404][self$setPropertyValue] Setting property "name" to "Mass spectra SQLite".
biodb.DEBUG[2025-10-18 16:02:14.405][self$setPropertyValue] Setting property "package" to "biodb".
biodb.DEBUG[2025-10-18 16:02:14.406][self$setPropertyValue] Setting property "parsing.expr" to "<NULL>".
biodb.DEBUG[2025-10-18 16:02:14.407][self$setPropertyValue] Setting property "remote" to "FALSE".
biodb.DEBUG[2025-10-18 16:02:14.408][self$setPropertyValue] Setting property "searchable.fields" to "<NULL>".
biodb.DEBUG[2025-10-18 16:02:14.409][self$setPropertyValue] Setting property "scheduler.n" to "1".
biodb.DEBUG[2025-10-18 16:02:14.410][self$setPropertyValue] Notifying observers about frequency change.
biodb.DEBUG[2025-10-18 16:02:14.410][notifyObservers] Notify observers for notifyConnSchedulerFrequencyUpdated.
biodb.DEBUG[2025-10-18 16:02:14.411][self$setPropertyValue] Setting property "scheduler.t" to "1".
biodb.DEBUG[2025-10-18 16:02:14.412][self$setPropertyValue] Notifying observers about frequency change.
biodb.DEBUG[2025-10-18 16:02:14.413][notifyObservers] Notify observers for notifyConnSchedulerFrequencyUpdated.
biodb.DEBUG[2025-10-18 16:02:14.414][self$setPropertyValue] Setting property "token" to "NA".
biodb.DEBUG[2025-10-18 16:02:14.415][self$setPropertyValue] Setting property "urls" to "<NULL>".
biodb.DEBUG[2025-10-18 16:02:14.416][self$setPropertyValue] Notifying observers about URLs change.
biodb.DEBUG[2025-10-18 16:02:14.416][notifyObservers] Notify observers for notifyConnUrlsUpdated.
biodb.DEBUG[2025-10-18 16:02:14.417][self$setPropertyValue] Setting property "writable" to "TRUE".
biodb.DEBUG[2025-10-18 16:02:14.418][self$setPropertyValue] Setting property "xml.ns" to "<NULL>".
biodb.DEBUG[2025-10-18 16:02:14.422][notifyObservers] Notify observers for notifyNewObservers.
biodb.DEBUG[2025-10-18 16:02:14.423][FUN] Trying to call function notifyNewObservers on observer BiodbConfig.
biodb.DEBUG[2025-10-18 16:02:14.423][FUN] Functions in observer BiodbConfig: [21]: ".__enclos_env__, clone, terminate, notifyNewObservers, define, getAssocEnvVar, listKeys, print, disable, enable, reset, set, get, isEnabled, isDefined, hasKey, getDefaultValue, getDescription, getTitle, getKeys, initialize".
biodb.DEBUG[2025-10-18 16:02:14.424][notifyObservers] Notify observers for notifyCfgUpdate.
biodb.DEBUG[2025-10-18 16:02:14.425][FUN] Trying to call function notifyCfgUpdate on observer BiodbEntryFields.
biodb.DEBUG[2025-10-18 16:02:14.426][FUN] Functions in observer BiodbEntryFields: [15]: ".__enclos_env__, clone, terminate, define, print, getDatabaseIdField, getFieldNames, get, getRealName, checkIsDefined, isDefined, formatName, isAlias, notifyCfgUpdate, initialize".
biodb.DEBUG[2025-10-18 16:02:14.427][FUN] Trying to call function notifyCfgUpdate on observer BiodbConfig.
biodb.DEBUG[2025-10-18 16:02:14.428][FUN] Functions in observer BiodbConfig: [21]: ".__enclos_env__, clone, terminate, notifyNewObservers, define, getAssocEnvVar, listKeys, print, disable, enable, reset, set, get, isEnabled, isDefined, hasKey, getDefaultValue, getDescription, getTitle, getKeys, initialize".
biodb.DEBUG[2025-10-18 16:02:14.428][notifyObservers] Notify observers for notifyCfgUpdate.
biodb.DEBUG[2025-10-18 16:02:14.429][FUN] Trying to call function notifyCfgUpdate on observer BiodbEntryFields.
biodb.DEBUG[2025-10-18 16:02:14.430][FUN] Functions in observer BiodbEntryFields: [15]: ".__enclos_env__, clone, terminate, define, print, getDatabaseIdField, getFieldNames, get, getRealName, checkIsDefined, isDefined, formatName, isAlias, notifyCfgUpdate, initialize".
biodb.DEBUG[2025-10-18 16:02:14.431][FUN] Trying to call function notifyCfgUpdate on observer BiodbConfig.
biodb.DEBUG[2025-10-18 16:02:14.432][FUN] Functions in observer BiodbConfig: [21]: ".__enclos_env__, clone, terminate, notifyNewObservers, define, getAssocEnvVar, listKeys, print, disable, enable, reset, set, get, isEnabled, isDefined, hasKey, getDefaultValue, getDescription, getTitle, getKeys, initialize".
biodb.DEBUG[2025-10-18 16:02:14.433][notifyObservers] Notify observers for notifyCfgUpdate.
biodb.DEBUG[2025-10-18 16:02:14.433][FUN] Trying to call function notifyCfgUpdate on observer BiodbEntryFields.
biodb.DEBUG[2025-10-18 16:02:14.434][FUN] Functions in observer BiodbEntryFields: [15]: ".__enclos_env__, clone, terminate, define, print, getDatabaseIdField, getFieldNames, get, getRealName, checkIsDefined, isDefined, formatName, isAlias, notifyCfgUpdate, initialize".
biodb.DEBUG[2025-10-18 16:02:14.435][FUN] Trying to call function notifyCfgUpdate on observer BiodbConfig.
biodb.DEBUG[2025-10-18 16:02:14.436][FUN] Functions in observer BiodbConfig: [21]: ".__enclos_env__, clone, terminate, notifyNewObservers, define, getAssocEnvVar, listKeys, print, disable, enable, reset, set, get, isEnabled, isDefined, hasKey, getDefaultValue, getDescription, getTitle, getKeys, initialize".
biodb.DEBUG[2025-10-18 16:02:14.437][notifyObservers] Notify observers for notifyCfgUpdate.
biodb.DEBUG[2025-10-18 16:02:14.437][FUN] Trying to call function notifyCfgUpdate on observer BiodbEntryFields.
biodb.DEBUG[2025-10-18 16:02:14.438][FUN] Functions in observer BiodbEntryFields: [15]: ".__enclos_env__, clone, terminate, define, print, getDatabaseIdField, getFieldNames, get, getRealName, checkIsDefined, isDefined, formatName, isAlias, notifyCfgUpdate, initialize".
biodb.DEBUG[2025-10-18 16:02:14.439][FUN] Trying to call function notifyCfgUpdate on observer BiodbConfig.
biodb.DEBUG[2025-10-18 16:02:14.440][FUN] Functions in observer BiodbConfig: [21]: ".__enclos_env__, clone, terminate, notifyNewObservers, define, getAssocEnvVar, listKeys, print, disable, enable, reset, set, get, isEnabled, isDefined, hasKey, getDefaultValue, getDescription, getTitle, getKeys, initialize".
biodb.DEBUG[2025-10-18 16:02:14.441][notifyObservers] Notify observers for notifyCfgUpdate.
biodb.DEBUG[2025-10-18 16:02:14.442][FUN] Trying to call function notifyCfgUpdate on observer BiodbEntryFields.
biodb.DEBUG[2025-10-18 16:02:14.442][FUN] Functions in observer BiodbEntryFields: [15]: ".__enclos_env__, clone, terminate, define, print, getDatabaseIdField, getFieldNames, get, getRealName, checkIsDefined, isDefined, formatName, isAlias, notifyCfgUpdate, initialize".
biodb.DEBUG[2025-10-18 16:02:14.443][FUN] Trying to call function notifyCfgUpdate on observer BiodbConfig.
biodb.DEBUG[2025-10-18 16:02:14.444][FUN] Functions in observer BiodbConfig: [21]: ".__enclos_env__, clone, terminate, notifyNewObservers, define, getAssocEnvVar, listKeys, print, disable, enable, reset, set, get, isEnabled, isDefined, hasKey, getDefaultValue, getDescription, getTitle, getKeys, initialize".
biodb.DEBUG[2025-10-18 16:02:14.445][notifyObservers] Notify observers for notifyCfgUpdate.
biodb.DEBUG[2025-10-18 16:02:14.446][FUN] Trying to call function notifyCfgUpdate on observer BiodbEntryFields.
biodb.DEBUG[2025-10-18 16:02:14.446][FUN] Functions in observer BiodbEntryFields: [15]: ".__enclos_env__, clone, terminate, define, print, getDatabaseIdField, getFieldNames, get, getRealName, checkIsDefined, isDefined, formatName, isAlias, notifyCfgUpdate, initialize".
biodb.DEBUG[2025-10-18 16:02:14.447][FUN] Trying to call function notifyCfgUpdate on observer BiodbConfig.
biodb.DEBUG[2025-10-18 16:02:14.448][FUN] Functions in observer BiodbConfig: [21]: ".__enclos_env__, clone, terminate, notifyNewObservers, define, getAssocEnvVar, listKeys, print, disable, enable, reset, set, get, isEnabled, isDefined, hasKey, getDefaultValue, getDescription, getTitle, getKeys, initialize".
biodb.DEBUG[2025-10-18 16:02:14.449][notifyObservers] Notify observers for notifyCfgUpdate.
biodb.DEBUG[2025-10-18 16:02:14.450][FUN] Trying to call function notifyCfgUpdate on observer BiodbEntryFields.
biodb.DEBUG[2025-10-18 16:02:14.451][FUN] Functions in observer BiodbEntryFields: [15]: ".__enclos_env__, clone, terminate, define, print, getDatabaseIdField, getFieldNames, get, getRealName, checkIsDefined, isDefined, formatName, isAlias, notifyCfgUpdate, initialize".
biodb.DEBUG[2025-10-18 16:02:14.451][FUN] Trying to call function notifyCfgUpdate on observer BiodbConfig.
biodb.DEBUG[2025-10-18 16:02:14.452][FUN] Functions in observer BiodbConfig: [21]: ".__enclos_env__, clone, terminate, notifyNewObservers, define, getAssocEnvVar, listKeys, print, disable, enable, reset, set, get, isEnabled, isDefined, hasKey, getDefaultValue, getDescription, getTitle, getKeys, initialize".
biodb.DEBUG[2025-10-18 16:02:14.453][notifyObservers] Notify observers for notifyCfgUpdate.
biodb.DEBUG[2025-10-18 16:02:14.454][FUN] Trying to call function notifyCfgUpdate on observer BiodbEntryFields.
biodb.DEBUG[2025-10-18 16:02:14.455][FUN] Functions in observer BiodbEntryFields: [15]: ".__enclos_env__, clone, terminate, define, print, getDatabaseIdField, getFieldNames, get, getRealName, checkIsDefined, isDefined, formatName, isAlias, notifyCfgUpdate, initialize".
biodb.DEBUG[2025-10-18 16:02:14.456][FUN] Trying to call function notifyCfgUpdate on observer BiodbConfig.
biodb.DEBUG[2025-10-18 16:02:14.456][FUN] Functions in observer BiodbConfig: [21]: ".__enclos_env__, clone, terminate, notifyNewObservers, define, getAssocEnvVar, listKeys, print, disable, enable, reset, set, get, isEnabled, isDefined, hasKey, getDefaultValue, getDescription, getTitle, getKeys, initialize".
biodb.DEBUG[2025-10-18 16:02:14.457][notifyObservers] Notify observers for notifyCfgUpdate.
biodb.DEBUG[2025-10-18 16:02:14.458][FUN] Trying to call function notifyCfgUpdate on observer BiodbEntryFields.
biodb.DEBUG[2025-10-18 16:02:14.459][FUN] Functions in observer BiodbEntryFields: [15]: ".__enclos_env__, clone, terminate, define, print, getDatabaseIdField, getFieldNames, get, getRealName, checkIsDefined, isDefined, formatName, isAlias, notifyCfgUpdate, initialize".
biodb.DEBUG[2025-10-18 16:02:14.460][FUN] Trying to call function notifyCfgUpdate on observer BiodbConfig.
biodb.DEBUG[2025-10-18 16:02:14.460][FUN] Functions in observer BiodbConfig: [21]: ".__enclos_env__, clone, terminate, notifyNewObservers, define, getAssocEnvVar, listKeys, print, disable, enable, reset, set, get, isEnabled, isDefined, hasKey, getDefaultValue, getDescription, getTitle, getKeys, initialize".
biodb.DEBUG[2025-10-18 16:02:14.461][notifyObservers] Notify observers for notifyCfgUpdate.
biodb.DEBUG[2025-10-18 16:02:14.462][FUN] Trying to call function notifyCfgUpdate on observer BiodbEntryFields.
biodb.DEBUG[2025-10-18 16:02:14.463][FUN] Functions in observer BiodbEntryFields: [15]: ".__enclos_env__, clone, terminate, define, print, getDatabaseIdField, getFieldNames, get, getRealName, checkIsDefined, isDefined, formatName, isAlias, notifyCfgUpdate, initialize".
biodb.DEBUG[2025-10-18 16:02:14.464][FUN] Trying to call function notifyCfgUpdate on observer BiodbConfig.
biodb.DEBUG[2025-10-18 16:02:14.465][FUN] Functions in observer BiodbConfig: [21]: ".__enclos_env__, clone, terminate, notifyNewObservers, define, getAssocEnvVar, listKeys, print, disable, enable, reset, set, get, isEnabled, isDefined, hasKey, getDefaultValue, getDescription, getTitle, getKeys, initialize".
biodb.DEBUG[2025-10-18 16:02:14.465][notifyObservers] Notify observers for notifyCfgUpdate.
biodb.DEBUG[2025-10-18 16:02:14.466][FUN] Trying to call function notifyCfgUpdate on observer BiodbEntryFields.
biodb.DEBUG[2025-10-18 16:02:14.467][FUN] Functions in observer BiodbEntryFields: [15]: ".__enclos_env__, clone, terminate, define, print, getDatabaseIdField, getFieldNames, get, getRealName, checkIsDefined, isDefined, formatName, isAlias, notifyCfgUpdate, initialize".
biodb.DEBUG[2025-10-18 16:02:14.468][FUN] Trying to call function notifyCfgUpdate on observer BiodbConfig.
biodb.DEBUG[2025-10-18 16:02:14.469][FUN] Functions in observer BiodbConfig: [21]: ".__enclos_env__, clone, terminate, notifyNewObservers, define, getAssocEnvVar, listKeys, print, disable, enable, reset, set, get, isEnabled, isDefined, hasKey, getDefaultValue, getDescription, getTitle, getKeys, initialize".
biodb.DEBUG[2025-10-18 16:02:14.470][notifyObservers] Notify observers for notifyCfgUpdate.
biodb.DEBUG[2025-10-18 16:02:14.470][FUN] Trying to call function notifyCfgUpdate on observer BiodbEntryFields.
biodb.DEBUG[2025-10-18 16:02:14.471][FUN] Functions in observer BiodbEntryFields: [15]: ".__enclos_env__, clone, terminate, define, print, getDatabaseIdField, getFieldNames, get, getRealName, checkIsDefined, isDefined, formatName, isAlias, notifyCfgUpdate, initialize".
biodb.DEBUG[2025-10-18 16:02:14.472][FUN] Trying to call function notifyCfgUpdate on observer BiodbConfig.
biodb.DEBUG[2025-10-18 16:02:14.473][FUN] Functions in observer BiodbConfig: [21]: ".__enclos_env__, clone, terminate, notifyNewObservers, define, getAssocEnvVar, listKeys, print, disable, enable, reset, set, get, isEnabled, isDefined, hasKey, getDefaultValue, getDescription, getTitle, getKeys, initialize".
biodb.DEBUG[2025-10-18 16:02:14.474][notifyObservers] Notify observers for notifyCfgUpdate.
biodb.DEBUG[2025-10-18 16:02:14.474][FUN] Trying to call function notifyCfgUpdate on observer BiodbEntryFields.
biodb.DEBUG[2025-10-18 16:02:14.475][FUN] Functions in observer BiodbEntryFields: [15]: ".__enclos_env__, clone, terminate, define, print, getDatabaseIdField, getFieldNames, get, getRealName, checkIsDefined, isDefined, formatName, isAlias, notifyCfgUpdate, initialize".
biodb.DEBUG[2025-10-18 16:02:14.476][FUN] Trying to call function notifyCfgUpdate on observer BiodbConfig.
biodb.DEBUG[2025-10-18 16:02:14.477][FUN] Functions in observer BiodbConfig: [21]: ".__enclos_env__, clone, terminate, notifyNewObservers, define, getAssocEnvVar, listKeys, print, disable, enable, reset, set, get, isEnabled, isDefined, hasKey, getDefaultValue, getDescription, getTitle, getKeys, initialize".
biodb.DEBUG[2025-10-18 16:02:14.478][notifyObservers] Notify observers for notifyCfgUpdate.
biodb.DEBUG[2025-10-18 16:02:14.479][FUN] Trying to call function notifyCfgUpdate on observer BiodbEntryFields.
biodb.DEBUG[2025-10-18 16:02:14.479][FUN] Functions in observer BiodbEntryFields: [15]: ".__enclos_env__, clone, terminate, define, print, getDatabaseIdField, getFieldNames, get, getRealName, checkIsDefined, isDefined, formatName, isAlias, notifyCfgUpdate, initialize".
biodb.DEBUG[2025-10-18 16:02:14.480][FUN] Trying to call function notifyCfgUpdate on observer BiodbConfig.
biodb.DEBUG[2025-10-18 16:02:14.481][FUN] Functions in observer BiodbConfig: [21]: ".__enclos_env__, clone, terminate, notifyNewObservers, define, getAssocEnvVar, listKeys, print, disable, enable, reset, set, get, isEnabled, isDefined, hasKey, getDefaultValue, getDescription, getTitle, getKeys, initialize".
biodb.DEBUG[2025-10-18 16:02:14.482][notifyObservers] Notify observers for notifyCfgUpdate.
biodb.DEBUG[2025-10-18 16:02:14.483][FUN] Trying to call function notifyCfgUpdate on observer BiodbEntryFields.
biodb.DEBUG[2025-10-18 16:02:14.483][FUN] Functions in observer BiodbEntryFields: [15]: ".__enclos_env__, clone, terminate, define, print, getDatabaseIdField, getFieldNames, get, getRealName, checkIsDefined, isDefined, formatName, isAlias, notifyCfgUpdate, initialize".
biodb.DEBUG[2025-10-18 16:02:14.484][FUN] Trying to call function notifyCfgUpdate on observer BiodbConfig.
biodb.DEBUG[2025-10-18 16:02:14.485][FUN] Functions in observer BiodbConfig: [21]: ".__enclos_env__, clone, terminate, notifyNewObservers, define, getAssocEnvVar, listKeys, print, disable, enable, reset, set, get, isEnabled, isDefined, hasKey, getDefaultValue, getDescription, getTitle, getKeys, initialize".
biodb.DEBUG[2025-10-18 16:02:14.486][notifyObservers] Notify observers for notifyCfgUpdate.
biodb.DEBUG[2025-10-18 16:02:14.491][FUN] Trying to call function notifyCfgUpdate on observer BiodbEntryFields.
biodb.DEBUG[2025-10-18 16:02:14.491][FUN] Functions in observer BiodbEntryFields: [15]: ".__enclos_env__, clone, terminate, define, print, getDatabaseIdField, getFieldNames, get, getRealName, checkIsDefined, isDefined, formatName, isAlias, notifyCfgUpdate, initialize".
biodb.DEBUG[2025-10-18 16:02:14.492][FUN] Trying to call function notifyCfgUpdate on observer BiodbConfig.
biodb.DEBUG[2025-10-18 16:02:14.493][FUN] Functions in observer BiodbConfig: [21]: ".__enclos_env__, clone, terminate, notifyNewObservers, define, getAssocEnvVar, listKeys, print, disable, enable, reset, set, get, isEnabled, isDefined, hasKey, getDefaultValue, getDescription, getTitle, getKeys, initialize".
biodb.DEBUG[2025-10-18 16:02:14.494][self$getEntryFields()$define] Define field accession.
biodb.DEBUG[2025-10-18 16:02:14.498][self$getEntryFields()$define] Define field description.
biodb.DEBUG[2025-10-18 16:02:14.500][self$getEntryFields()$define] Define field name.
biodb.DEBUG[2025-10-18 16:02:14.501][self$getEntryFields()$define] Define field cas.id.
biodb.DEBUG[2025-10-18 16:02:14.502][self$getEntryFields()$define] Define field chebi.id.
biodb.DEBUG[2025-10-18 16:02:14.503][self$getEntryFields()$define] Define field chemspider.id.
biodb.DEBUG[2025-10-18 16:02:14.505][self$getEntryFields()$define] Define field comp.csv.file.id.
biodb.DEBUG[2025-10-18 16:02:14.506][self$getEntryFields()$define] Define field comp.sqlite.id.
biodb.DEBUG[2025-10-18 16:02:14.507][self$getEntryFields()$define] Define field expasy.enzyme.id.
biodb.DEBUG[2025-10-18 16:02:14.509][self$getEntryFields()$define] Define field hmdb.metabolites.id.
biodb.DEBUG[2025-10-18 16:02:14.510][self$getEntryFields()$define] Define field kegg.compound.id.
biodb.DEBUG[2025-10-18 16:02:14.511][self$getEntryFields()$define] Define field kegg.genes.id.
biodb.DEBUG[2025-10-18 16:02:14.513][self$getEntryFields()$define] Define field mass.csv.file.id.
biodb.DEBUG[2025-10-18 16:02:14.514][self$getEntryFields()$define] Define field mass.sqlite.id.
biodb.DEBUG[2025-10-18 16:02:14.515][self$getEntryFields()$define] Define field ncbi.gene.id.
biodb.DEBUG[2025-10-18 16:02:14.517][self$getEntryFields()$define] Define field ncbi.pubchem.comp.id.
biodb.DEBUG[2025-10-18 16:02:14.527][self$getEntryFields()$define] Define field compound.id.
biodb.DEBUG[2025-10-18 16:02:14.529][self$getEntryFields()$define] Define field average.mass.
biodb.DEBUG[2025-10-18 16:02:14.531][self$getEntryFields()$define] Define field molecular.mass.
biodb.DEBUG[2025-10-18 16:02:14.532][self$getEntryFields()$define] Define field monoisotopic.mass.
biodb.DEBUG[2025-10-18 16:02:14.534][self$getEntryFields()$define] Define field nominal.mass.
biodb.DEBUG[2025-10-18 16:02:14.535][self$getEntryFields()$define] Define field peak.attr.
biodb.DEBUG[2025-10-18 16:02:14.537][self$getEntryFields()$define] Define field peak.comp.
biodb.DEBUG[2025-10-18 16:02:14.538][self$getEntryFields()$define] Define field peak.error.ppm.
biodb.DEBUG[2025-10-18 16:02:14.540][self$getEntryFields()$define] Define field peak.formula.
biodb.DEBUG[2025-10-18 16:02:14.541][self$getEntryFields()$define] Define field peak.intensity.
biodb.DEBUG[2025-10-18 16:02:14.543][self$getEntryFields()$define] Define field peak.mass.
biodb.DEBUG[2025-10-18 16:02:14.544][self$getEntryFields()$define] Define field peak.mztheo.
biodb.DEBUG[2025-10-18 16:02:14.546][self$getEntryFields()$define] Define field peak.mzexp.
biodb.DEBUG[2025-10-18 16:02:14.547][self$getEntryFields()$define] Define field peak.mz.
biodb.DEBUG[2025-10-18 16:02:14.549][self$getEntryFields()$define] Define field peak.relative.intensity.
biodb.DEBUG[2025-10-18 16:02:14.550][self$getEntryFields()$define] Define field peaks.
biodb.DEBUG[2025-10-18 16:02:14.552][self$getEntryFields()$define] Define field chrom.col.constructor.
biodb.DEBUG[2025-10-18 16:02:14.553][self$getEntryFields()$define] Define field chrom.col.diameter.
biodb.DEBUG[2025-10-18 16:02:14.555][self$getEntryFields()$define] Define field chrom.col.id.
biodb.DEBUG[2025-10-18 16:02:14.556][self$getEntryFields()$define] Define field chrom.col.length.
biodb.DEBUG[2025-10-18 16:02:14.557][self$getEntryFields()$define] Define field chrom.col.method.protocol.
biodb.DEBUG[2025-10-18 16:02:14.559][self$getEntryFields()$define] Define field chrom.col.name.
biodb.DEBUG[2025-10-18 16:02:14.560][self$getEntryFields()$define] Define field chrom.flow.gradient.
biodb.DEBUG[2025-10-18 16:02:14.562][self$getEntryFields()$define] Define field chrom.flow.rate.
biodb.DEBUG[2025-10-18 16:02:14.563][self$getEntryFields()$define] Define field chrom.rt.
biodb.DEBUG[2025-10-18 16:02:14.565][self$getEntryFields()$define] Define field chrom.rt.max.
biodb.DEBUG[2025-10-18 16:02:14.566][self$getEntryFields()$define] Define field chrom.rt.min.
biodb.DEBUG[2025-10-18 16:02:14.568][self$getEntryFields()$define] Define field chrom.rt.unit.
biodb.DEBUG[2025-10-18 16:02:14.569][self$getEntryFields()$define] Define field chrom.solvent.
biodb.DEBUG[2025-10-18 16:02:14.571][self$getEntryFields()$define] Define field aa.seq.
biodb.DEBUG[2025-10-18 16:02:14.572][self$getEntryFields()$define] Define field aa.seq.length.
biodb.DEBUG[2025-10-18 16:02:14.574][self$getEntryFields()$define] Define field aa.seq.location.
biodb.DEBUG[2025-10-18 16:02:14.575][self$getEntryFields()$define] Define field nt.seq.
biodb.DEBUG[2025-10-18 16:02:14.577][self$getEntryFields()$define] Define field nt.seq.length.
biodb.DEBUG[2025-10-18 16:02:14.578][self$getEntryFields()$define] Define field ec.
biodb.DEBUG[2025-10-18 16:02:14.579][self$getEntryFields()$define] Define field organism.
biodb.DEBUG[2025-10-18 16:02:14.581][self$getEntryFields()$define] Define field pathway.class.
biodb.DEBUG[2025-10-18 16:02:14.582][self$getEntryFields()$define] Define field catalytic.activity.
biodb.DEBUG[2025-10-18 16:02:14.584][self$getEntryFields()$define] Define field cofactor.
biodb.DEBUG[2025-10-18 16:02:14.585][self$getEntryFields()$define] Define field gene.symbol.
biodb.DEBUG[2025-10-18 16:02:14.587][self$getEntryFields()$define] Define field charge.
biodb.DEBUG[2025-10-18 16:02:14.588][self$getEntryFields()$define] Define field comp.iupac.name.allowed.
biodb.DEBUG[2025-10-18 16:02:14.590][self$getEntryFields()$define] Define field comp.iupac.name.cas.
biodb.DEBUG[2025-10-18 16:02:14.591][self$getEntryFields()$define] Define field comp.iupac.name.pref.
biodb.DEBUG[2025-10-18 16:02:14.593][self$getEntryFields()$define] Define field comp.iupac.name.syst.
biodb.DEBUG[2025-10-18 16:02:14.594][self$getEntryFields()$define] Define field comp.iupac.name.trad.
biodb.DEBUG[2025-10-18 16:02:14.595][self$getEntryFields()$define] Define field comp.super.class.
biodb.DEBUG[2025-10-18 16:02:14.597][self$getEntryFields()$define] Define field equation.
biodb.DEBUG[2025-10-18 16:02:14.598][self$getEntryFields()$define] Define field formula.
biodb.DEBUG[2025-10-18 16:02:14.600][self$getEntryFields()$define] Define field composition.
biodb.DEBUG[2025-10-18 16:02:14.601][self$getEntryFields()$define] Define field inchi.
biodb.DEBUG[2025-10-18 16:02:14.603][self$getEntryFields()$define] Define field inchikey.
biodb.DEBUG[2025-10-18 16:02:14.604][self$getEntryFields()$define] Define field logp.
biodb.DEBUG[2025-10-18 16:02:14.606][self$getEntryFields()$define] Define field ms.level.
biodb.DEBUG[2025-10-18 16:02:14.607][self$getEntryFields()$define] Define field ms.mode.
biodb.DEBUG[2025-10-18 16:02:14.608][self$getEntryFields()$define] Define field msdev.
biodb.DEBUG[2025-10-18 16:02:14.610][self$getEntryFields()$define] Define field msdevtype.
biodb.DEBUG[2025-10-18 16:02:14.611][self$getEntryFields()$define] Define field msprecannot.
biodb.DEBUG[2025-10-18 16:02:14.613][self$getEntryFields()$define] Define field msprecmz.
biodb.DEBUG[2025-10-18 16:02:14.614][self$getEntryFields()$define] Define field mstype.
biodb.DEBUG[2025-10-18 16:02:14.616][self$getEntryFields()$define] Define field nb.compounds.
biodb.DEBUG[2025-10-18 16:02:14.617][self$getEntryFields()$define] Define field nb.peaks.
biodb.DEBUG[2025-10-18 16:02:14.619][self$getEntryFields()$define] Define field products.
biodb.DEBUG[2025-10-18 16:02:14.620][self$getEntryFields()$define] Define field smiles.
biodb.DEBUG[2025-10-18 16:02:14.622][self$getEntryFields()$define] Define field smiles.canonical.
biodb.DEBUG[2025-10-18 16:02:14.623][self$getEntryFields()$define] Define field smiles.isomeric.
biodb.DEBUG[2025-10-18 16:02:14.624][self$getEntryFields()$define] Define field substrates.
biodb.DEBUG[2025-10-18 16:02:14.632][initialize] Created successfully new BiodbMain instance.
biodb.DEBUG[2025-10-18 16:02:14.634][initialize] This is biodb version 1.17.2.
biodb.DEBUG[2025-10-18 16:02:14.638][notifyObservers] Notify observers for notifyNewObservers.
biodb.DEBUG[2025-10-18 16:02:14.639][FUN] Trying to call function notifyNewObservers on observer BiodbEntryFields.
biodb.DEBUG[2025-10-18 16:02:14.640][FUN] Functions in observer BiodbEntryFields: [15]: ".__enclos_env__, clone, terminate, define, print, getDatabaseIdField, getFieldNames, get, getRealName, checkIsDefined, isDefined, formatName, isAlias, notifyCfgUpdate, initialize".
biodb.DEBUG[2025-10-18 16:02:14.641][FUN] Trying to call function notifyNewObservers on observer BiodbConfig.
biodb.DEBUG[2025-10-18 16:02:14.642][FUN] Functions in observer BiodbConfig: [21]: ".__enclos_env__, clone, terminate, notifyNewObservers, define, getAssocEnvVar, listKeys, print, disable, enable, reset, set, get, isEnabled, isDefined, hasKey, getDefaultValue, getDescription, getTitle, getKeys, initialize".
biodb.DEBUG[2025-10-18 16:02:14.647][notifyObservers] Notify observers for notifyCfgUpdate.
biodb.DEBUG[2025-10-18 16:02:14.648][FUN] Trying to call function notifyCfgUpdate on observer BiodbTestMsgAck.
biodb.DEBUG[2025-10-18 16:02:14.649][FUN] Functions in observer BiodbTestMsgAck: [4]: ".__enclos_env__, clone, notifyProgress, initialize".
biodb.DEBUG[2025-10-18 16:02:14.650][FUN] Trying to call function notifyCfgUpdate on observer BiodbEntryFields.
biodb.DEBUG[2025-10-18 16:02:14.651][FUN] Functions in observer BiodbEntryFields: [15]: ".__enclos_env__, clone, terminate, define, print, getDatabaseIdField, getFieldNames, get, getRealName, checkIsDefined, isDefined, formatName, isAlias, notifyCfgUpdate, initialize".
biodb.DEBUG[2025-10-18 16:02:14.651][FUN] Trying to call function notifyCfgUpdate on observer BiodbConfig.
biodb.DEBUG[2025-10-18 16:02:14.652][FUN] Functions in observer BiodbConfig: [21]: ".__enclos_env__, clone, terminate, notifyNewObservers, define, getAssocEnvVar, listKeys, print, disable, enable, reset, set, get, isEnabled, isDefined, hasKey, getDefaultValue, getDescription, getTitle, getKeys, initialize".
biodb.DEBUG[2025-10-18 16:02:14.653][notifyObservers] Notify observers for notifyCfgUpdate.
biodb.DEBUG[2025-10-18 16:02:14.654][FUN] Trying to call function notifyCfgUpdate on observer BiodbTestMsgAck.
biodb.DEBUG[2025-10-18 16:02:14.655][FUN] Functions in observer BiodbTestMsgAck: [4]: ".__enclos_env__, clone, notifyProgress, initialize".
biodb.DEBUG[2025-10-18 16:02:14.656][FUN] Trying to call function notifyCfgUpdate on observer BiodbEntryFields.
biodb.DEBUG[2025-10-18 16:02:14.657][FUN] Functions in observer BiodbEntryFields: [15]: ".__enclos_env__, clone, terminate, define, print, getDatabaseIdField, getFieldNames, get, getRealName, checkIsDefined, isDefined, formatName, isAlias, notifyCfgUpdate, initialize".
biodb.DEBUG[2025-10-18 16:02:14.658][FUN] Trying to call function notifyCfgUpdate on observer BiodbConfig.
biodb.DEBUG[2025-10-18 16:02:14.659][FUN] Functions in observer BiodbConfig: [21]: ".__enclos_env__, clone, terminate, notifyNewObservers, define, getAssocEnvVar, listKeys, print, disable, enable, reset, set, get, isEnabled, isDefined, hasKey, getDefaultValue, getDescription, getTitle, getKeys, initialize".
biodb.DEBUG[2025-10-18 16:02:14.660][notifyObservers] Notify observers for notifyCfgUpdate.
biodb.DEBUG[2025-10-18 16:02:14.661][FUN] Trying to call function notifyCfgUpdate on observer BiodbTestMsgAck.
biodb.DEBUG[2025-10-18 16:02:14.662][FUN] Functions in observer BiodbTestMsgAck: [4]: ".__enclos_env__, clone, notifyProgress, initialize".
biodb.DEBUG[2025-10-18 16:02:14.662][FUN] Trying to call function notifyCfgUpdate on observer BiodbEntryFields.
biodb.DEBUG[2025-10-18 16:02:14.679][FUN] Functions in observer BiodbEntryFields: [15]: ".__enclos_env__, clone, terminate, define, print, getDatabaseIdField, getFieldNames, get, getRealName, checkIsDefined, isDefined, formatName, isAlias, notifyCfgUpdate, initialize".
biodb.DEBUG[2025-10-18 16:02:14.679][FUN] Trying to call function notifyCfgUpdate on observer BiodbConfig.
biodb.DEBUG[2025-10-18 16:02:14.680][FUN] Functions in observer BiodbConfig: [21]: ".__enclos_env__, clone, terminate, notifyNewObservers, define, getAssocEnvVar, listKeys, print, disable, enable, reset, set, get, isEnabled, isDefined, hasKey, getDefaultValue, getDescription, getTitle, getKeys, initialize".
biodb.DEBUG[2025-10-18 16:02:14.681][notifyObservers] Notify observers for notifyCfgUpdate.
biodb.DEBUG[2025-10-18 16:02:14.682][FUN] Trying to call function notifyCfgUpdate on observer BiodbTestMsgAck.
biodb.DEBUG[2025-10-18 16:02:14.683][FUN] Functions in observer BiodbTestMsgAck: [4]: ".__enclos_env__, clone, notifyProgress, initialize".
biodb.DEBUG[2025-10-18 16:02:14.684][FUN] Trying to call function notifyCfgUpdate on observer BiodbEntryFields.
biodb.DEBUG[2025-10-18 16:02:14.685][FUN] Functions in observer BiodbEntryFields: [15]: ".__enclos_env__, clone, terminate, define, print, getDatabaseIdField, getFieldNames, get, getRealName, checkIsDefined, isDefined, formatName, isAlias, notifyCfgUpdate, initialize".
biodb.DEBUG[2025-10-18 16:02:14.686][FUN] Trying to call function notifyCfgUpdate on observer BiodbConfig.
biodb.DEBUG[2025-10-18 16:02:14.687][FUN] Functions in observer BiodbConfig: [21]: ".__enclos_env__, clone, terminate, notifyNewObservers, define, getAssocEnvVar, listKeys, print, disable, enable, reset, set, get, isEnabled, isDefined, hasKey, getDefaultValue, getDescription, getTitle, getKeys, initialize".
biodb.DEBUG[2025-10-18 16:02:14.688][notifyObservers] Notify observers for notifyCfgUpdate.
biodb.DEBUG[2025-10-18 16:02:14.689][FUN] Trying to call function notifyCfgUpdate on observer BiodbTestMsgAck.
biodb.DEBUG[2025-10-18 16:02:14.690][FUN] Functions in observer BiodbTestMsgAck: [4]: ".__enclos_env__, clone, notifyProgress, initialize".
biodb.DEBUG[2025-10-18 16:02:14.690][FUN] Trying to call function notifyCfgUpdate on observer BiodbEntryFields.
biodb.DEBUG[2025-10-18 16:02:14.691][FUN] Functions in observer BiodbEntryFields: [15]: ".__enclos_env__, clone, terminate, define, print, getDatabaseIdField, getFieldNames, get, getRealName, checkIsDefined, isDefined, formatName, isAlias, notifyCfgUpdate, initialize".
biodb.DEBUG[2025-10-18 16:02:14.692][FUN] Trying to call function notifyCfgUpdate on observer BiodbConfig.
biodb.DEBUG[2025-10-18 16:02:14.693][FUN] Functions in observer BiodbConfig: [21]: ".__enclos_env__, clone, terminate, notifyNewObservers, define, getAssocEnvVar, listKeys, print, disable, enable, reset, set, get, isEnabled, isDefined, hasKey, getDefaultValue, getDescription, getTitle, getKeys, initialize".
biodb.DEBUG[2025-10-18 16:02:14.694][notifyObservers] Notify observers for notifyCfgUpdate.
biodb.DEBUG[2025-10-18 16:02:14.695][FUN] Trying to call function notifyCfgUpdate on observer BiodbTestMsgAck.
biodb.DEBUG[2025-10-18 16:02:14.696][FUN] Functions in observer BiodbTestMsgAck: [4]: ".__enclos_env__, clone, notifyProgress, initialize".
biodb.DEBUG[2025-10-18 16:02:14.697][FUN] Trying to call function notifyCfgUpdate on observer BiodbEntryFields.
biodb.DEBUG[2025-10-18 16:02:14.698][FUN] Functions in observer BiodbEntryFields: [15]: ".__enclos_env__, clone, terminate, define, print, getDatabaseIdField, getFieldNames, get, getRealName, checkIsDefined, isDefined, formatName, isAlias, notifyCfgUpdate, initialize".
biodb.DEBUG[2025-10-18 16:02:14.699][FUN] Trying to call function notifyCfgUpdate on observer BiodbConfig.
biodb.DEBUG[2025-10-18 16:02:14.700][FUN] Functions in observer BiodbConfig: [21]: ".__enclos_env__, clone, terminate, notifyNewObservers, define, getAssocEnvVar, listKeys, print, disable, enable, reset, set, get, isEnabled, isDefined, hasKey, getDefaultValue, getDescription, getTitle, getKeys, initialize".
biodb.DEBUG[2025-10-18 16:02:14.701][notifyObservers] Notify observers for notifyCfgUpdate.
biodb.DEBUG[2025-10-18 16:02:14.702][FUN] Trying to call function notifyCfgUpdate on observer BiodbTestMsgAck.
biodb.DEBUG[2025-10-18 16:02:14.703][FUN] Functions in observer BiodbTestMsgAck: [4]: ".__enclos_env__, clone, notifyProgress, initialize".
biodb.DEBUG[2025-10-18 16:02:14.704][FUN] Trying to call function notifyCfgUpdate on observer BiodbEntryFields.
biodb.DEBUG[2025-10-18 16:02:14.705][FUN] Functions in observer BiodbEntryFields: [15]: ".__enclos_env__, clone, terminate, define, print, getDatabaseIdField, getFieldNames, get, getRealName, checkIsDefined, isDefined, formatName, isAlias, notifyCfgUpdate, initialize".
biodb.DEBUG[2025-10-18 16:02:14.705][FUN] Trying to call function notifyCfgUpdate on observer BiodbConfig.
biodb.DEBUG[2025-10-18 16:02:14.706][FUN] Functions in observer BiodbConfig: [21]: ".__enclos_env__, clone, terminate, notifyNewObservers, define, getAssocEnvVar, listKeys, print, disable, enable, reset, set, get, isEnabled, isDefined, hasKey, getDefaultValue, getDescription, getTitle, getKeys, initialize".
biodb.DEBUG[2025-10-18 16:02:14.707][notifyObservers] Notify observers for notifyCfgUpdate.
biodb.DEBUG[2025-10-18 16:02:14.708][FUN] Trying to call function notifyCfgUpdate on observer BiodbTestMsgAck.
biodb.DEBUG[2025-10-18 16:02:14.709][FUN] Functions in observer BiodbTestMsgAck: [4]: ".__enclos_env__, clone, notifyProgress, initialize".
biodb.DEBUG[2025-10-18 16:02:14.710][FUN] Trying to call function notifyCfgUpdate on observer BiodbEntryFields.
biodb.DEBUG[2025-10-18 16:02:14.710][FUN] Functions in observer BiodbEntryFields: [15]: ".__enclos_env__, clone, terminate, define, print, getDatabaseIdField, getFieldNames, get, getRealName, checkIsDefined, isDefined, formatName, isAlias, notifyCfgUpdate, initialize".
biodb.DEBUG[2025-10-18 16:02:14.711][FUN] Trying to call function notifyCfgUpdate on observer BiodbConfig.
biodb.DEBUG[2025-10-18 16:02:14.712][FUN] Functions in observer BiodbConfig: [21]: ".__enclos_env__, clone, terminate, notifyNewObservers, define, getAssocEnvVar, listKeys, print, disable, enable, reset, set, get, isEnabled, isDefined, hasKey, getDefaultValue, getDescription, getTitle, getKeys, initialize".
biodb.DEBUG[2025-10-18 16:02:14.713][notifyObservers] Notify observers for notifyCfgUpdate.
biodb.DEBUG[2025-10-18 16:02:14.714][FUN] Trying to call function notifyCfgUpdate on observer BiodbTestMsgAck.
biodb.DEBUG[2025-10-18 16:02:14.714][FUN] Functions in observer BiodbTestMsgAck: [4]: ".__enclos_env__, clone, notifyProgress, initialize".
biodb.DEBUG[2025-10-18 16:02:14.715][FUN] Trying to call function notifyCfgUpdate on observer BiodbEntryFields.
biodb.DEBUG[2025-10-18 16:02:14.716][FUN] Functions in observer BiodbEntryFields: [15]: ".__enclos_env__, clone, terminate, define, print, getDatabaseIdField, getFieldNames, get, getRealName, checkIsDefined, isDefined, formatName, isAlias, notifyCfgUpdate, initialize".
biodb.DEBUG[2025-10-18 16:02:14.717][FUN] Trying to call function notifyCfgUpdate on observer BiodbConfig.
biodb.DEBUG[2025-10-18 16:02:14.718][FUN] Functions in observer BiodbConfig: [21]: ".__enclos_env__, clone, terminate, notifyNewObservers, define, getAssocEnvVar, listKeys, print, disable, enable, reset, set, get, isEnabled, isDefined, hasKey, getDefaultValue, getDescription, getTitle, getKeys, initialize".
biodb.DEBUG[2025-10-18 16:02:14.719][notifyObservers] Notify observers for notifyCfgUpdate.
biodb.DEBUG[2025-10-18 16:02:14.719][FUN] Trying to call function notifyCfgUpdate on observer BiodbTestMsgAck.
biodb.DEBUG[2025-10-18 16:02:14.720][FUN] Functions in observer BiodbTestMsgAck: [4]: ".__enclos_env__, clone, notifyProgress, initialize".
biodb.DEBUG[2025-10-18 16:02:14.721][FUN] Trying to call function notifyCfgUpdate on observer BiodbEntryFields.
biodb.DEBUG[2025-10-18 16:02:14.722][FUN] Functions in observer BiodbEntryFields: [15]: ".__enclos_env__, clone, terminate, define, print, getDatabaseIdField, getFieldNames, get, getRealName, checkIsDefined, isDefined, formatName, isAlias, notifyCfgUpdate, initialize".
biodb.DEBUG[2025-10-18 16:02:14.723][FUN] Trying to call function notifyCfgUpdate on observer BiodbConfig.
biodb.DEBUG[2025-10-18 16:02:14.724][FUN] Functions in observer BiodbConfig: [21]: ".__enclos_env__, clone, terminate, notifyNewObservers, define, getAssocEnvVar, listKeys, print, disable, enable, reset, set, get, isEnabled, isDefined, hasKey, getDefaultValue, getDescription, getTitle, getKeys, initialize".
biodb.DEBUG[2025-10-18 16:02:14.724][notifyObservers] Notify observers for notifyCfgUpdate.
biodb.DEBUG[2025-10-18 16:02:14.725][FUN] Trying to call function notifyCfgUpdate on observer BiodbTestMsgAck.
biodb.DEBUG[2025-10-18 16:02:14.726][FUN] Functions in observer BiodbTestMsgAck: [4]: ".__enclos_env__, clone, notifyProgress, initialize".
biodb.DEBUG[2025-10-18 16:02:14.727][FUN] Trying to call function notifyCfgUpdate on observer BiodbEntryFields.
biodb.DEBUG[2025-10-18 16:02:14.728][FUN] Functions in observer BiodbEntryFields: [15]: ".__enclos_env__, clone, terminate, define, print, getDatabaseIdField, getFieldNames, get, getRealName, checkIsDefined, isDefined, formatName, isAlias, notifyCfgUpdate, initialize".
biodb.DEBUG[2025-10-18 16:02:14.728][FUN] Trying to call function notifyCfgUpdate on observer BiodbConfig.
biodb.DEBUG[2025-10-18 16:02:14.729][FUN] Functions in observer BiodbConfig: [21]: ".__enclos_env__, clone, terminate, notifyNewObservers, define, getAssocEnvVar, listKeys, print, disable, enable, reset, set, get, isEnabled, isDefined, hasKey, getDefaultValue, getDescription, getTitle, getKeys, initialize".
biodb.DEBUG[2025-10-18 16:02:14.730][notifyObservers] Notify observers for notifyCfgUpdate.
biodb.DEBUG[2025-10-18 16:02:14.731][FUN] Trying to call function notifyCfgUpdate on observer BiodbTestMsgAck.
biodb.DEBUG[2025-10-18 16:02:14.732][FUN] Functions in observer BiodbTestMsgAck: [4]: ".__enclos_env__, clone, notifyProgress, initialize".
biodb.DEBUG[2025-10-18 16:02:14.732][FUN] Trying to call function notifyCfgUpdate on observer BiodbEntryFields.
biodb.DEBUG[2025-10-18 16:02:14.733][FUN] Functions in observer BiodbEntryFields: [15]: ".__enclos_env__, clone, terminate, define, print, getDatabaseIdField, getFieldNames, get, getRealName, checkIsDefined, isDefined, formatName, isAlias, notifyCfgUpdate, initialize".
biodb.DEBUG[2025-10-18 16:02:14.734][FUN] Trying to call function notifyCfgUpdate on observer BiodbConfig.
biodb.DEBUG[2025-10-18 16:02:14.735][FUN] Functions in observer BiodbConfig: [21]: ".__enclos_env__, clone, terminate, notifyNewObservers, define, getAssocEnvVar, listKeys, print, disable, enable, reset, set, get, isEnabled, isDefined, hasKey, getDefaultValue, getDescription, getTitle, getKeys, initialize".
biodb.DEBUG[2025-10-18 16:02:14.736][notifyObservers] Notify observers for notifyCfgUpdate.
biodb.DEBUG[2025-10-18 16:02:14.737][FUN] Trying to call function notifyCfgUpdate on observer BiodbTestMsgAck.
biodb.DEBUG[2025-10-18 16:02:14.737][FUN] Functions in observer BiodbTestMsgAck: [4]: ".__enclos_env__, clone, notifyProgress, initialize".
biodb.DEBUG[2025-10-18 16:02:14.738][FUN] Trying to call function notifyCfgUpdate on observer BiodbEntryFields.
biodb.DEBUG[2025-10-18 16:02:14.739][FUN] Functions in observer BiodbEntryFields: [15]: ".__enclos_env__, clone, terminate, define, print, getDatabaseIdField, getFieldNames, get, getRealName, checkIsDefined, isDefined, formatName, isAlias, notifyCfgUpdate, initialize".
biodb.DEBUG[2025-10-18 16:02:14.740][FUN] Trying to call function notifyCfgUpdate on observer BiodbConfig.
biodb.DEBUG[2025-10-18 16:02:14.741][FUN] Functions in observer BiodbConfig: [21]: ".__enclos_env__, clone, terminate, notifyNewObservers, define, getAssocEnvVar, listKeys, print, disable, enable, reset, set, get, isEnabled, isDefined, hasKey, getDefaultValue, getDescription, getTitle, getKeys, initialize".
biodb.DEBUG[2025-10-18 16:02:14.742][notifyObservers] Notify observers for notifyCfgUpdate.
biodb.DEBUG[2025-10-18 16:02:14.742][FUN] Trying to call function notifyCfgUpdate on observer BiodbTestMsgAck.
biodb.DEBUG[2025-10-18 16:02:14.743][FUN] Functions in observer BiodbTestMsgAck: [4]: ".__enclos_env__, clone, notifyProgress, initialize".
biodb.DEBUG[2025-10-18 16:02:14.744][FUN] Trying to call function notifyCfgUpdate on observer BiodbEntryFields.
biodb.DEBUG[2025-10-18 16:02:14.745][FUN] Functions in observer BiodbEntryFields: [15]: ".__enclos_env__, clone, terminate, define, print, getDatabaseIdField, getFieldNames, get, getRealName, checkIsDefined, isDefined, formatName, isAlias, notifyCfgUpdate, initialize".
biodb.DEBUG[2025-10-18 16:02:14.746][FUN] Trying to call function notifyCfgUpdate on observer BiodbConfig.
biodb.DEBUG[2025-10-18 16:02:14.747][FUN] Functions in observer BiodbConfig: [21]: ".__enclos_env__, clone, terminate, notifyNewObservers, define, getAssocEnvVar, listKeys, print, disable, enable, reset, set, get, isEnabled, isDefined, hasKey, getDefaultValue, getDescription, getTitle, getKeys, initialize".
biodb.DEBUG[2025-10-18 16:02:14.747][notifyObservers] Notify observers for notifyCfgUpdate.
biodb.DEBUG[2025-10-18 16:02:14.748][FUN] Trying to call function notifyCfgUpdate on observer BiodbTestMsgAck.
biodb.DEBUG[2025-10-18 16:02:14.749][FUN] Functions in observer BiodbTestMsgAck: [4]: ".__enclos_env__, clone, notifyProgress, initialize".
biodb.DEBUG[2025-10-18 16:02:14.750][FUN] Trying to call function notifyCfgUpdate on observer BiodbEntryFields.
biodb.DEBUG[2025-10-18 16:02:14.751][FUN] Functions in observer BiodbEntryFields: [15]: ".__enclos_env__, clone, terminate, define, print, getDatabaseIdField, getFieldNames, get, getRealName, checkIsDefined, isDefined, formatName, isAlias, notifyCfgUpdate, initialize".
biodb.DEBUG[2025-10-18 16:02:14.751][FUN] Trying to call function notifyCfgUpdate on observer BiodbConfig.
biodb.DEBUG[2025-10-18 16:02:14.752][FUN] Functions in observer BiodbConfig: [21]: ".__enclos_env__, clone, terminate, notifyNewObservers, define, getAssocEnvVar, listKeys, print, disable, enable, reset, set, get, isEnabled, isDefined, hasKey, getDefaultValue, getDescription, getTitle, getKeys, initialize".
biodb.DEBUG[2025-10-18 16:02:14.753][notifyObservers] Notify observers for notifyCfgUpdate.
biodb.DEBUG[2025-10-18 16:02:14.754][FUN] Trying to call function notifyCfgUpdate on observer BiodbTestMsgAck.
biodb.DEBUG[2025-10-18 16:02:14.755][FUN] Functions in observer BiodbTestMsgAck: [4]: ".__enclos_env__, clone, notifyProgress, initialize".
biodb.DEBUG[2025-10-18 16:02:14.756][FUN] Trying to call function notifyCfgUpdate on observer BiodbEntryFields.
biodb.DEBUG[2025-10-18 16:02:14.756][FUN] Functions in observer BiodbEntryFields: [15]: ".__enclos_env__, clone, terminate, define, print, getDatabaseIdField, getFieldNames, get, getRealName, checkIsDefined, isDefined, formatName, isAlias, notifyCfgUpdate, initialize".
biodb.DEBUG[2025-10-18 16:02:14.757][FUN] Trying to call function notifyCfgUpdate on observer BiodbConfig.
biodb.DEBUG[2025-10-18 16:02:14.758][FUN] Functions in observer BiodbConfig: [21]: ".__enclos_env__, clone, terminate, notifyNewObservers, define, getAssocEnvVar, listKeys, print, disable, enable, reset, set, get, isEnabled, isDefined, hasKey, getDefaultValue, getDescription, getTitle, getKeys, initialize".
biodb.WARN [2025-10-18 16:02:14.759][private$checkKey] Key persistent.cache.impl is deprecated. Persistent cache is now handled by the fscache CRAN package. This field is now useless.
biodb.WARN [2025-10-18 16:02:14.768][private$checkKey] Key persistent.cache.impl is deprecated. Persistent cache is now handled by the fscache CRAN package. This field is now useless.
biodb.DEBUG[2025-10-18 16:02:14.781][biodb$getConfig()$set] Set key persistent.cache.impl to "custom".
biodb.DEBUG[2025-10-18 16:02:14.782][notifyObservers] Notify observers for notifyCfgUpdate.
biodb.DEBUG[2025-10-18 16:02:14.783][FUN] Trying to call function notifyCfgUpdate on observer BiodbTestMsgAck.
biodb.DEBUG[2025-10-18 16:02:14.783][FUN] Functions in observer BiodbTestMsgAck: [4]: ".__enclos_env__, clone, notifyProgress, initialize".
biodb.DEBUG[2025-10-18 16:02:14.784][FUN] Trying to call function notifyCfgUpdate on observer BiodbEntryFields.
biodb.DEBUG[2025-10-18 16:02:14.785][FUN] Functions in observer BiodbEntryFields: [15]: ".__enclos_env__, clone, terminate, define, print, getDatabaseIdField, getFieldNames, get, getRealName, checkIsDefined, isDefined, formatName, isAlias, notifyCfgUpdate, initialize".
biodb.DEBUG[2025-10-18 16:02:14.786][FUN] Trying to call function notifyCfgUpdate on observer BiodbConfig.
biodb.DEBUG[2025-10-18 16:02:14.787][FUN] Functions in observer BiodbConfig: [21]: ".__enclos_env__, clone, terminate, notifyNewObservers, define, getAssocEnvVar, listKeys, print, disable, enable, reset, set, get, isEnabled, isDefined, hasKey, getDefaultValue, getDescription, getTitle, getKeys, initialize".
biodb.DEBUG[2025-10-18 16:02:14.788][biodb$loadDefinitions] Load definitions from file "/home/biocbuild/bbs-3.22-bioc-longtests/meat/biodbHmdb.Rcheck/biodbHmdb/definitions.yml".
biodb.DEBUG[2025-10-18 16:02:14.797][self$getDbsInfo()$define] Define connector hmdb.metabolites.
biodb.DEBUG[2025-10-18 16:02:14.799][self$setPropertyValue] Setting property "compound.db" to "TRUE".
biodb.DEBUG[2025-10-18 16:02:14.800][self$setPropertyValue] Setting property "description" to "NA".
biodb.DEBUG[2025-10-18 16:02:14.801][self$setPropertyValue] Setting property "disabled" to "FALSE".
biodb.DEBUG[2025-10-18 16:02:14.802][self$setPropertyValue] Setting property "disabling.reason" to "".
biodb.DEBUG[2025-10-18 16:02:14.803][self$setPropertyValue] Setting property "downloadable" to "TRUE".
biodb.DEBUG[2025-10-18 16:02:14.803][self$setPropertyValue] Setting property "dwnld.ext" to "zip".
biodb.DEBUG[2025-10-18 16:02:14.804][self$setPropertyValue] Setting property "editable" to "FALSE".
biodb.DEBUG[2025-10-18 16:02:14.805][self$setPropertyValue] Setting property "entry.content.encoding" to "NA".
biodb.DEBUG[2025-10-18 16:02:14.806][self$setPropertyValue] Setting property "entry.content.type" to "xml".
biodb.DEBUG[2025-10-18 16:02:14.807][self$setPropertyValue] Setting property "matching.fields" to "c("peak.mztheo", "peak.mzexp")".
biodb.DEBUG[2025-10-18 16:02:14.808][self$setPropertyValue] Setting property "mass.db" to "FALSE".
biodb.DEBUG[2025-10-18 16:02:14.809][self$setPropertyValue] Setting property "name" to "HMDB Metabolites".
biodb.DEBUG[2025-10-18 16:02:14.810][self$setPropertyValue] Setting property "package" to "biodb".
biodb.DEBUG[2025-10-18 16:02:14.811][self$setPropertyValue] Setting property "parsing.expr" to "/metabolite/accession".
biodb.DEBUG[2025-10-18 16:02:14.811][self$setPropertyValue] Setting property "parsing.expr" to "/metabolite/secondary_accessions/accession".
biodb.DEBUG[2025-10-18 16:02:14.811][self$setPropertyValue] Setting property "parsing.expr" to "//average_molecular_weight".
biodb.DEBUG[2025-10-18 16:02:14.811][self$setPropertyValue] Setting property "parsing.expr" to "//cas_registry_number".
biodb.DEBUG[2025-10-18 16:02:14.811][self$setPropertyValue] Setting property "parsing.expr" to "//chebi_id".
biodb.DEBUG[2025-10-18 16:02:14.811][self$setPropertyValue] Setting property "parsing.expr" to "//chemspider_id".
biodb.DEBUG[2025-10-18 16:02:14.811][self$setPropertyValue] Setting property "parsing.expr" to "//kegg_id".
biodb.DEBUG[2025-10-18 16:02:14.811][self$setPropertyValue] Setting property "parsing.expr" to "//pubchem_compound_id".
biodb.DEBUG[2025-10-18 16:02:14.811][self$setPropertyValue] Setting property "parsing.expr" to "//iupac_name".
biodb.DEBUG[2025-10-18 16:02:14.811][self$setPropertyValue] Setting property "parsing.expr" to "//traditional_iupac".
biodb.DEBUG[2025-10-18 16:02:14.811][self$setPropertyValue] Setting property "parsing.expr" to "/metabolite/chemical_formula".
biodb.DEBUG[2025-10-18 16:02:14.811][self$setPropertyValue] Setting property "parsing.expr" to "//inchi".
biodb.DEBUG[2025-10-18 16:02:14.811][self$setPropertyValue] Setting property "parsing.expr" to "//inchikey".
biodb.DEBUG[2025-10-18 16:02:14.811][self$setPropertyValue] Setting property "parsing.expr" to "//monisotopic_molecular_weight".
biodb.DEBUG[2025-10-18 16:02:14.811][self$setPropertyValue] Setting property "parsing.expr" to "/metabolite/name".
biodb.DEBUG[2025-10-18 16:02:14.811][self$setPropertyValue] Setting property "parsing.expr" to "/metabolite/description".
biodb.DEBUG[2025-10-18 16:02:14.811][self$setPropertyValue] Setting property "parsing.expr" to "//smiles".
biodb.DEBUG[2025-10-18 16:02:14.811][self$setPropertyValue] Setting property "parsing.expr" to "//super_class".
biodb.DEBUG[2025-10-18 16:02:14.812][self$setPropertyValue] Setting property "remote" to "TRUE".
biodb.DEBUG[2025-10-18 16:02:14.813][self$setPropertyValue] Setting property "searchable.fields" to "name".
biodb.DEBUG[2025-10-18 16:02:14.813][self$setPropertyValue] Setting property "searchable.fields" to "description".
biodb.DEBUG[2025-10-18 16:02:14.813][self$setPropertyValue] Setting property "searchable.fields" to "secondary.accessions".
biodb.DEBUG[2025-10-18 16:02:14.814][self$setPropertyValue] Setting property "scheduler.n" to "3".
biodb.DEBUG[2025-10-18 16:02:14.815][self$setPropertyValue] Notifying observers about frequency change.
biodb.DEBUG[2025-10-18 16:02:14.816][notifyObservers] Notify observers for notifyConnSchedulerFrequencyUpdated.
biodb.DEBUG[2025-10-18 16:02:14.817][self$setPropertyValue] Setting property "scheduler.t" to "1".
biodb.DEBUG[2025-10-18 16:02:14.817][self$setPropertyValue] Notifying observers about frequency change.
biodb.DEBUG[2025-10-18 16:02:14.818][notifyObservers] Notify observers for notifyConnSchedulerFrequencyUpdated.
biodb.DEBUG[2025-10-18 16:02:14.819][self$setPropertyValue] Setting property "token" to "NA".
biodb.DEBUG[2025-10-18 16:02:14.820][self$setPropertyValue] Setting property "urls" to "http://www.hmdb.ca/".
biodb.DEBUG[2025-10-18 16:02:14.820][self$setPropertyValue] Setting property "urls" to "http://www.hmdb.ca/system/downloads/current/hmdb_metabolites.zip".
biodb.DEBUG[2025-10-18 16:02:14.825][self$setPropertyValue] Notifying observers about URLs change.
biodb.DEBUG[2025-10-18 16:02:14.826][notifyObservers] Notify observers for notifyConnUrlsUpdated.
biodb.DEBUG[2025-10-18 16:02:14.826][self$setPropertyValue] Setting property "writable" to "FALSE".
biodb.DEBUG[2025-10-18 16:02:14.827][self$setPropertyValue] Setting property "xml.ns" to "<NULL>".
biodb.DEBUG[2025-10-18 16:02:14.833][self$getEntryFields()$define] Define field secondary_accessions.
biodb.DEBUG[2025-10-18 16:02:14.834][self$getEntryFields()$define] Define field chemspider.id.
biodb.DEBUG[2025-10-18 16:02:14.835][self$getEntryFields()$define] Define field hmdb.metabolites.id.
biodb.DEBUG[2025-10-18 16:02:14.837][self$getEntryFields()$define] Define field kegg.compound.id.
biodb.DEBUG[2025-10-18 16:02:14.838][self$getEntryFields()$define] Define field ncbi.pubchem.comp.id.
biodb.DEBUG[2025-10-18 16:02:14.859][initialize] Initialize connector hmdb.metabolites.
biodb.DEBUG[2025-10-18 16:02:14.874][biodb$getFactory()$createConn] Creating new connector hmdb.metabolites for database class hmdb.metabolites .
biodb.INFO [2025-10-18 16:02:14.882][biodb::testThat]
biodb.INFO [2025-10-18 16:02:14.883][biodb::testThat] Running test function  test.entry.fields  (" Entry fields have a correct value ").
biodb.INFO [2025-10-18 16:02:14.883][biodb::testThat] --------------------------------------------------------------------------------
biodb.INFO [2025-10-18 16:02:14.884][biodb::testThat]
biodb.TRACE[2025-10-18 16:02:14.888][loadFileContents] Loaded 1 files from cache: [1]: "/home/biocbuild/bbs-3.22-bioc-longtests/meat/biodbHmdb.Rcheck/biodbHmdb/testref/entry-hmdb.metabolites-HMDB0000001-content.xml".
biodb.DEBUG[2025-10-18 16:02:14.890][biodb$getFactory()$createEntryFromCo ...] Creating HMDB Metabolites entries from 1 content(s).
biodb.DEBUG[2025-10-18 16:02:14.893][biodb$getFactory()$createEntryFromCo ...] Parsing 1 HMDB Metabolites entries.
biodb.DEBUG[2025-10-18 16:02:14.901][notifyObservers] Notify observers for notifyProgress.
biodb.DEBUG[2025-10-18 16:02:14.901][FUN] Trying to call function notifyProgress on observer BiodbTestMsgAck.
biodb.DEBUG[2025-10-18 16:02:14.902][FUN] Functions in observer BiodbTestMsgAck: [4]: ".__enclos_env__, clone, notifyProgress, initialize".
biodb.DEBUG[2025-10-18 16:02:14.914][FUN] Trying to call function notifyProgress on observer BiodbEntryFields.
biodb.DEBUG[2025-10-18 16:02:14.915][FUN] Functions in observer BiodbEntryFields: [15]: ".__enclos_env__, clone, terminate, define, print, getDatabaseIdField, getFieldNames, get, getRealName, checkIsDefined, isDefined, formatName, isAlias, notifyCfgUpdate, initialize".
biodb.DEBUG[2025-10-18 16:02:14.916][FUN] Trying to call function notifyProgress on observer BiodbConfig.
biodb.DEBUG[2025-10-18 16:02:14.917][FUN] Functions in observer BiodbConfig: [21]: ".__enclos_env__, clone, terminate, notifyNewObservers, define, getAssocEnvVar, listKeys, print, disable, enable, reset, set, get, isEnabled, isDefined, hasKey, getDefaultValue, getDescription, getTitle, getKeys, initialize".
biodb.TRACE[2025-10-18 16:02:14.928][ef$get] Asked field names are: accession.
biodb.TRACE[2025-10-18 16:02:14.929][ef$get] Realnames of fields are: accession.
biodb.TRACE[2025-10-18 16:02:14.930][ef$get] 1 fields were returned.
biodb.TRACE[2025-10-18 16:02:14.931][ef$get] fields variable is a list.
biodb.TRACE[2025-10-18 16:02:14.933][self$getBiodb()$getEntryFields()$get] Asked field names are: accession.
biodb.TRACE[2025-10-18 16:02:14.944][self$getBiodb()$getEntryFields()$get] Realnames of fields are: accession.
biodb.TRACE[2025-10-18 16:02:14.945][self$getBiodb()$getEntryFields()$get] 1 fields were returned.
biodb.TRACE[2025-10-18 16:02:14.946][self$getBiodb()$getEntryFields()$get] fields variable is a list.
biodb.TRACE[2025-10-18 16:02:14.947][ef$get] Asked field names are: secondary.accessions.
biodb.TRACE[2025-10-18 16:02:14.948][ef$get] Realnames of fields are: secondary.accessions.
biodb.TRACE[2025-10-18 16:02:14.949][ef$get] 1 fields were returned.
biodb.TRACE[2025-10-18 16:02:14.950][ef$get] fields variable is a list.
biodb.TRACE[2025-10-18 16:02:14.975][self$getBiodb()$getEntryFields()$get] Asked field names are: secondary.accessions.
biodb.TRACE[2025-10-18 16:02:14.976][self$getBiodb()$getEntryFields()$get] Realnames of fields are: secondary.accessions.
biodb.TRACE[2025-10-18 16:02:14.977][self$getBiodb()$getEntryFields()$get] 1 fields were returned.
biodb.TRACE[2025-10-18 16:02:14.977][self$getBiodb()$getEntryFields()$get] fields variable is a list.
biodb.TRACE[2025-10-18 16:02:14.979][ef$get] Asked field names are: average.mass.
biodb.TRACE[2025-10-18 16:02:14.980][ef$get] Realnames of fields are: average.mass.
biodb.TRACE[2025-10-18 16:02:14.980][ef$get] 1 fields were returned.
biodb.TRACE[2025-10-18 16:02:14.981][ef$get] fields variable is a list.
biodb.TRACE[2025-10-18 16:02:14.983][self$getBiodb()$getEntryFields()$get] Asked field names are: average.mass.
biodb.TRACE[2025-10-18 16:02:14.984][self$getBiodb()$getEntryFields()$get] Realnames of fields are: average.mass.
biodb.TRACE[2025-10-18 16:02:14.984][self$getBiodb()$getEntryFields()$get] 1 fields were returned.
biodb.TRACE[2025-10-18 16:02:14.994][self$getBiodb()$getEntryFields()$get] fields variable is a list.
biodb.TRACE[2025-10-18 16:02:14.995][ef$get] Asked field names are: cas.id.
biodb.TRACE[2025-10-18 16:02:14.996][ef$get] Realnames of fields are: cas.id.
biodb.TRACE[2025-10-18 16:02:14.997][ef$get] 1 fields were returned.
biodb.TRACE[2025-10-18 16:02:14.998][ef$get] fields variable is a list.
biodb.TRACE[2025-10-18 16:02:14.999][self$getBiodb()$getEntryFields()$get] Asked field names are: cas.id.
biodb.TRACE[2025-10-18 16:02:15.000][self$getBiodb()$getEntryFields()$get] Realnames of fields are: cas.id.
biodb.TRACE[2025-10-18 16:02:15.001][self$getBiodb()$getEntryFields()$get] 1 fields were returned.
biodb.TRACE[2025-10-18 16:02:15.002][self$getBiodb()$getEntryFields()$get] fields variable is a list.
biodb.TRACE[2025-10-18 16:02:15.003][ef$get] Asked field names are: chebi.id.
biodb.TRACE[2025-10-18 16:02:15.004][ef$get] Realnames of fields are: chebi.id.
biodb.TRACE[2025-10-18 16:02:15.005][ef$get] 1 fields were returned.
biodb.TRACE[2025-10-18 16:02:15.005][ef$get] fields variable is a list.
biodb.TRACE[2025-10-18 16:02:15.007][self$getBiodb()$getEntryFields()$get] Asked field names are: chebi.id.
biodb.TRACE[2025-10-18 16:02:15.008][self$getBiodb()$getEntryFields()$get] Realnames of fields are: chebi.id.
biodb.TRACE[2025-10-18 16:02:15.009][self$getBiodb()$getEntryFields()$get] 1 fields were returned.
biodb.TRACE[2025-10-18 16:02:15.009][self$getBiodb()$getEntryFields()$get] fields variable is a list.
biodb.TRACE[2025-10-18 16:02:15.010][ef$get] Asked field names are: chemspider.id.
biodb.TRACE[2025-10-18 16:02:15.011][ef$get] Realnames of fields are: chemspider.id.
biodb.TRACE[2025-10-18 16:02:15.012][ef$get] 1 fields were returned.
biodb.TRACE[2025-10-18 16:02:15.013][ef$get] fields variable is a list.
biodb.TRACE[2025-10-18 16:02:15.014][self$getBiodb()$getEntryFields()$get] Asked field names are: chemspider.id.
biodb.TRACE[2025-10-18 16:02:15.015][self$getBiodb()$getEntryFields()$get] Realnames of fields are: chemspider.id.
biodb.TRACE[2025-10-18 16:02:15.016][self$getBiodb()$getEntryFields()$get] 1 fields were returned.
biodb.TRACE[2025-10-18 16:02:15.017][self$getBiodb()$getEntryFields()$get] fields variable is a list.
biodb.TRACE[2025-10-18 16:02:15.018][ef$get] Asked field names are: kegg.compound.id.
biodb.TRACE[2025-10-18 16:02:15.019][ef$get] Realnames of fields are: kegg.compound.id.
biodb.TRACE[2025-10-18 16:02:15.020][ef$get] 1 fields were returned.
biodb.TRACE[2025-10-18 16:02:15.021][ef$get] fields variable is a list.
biodb.TRACE[2025-10-18 16:02:15.022][self$getBiodb()$getEntryFields()$get] Asked field names are: kegg.compound.id.
biodb.TRACE[2025-10-18 16:02:15.023][self$getBiodb()$getEntryFields()$get] Realnames of fields are: kegg.compound.id.
biodb.TRACE[2025-10-18 16:02:15.024][self$getBiodb()$getEntryFields()$get] 1 fields were returned.
biodb.TRACE[2025-10-18 16:02:15.025][self$getBiodb()$getEntryFields()$get] fields variable is a list.
biodb.TRACE[2025-10-18 16:02:15.026][ef$get] Asked field names are: ncbi.pubchem.comp.id.
biodb.TRACE[2025-10-18 16:02:15.027][ef$get] Realnames of fields are: ncbi.pubchem.comp.id.
biodb.TRACE[2025-10-18 16:02:15.028][ef$get] 1 fields were returned.
biodb.TRACE[2025-10-18 16:02:15.029][ef$get] fields variable is a list.
biodb.TRACE[2025-10-18 16:02:15.030][self$getBiodb()$getEntryFields()$get] Asked field names are: ncbi.pubchem.comp.id.
biodb.TRACE[2025-10-18 16:02:15.031][self$getBiodb()$getEntryFields()$get] Realnames of fields are: ncbi.pubchem.comp.id.
biodb.TRACE[2025-10-18 16:02:15.032][self$getBiodb()$getEntryFields()$get] 1 fields were returned.
biodb.TRACE[2025-10-18 16:02:15.033][self$getBiodb()$getEntryFields()$get] fields variable is a list.
biodb.TRACE[2025-10-18 16:02:15.034][ef$get] Asked field names are: comp.iupac.name.syst.
biodb.TRACE[2025-10-18 16:02:15.035][ef$get] Realnames of fields are: comp.iupac.name.syst.
biodb.TRACE[2025-10-18 16:02:15.036][ef$get] 1 fields were returned.
biodb.TRACE[2025-10-18 16:02:15.036][ef$get] fields variable is a list.
biodb.TRACE[2025-10-18 16:02:15.038][self$getBiodb()$getEntryFields()$get] Asked field names are: comp.iupac.name.syst.
biodb.TRACE[2025-10-18 16:02:15.039][self$getBiodb()$getEntryFields()$get] Realnames of fields are: comp.iupac.name.syst.
biodb.TRACE[2025-10-18 16:02:15.039][self$getBiodb()$getEntryFields()$get] 1 fields were returned.
biodb.TRACE[2025-10-18 16:02:15.040][self$getBiodb()$getEntryFields()$get] fields variable is a list.
biodb.TRACE[2025-10-18 16:02:15.041][ef$get] Asked field names are: comp.iupac.name.trad.
biodb.TRACE[2025-10-18 16:02:15.042][ef$get] Realnames of fields are: comp.iupac.name.trad.
biodb.TRACE[2025-10-18 16:02:15.043][ef$get] 1 fields were returned.
biodb.TRACE[2025-10-18 16:02:15.044][ef$get] fields variable is a list.
biodb.TRACE[2025-10-18 16:02:15.045][self$getBiodb()$getEntryFields()$get] Asked field names are: comp.iupac.name.trad.
biodb.TRACE[2025-10-18 16:02:15.046][self$getBiodb()$getEntryFields()$get] Realnames of fields are: comp.iupac.name.trad.
biodb.TRACE[2025-10-18 16:02:15.047][self$getBiodb()$getEntryFields()$get] 1 fields were returned.
biodb.TRACE[2025-10-18 16:02:15.048][self$getBiodb()$getEntryFields()$get] fields variable is a list.
biodb.TRACE[2025-10-18 16:02:15.049][ef$get] Asked field names are: formula.
biodb.TRACE[2025-10-18 16:02:15.050][ef$get] Realnames of fields are: formula.
biodb.TRACE[2025-10-18 16:02:15.051][ef$get] 1 fields were returned.
biodb.TRACE[2025-10-18 16:02:15.052][ef$get] fields variable is a list.
biodb.TRACE[2025-10-18 16:02:15.053][self$getBiodb()$getEntryFields()$get] Asked field names are: formula.
biodb.TRACE[2025-10-18 16:02:15.054][self$getBiodb()$getEntryFields()$get] Realnames of fields are: formula.
biodb.TRACE[2025-10-18 16:02:15.055][self$getBiodb()$getEntryFields()$get] 1 fields were returned.
biodb.TRACE[2025-10-18 16:02:15.056][self$getBiodb()$getEntryFields()$get] fields variable is a list.
biodb.TRACE[2025-10-18 16:02:15.057][ef$get] Asked field names are: inchi.
biodb.TRACE[2025-10-18 16:02:15.058][ef$get] Realnames of fields are: inchi.
biodb.TRACE[2025-10-18 16:02:15.059][ef$get] 1 fields were returned.
biodb.TRACE[2025-10-18 16:02:15.059][ef$get] fields variable is a list.
biodb.TRACE[2025-10-18 16:02:15.061][self$getBiodb()$getEntryFields()$get] Asked field names are: inchi.
biodb.TRACE[2025-10-18 16:02:15.062][self$getBiodb()$getEntryFields()$get] Realnames of fields are: inchi.
biodb.TRACE[2025-10-18 16:02:15.063][self$getBiodb()$getEntryFields()$get] 1 fields were returned.
biodb.TRACE[2025-10-18 16:02:15.063][self$getBiodb()$getEntryFields()$get] fields variable is a list.
biodb.TRACE[2025-10-18 16:02:15.064][ef$get] Asked field names are: inchikey.
biodb.TRACE[2025-10-18 16:02:15.065][ef$get] Realnames of fields are: inchikey.
biodb.TRACE[2025-10-18 16:02:15.066][ef$get] 1 fields were returned.
biodb.TRACE[2025-10-18 16:02:15.067][ef$get] fields variable is a list.
biodb.TRACE[2025-10-18 16:02:15.068][self$getBiodb()$getEntryFields()$get] Asked field names are: inchikey.
biodb.TRACE[2025-10-18 16:02:15.069][self$getBiodb()$getEntryFields()$get] Realnames of fields are: inchikey.
biodb.TRACE[2025-10-18 16:02:15.070][self$getBiodb()$getEntryFields()$get] 1 fields were returned.
biodb.TRACE[2025-10-18 16:02:15.071][self$getBiodb()$getEntryFields()$get] fields variable is a list.
biodb.TRACE[2025-10-18 16:02:15.072][ef$get] Asked field names are: monoisotopic.mass.
biodb.TRACE[2025-10-18 16:02:15.073][ef$get] Realnames of fields are: monoisotopic.mass.
biodb.TRACE[2025-10-18 16:02:15.074][ef$get] 1 fields were returned.
biodb.TRACE[2025-10-18 16:02:15.075][ef$get] fields variable is a list.
biodb.TRACE[2025-10-18 16:02:15.076][self$getBiodb()$getEntryFields()$get] Asked field names are: monoisotopic.mass.
biodb.TRACE[2025-10-18 16:02:15.077][self$getBiodb()$getEntryFields()$get] Realnames of fields are: monoisotopic.mass.
biodb.TRACE[2025-10-18 16:02:15.078][self$getBiodb()$getEntryFields()$get] 1 fields were returned.
biodb.TRACE[2025-10-18 16:02:15.079][self$getBiodb()$getEntryFields()$get] fields variable is a list.
biodb.TRACE[2025-10-18 16:02:15.080][ef$get] Asked field names are: name.
biodb.TRACE[2025-10-18 16:02:15.081][ef$get] Realnames of fields are: name.
biodb.TRACE[2025-10-18 16:02:15.082][ef$get] 1 fields were returned.
biodb.TRACE[2025-10-18 16:02:15.083][ef$get] fields variable is a list.
biodb.TRACE[2025-10-18 16:02:15.084][self$getBiodb()$getEntryFields()$get] Asked field names are: name.
biodb.TRACE[2025-10-18 16:02:15.085][self$getBiodb()$getEntryFields()$get] Realnames of fields are: name.
biodb.TRACE[2025-10-18 16:02:15.085][self$getBiodb()$getEntryFields()$get] 1 fields were returned.
biodb.TRACE[2025-10-18 16:02:15.086][self$getBiodb()$getEntryFields()$get] fields variable is a list.
biodb.TRACE[2025-10-18 16:02:15.087][ef$get] Asked field names are: description.
biodb.TRACE[2025-10-18 16:02:15.088][ef$get] Realnames of fields are: description.
biodb.TRACE[2025-10-18 16:02:15.089][ef$get] 1 fields were returned.
biodb.TRACE[2025-10-18 16:02:15.090][ef$get] fields variable is a list.
biodb.TRACE[2025-10-18 16:02:15.091][self$getBiodb()$getEntryFields()$get] Asked field names are: description.
biodb.TRACE[2025-10-18 16:02:15.092][self$getBiodb()$getEntryFields()$get] Realnames of fields are: description.
biodb.TRACE[2025-10-18 16:02:15.093][self$getBiodb()$getEntryFields()$get] 1 fields were returned.
biodb.TRACE[2025-10-18 16:02:15.094][self$getBiodb()$getEntryFields()$get] fields variable is a list.
biodb.TRACE[2025-10-18 16:02:15.095][ef$get] Asked field names are: smiles.
biodb.TRACE[2025-10-18 16:02:15.096][ef$get] Realnames of fields are: smiles.
biodb.TRACE[2025-10-18 16:02:15.097][ef$get] 1 fields were returned.
biodb.TRACE[2025-10-18 16:02:15.098][ef$get] fields variable is a list.
biodb.TRACE[2025-10-18 16:02:15.099][self$getBiodb()$getEntryFields()$get] Asked field names are: smiles.
biodb.TRACE[2025-10-18 16:02:15.100][self$getBiodb()$getEntryFields()$get] Realnames of fields are: smiles.
biodb.TRACE[2025-10-18 16:02:15.101][self$getBiodb()$getEntryFields()$get] 1 fields were returned.
biodb.TRACE[2025-10-18 16:02:15.102][self$getBiodb()$getEntryFields()$get] fields variable is a list.
biodb.TRACE[2025-10-18 16:02:15.103][ef$get] Asked field names are: super.class.
biodb.TRACE[2025-10-18 16:02:15.104][ef$get] Realnames of fields are: comp.super.class.
biodb.TRACE[2025-10-18 16:02:15.105][ef$get] 1 fields were returned.
biodb.TRACE[2025-10-18 16:02:15.105][ef$get] fields variable is a list.
biodb.TRACE[2025-10-18 16:02:15.107][self$getBiodb()$getEntryFields()$get] Asked field names are: super.class.
biodb.TRACE[2025-10-18 16:02:15.108][self$getBiodb()$getEntryFields()$get] Realnames of fields are: comp.super.class.
biodb.TRACE[2025-10-18 16:02:15.109][self$getBiodb()$getEntryFields()$get] 1 fields were returned.
biodb.TRACE[2025-10-18 16:02:15.151][self$getBiodb()$getEntryFields()$get] fields variable is a list.
biodb.TRACE[2025-10-18 16:02:15.152][self$getBiodb()$getEntryFields()$get] Asked field names are: accession.
biodb.TRACE[2025-10-18 16:02:15.153][self$getBiodb()$getEntryFields()$get] Realnames of fields are: accession.
biodb.TRACE[2025-10-18 16:02:15.154][self$getBiodb()$getEntryFields()$get] 1 fields were returned.
biodb.TRACE[2025-10-18 16:02:15.155][self$getBiodb()$getEntryFields()$get] fields variable is a list.
biodb.TRACE[2025-10-18 16:02:15.156][self$getBiodb()$getEntryFields()$get] Asked field names are: accession.
biodb.TRACE[2025-10-18 16:02:15.157][self$getBiodb()$getEntryFields()$get] Realnames of fields are: accession.
biodb.TRACE[2025-10-18 16:02:15.158][self$getBiodb()$getEntryFields()$get] 1 fields were returned.
biodb.TRACE[2025-10-18 16:02:15.159][self$getBiodb()$getEntryFields()$get] fields variable is a list.
biodb.TRACE[2025-10-18 16:02:15.160][self$getBiodb()$getEntryFields()$get] Asked field names are: accession.
biodb.TRACE[2025-10-18 16:02:15.161][self$getBiodb()$getEntryFields()$get] Realnames of fields are: accession.
biodb.TRACE[2025-10-18 16:02:15.162][self$getBiodb()$getEntryFields()$get] 1 fields were returned.
biodb.TRACE[2025-10-18 16:02:15.162][self$getBiodb()$getEntryFields()$get] fields variable is a list.
biodb.TRACE[2025-10-18 16:02:15.194][self$getBiodb()$getEntryFields()$get] Asked field names are: average.mass.
biodb.TRACE[2025-10-18 16:02:15.195][self$getBiodb()$getEntryFields()$get] Realnames of fields are: average.mass.
biodb.TRACE[2025-10-18 16:02:15.196][self$getBiodb()$getEntryFields()$get] 1 fields were returned.
biodb.TRACE[2025-10-18 16:02:15.197][self$getBiodb()$getEntryFields()$get] fields variable is a list.
biodb.TRACE[2025-10-18 16:02:15.198][self$getBiodb()$getEntryFields()$get] Asked field names are: average.mass.
biodb.TRACE[2025-10-18 16:02:15.199][self$getBiodb()$getEntryFields()$get] Realnames of fields are: average.mass.
biodb.TRACE[2025-10-18 16:02:15.200][self$getBiodb()$getEntryFields()$get] 1 fields were returned.
biodb.TRACE[2025-10-18 16:02:15.201][self$getBiodb()$getEntryFields()$get] fields variable is a list.
biodb.TRACE[2025-10-18 16:02:15.202][self$getBiodb()$getEntryFields()$get] Asked field names are: average.mass.
biodb.TRACE[2025-10-18 16:02:15.203][self$getBiodb()$getEntryFields()$get] Realnames of fields are: average.mass.
biodb.TRACE[2025-10-18 16:02:15.203][self$getBiodb()$getEntryFields()$get] 1 fields were returned.
biodb.TRACE[2025-10-18 16:02:15.204][self$getBiodb()$getEntryFields()$get] fields variable is a list.
biodb.TRACE[2025-10-18 16:02:15.205][self$getBiodb()$getEntryFields()$get] Asked field names are: cas.id.
biodb.TRACE[2025-10-18 16:02:15.206][self$getBiodb()$getEntryFields()$get] Realnames of fields are: cas.id.
biodb.TRACE[2025-10-18 16:02:15.207][self$getBiodb()$getEntryFields()$get] 1 fields were returned.
biodb.TRACE[2025-10-18 16:02:15.208][self$getBiodb()$getEntryFields()$get] fields variable is a list.
biodb.TRACE[2025-10-18 16:02:15.209][self$getBiodb()$getEntryFields()$get] Asked field names are: cas.id.
biodb.TRACE[2025-10-18 16:02:15.210][self$getBiodb()$getEntryFields()$get] Realnames of fields are: cas.id.
biodb.TRACE[2025-10-18 16:02:15.211][self$getBiodb()$getEntryFields()$get] 1 fields were returned.
biodb.TRACE[2025-10-18 16:02:15.212][self$getBiodb()$getEntryFields()$get] fields variable is a list.
biodb.TRACE[2025-10-18 16:02:15.213][self$getBiodb()$getEntryFields()$get] Asked field names are: cas.id.
biodb.TRACE[2025-10-18 16:02:15.214][self$getBiodb()$getEntryFields()$get] Realnames of fields are: cas.id.
biodb.TRACE[2025-10-18 16:02:15.215][self$getBiodb()$getEntryFields()$get] 1 fields were returned.
biodb.TRACE[2025-10-18 16:02:15.216][self$getBiodb()$getEntryFields()$get] fields variable is a list.
biodb.TRACE[2025-10-18 16:02:15.217][self$getBiodb()$getEntryFields()$get] Asked field names are: chebi.id.
biodb.TRACE[2025-10-18 16:02:15.218][self$getBiodb()$getEntryFields()$get] Realnames of fields are: chebi.id.
biodb.TRACE[2025-10-18 16:02:15.218][self$getBiodb()$getEntryFields()$get] 1 fields were returned.
biodb.TRACE[2025-10-18 16:02:15.219][self$getBiodb()$getEntryFields()$get] fields variable is a list.
biodb.TRACE[2025-10-18 16:02:15.220][self$getBiodb()$getEntryFields()$get] Asked field names are: chebi.id.
biodb.TRACE[2025-10-18 16:02:15.221][self$getBiodb()$getEntryFields()$get] Realnames of fields are: chebi.id.
biodb.TRACE[2025-10-18 16:02:15.222][self$getBiodb()$getEntryFields()$get] 1 fields were returned.
biodb.TRACE[2025-10-18 16:02:15.223][self$getBiodb()$getEntryFields()$get] fields variable is a list.
biodb.TRACE[2025-10-18 16:02:15.224][self$getBiodb()$getEntryFields()$get] Asked field names are: chebi.id.
biodb.TRACE[2025-10-18 16:02:15.225][self$getBiodb()$getEntryFields()$get] Realnames of fields are: chebi.id.
biodb.TRACE[2025-10-18 16:02:15.226][self$getBiodb()$getEntryFields()$get] 1 fields were returned.
biodb.TRACE[2025-10-18 16:02:15.227][self$getBiodb()$getEntryFields()$get] fields variable is a list.
biodb.TRACE[2025-10-18 16:02:15.228][self$getBiodb()$getEntryFields()$get] Asked field names are: chemspider.id.
biodb.TRACE[2025-10-18 16:02:15.229][self$getBiodb()$getEntryFields()$get] Realnames of fields are: chemspider.id.
biodb.TRACE[2025-10-18 16:02:15.230][self$getBiodb()$getEntryFields()$get] 1 fields were returned.
biodb.TRACE[2025-10-18 16:02:15.231][self$getBiodb()$getEntryFields()$get] fields variable is a list.
biodb.TRACE[2025-10-18 16:02:15.232][self$getBiodb()$getEntryFields()$get] Asked field names are: chemspider.id.
biodb.TRACE[2025-10-18 16:02:15.233][self$getBiodb()$getEntryFields()$get] Realnames of fields are: chemspider.id.
biodb.TRACE[2025-10-18 16:02:15.233][self$getBiodb()$getEntryFields()$get] 1 fields were returned.
biodb.TRACE[2025-10-18 16:02:15.234][self$getBiodb()$getEntryFields()$get] fields variable is a list.
biodb.TRACE[2025-10-18 16:02:15.235][self$getBiodb()$getEntryFields()$get] Asked field names are: chemspider.id.
biodb.TRACE[2025-10-18 16:02:15.236][self$getBiodb()$getEntryFields()$get] Realnames of fields are: chemspider.id.
biodb.TRACE[2025-10-18 16:02:15.237][self$getBiodb()$getEntryFields()$get] 1 fields were returned.
biodb.TRACE[2025-10-18 16:02:15.238][self$getBiodb()$getEntryFields()$get] fields variable is a list.
biodb.TRACE[2025-10-18 16:02:15.239][self$getBiodb()$getEntryFields()$get] Asked field names are: comp.iupac.name.syst.
biodb.TRACE[2025-10-18 16:02:15.240][self$getBiodb()$getEntryFields()$get] Realnames of fields are: comp.iupac.name.syst.
biodb.TRACE[2025-10-18 16:02:15.241][self$getBiodb()$getEntryFields()$get] 1 fields were returned.
biodb.TRACE[2025-10-18 16:02:15.242][self$getBiodb()$getEntryFields()$get] fields variable is a list.
biodb.TRACE[2025-10-18 16:02:15.243][self$getBiodb()$getEntryFields()$get] Asked field names are: comp.iupac.name.syst.
biodb.TRACE[2025-10-18 16:02:15.244][self$getBiodb()$getEntryFields()$get] Realnames of fields are: comp.iupac.name.syst.
biodb.TRACE[2025-10-18 16:02:15.245][self$getBiodb()$getEntryFields()$get] 1 fields were returned.
biodb.TRACE[2025-10-18 16:02:15.245][self$getBiodb()$getEntryFields()$get] fields variable is a list.
biodb.TRACE[2025-10-18 16:02:15.246][self$getBiodb()$getEntryFields()$get] Asked field names are: comp.iupac.name.syst.
biodb.TRACE[2025-10-18 16:02:15.247][self$getBiodb()$getEntryFields()$get] Realnames of fields are: comp.iupac.name.syst.
biodb.TRACE[2025-10-18 16:02:15.248][self$getBiodb()$getEntryFields()$get] 1 fields were returned.
biodb.TRACE[2025-10-18 16:02:15.249][self$getBiodb()$getEntryFields()$get] fields variable is a list.
biodb.TRACE[2025-10-18 16:02:15.250][self$getBiodb()$getEntryFields()$get] Asked field names are: comp.iupac.name.trad.
biodb.TRACE[2025-10-18 16:02:15.251][self$getBiodb()$getEntryFields()$get] Realnames of fields are: comp.iupac.name.trad.
biodb.TRACE[2025-10-18 16:02:15.252][self$getBiodb()$getEntryFields()$get] 1 fields were returned.
biodb.TRACE[2025-10-18 16:02:15.253][self$getBiodb()$getEntryFields()$get] fields variable is a list.
biodb.TRACE[2025-10-18 16:02:15.254][self$getBiodb()$getEntryFields()$get] Asked field names are: comp.iupac.name.trad.
biodb.TRACE[2025-10-18 16:02:15.255][self$getBiodb()$getEntryFields()$get] Realnames of fields are: comp.iupac.name.trad.
biodb.TRACE[2025-10-18 16:02:15.256][self$getBiodb()$getEntryFields()$get] 1 fields were returned.
biodb.TRACE[2025-10-18 16:02:15.260][self$getBiodb()$getEntryFields()$get] fields variable is a list.
biodb.TRACE[2025-10-18 16:02:15.261][self$getBiodb()$getEntryFields()$get] Asked field names are: comp.iupac.name.trad.
biodb.TRACE[2025-10-18 16:02:15.262][self$getBiodb()$getEntryFields()$get] Realnames of fields are: comp.iupac.name.trad.
biodb.TRACE[2025-10-18 16:02:15.263][self$getBiodb()$getEntryFields()$get] 1 fields were returned.
biodb.TRACE[2025-10-18 16:02:15.264][self$getBiodb()$getEntryFields()$get] fields variable is a list.
biodb.TRACE[2025-10-18 16:02:15.265][self$getBiodb()$getEntryFields()$get] Asked field names are: comp.super.class.
biodb.TRACE[2025-10-18 16:02:15.266][self$getBiodb()$getEntryFields()$get] Realnames of fields are: comp.super.class.
biodb.TRACE[2025-10-18 16:02:15.266][self$getBiodb()$getEntryFields()$get] 1 fields were returned.
biodb.TRACE[2025-10-18 16:02:15.267][self$getBiodb()$getEntryFields()$get] fields variable is a list.
biodb.TRACE[2025-10-18 16:02:15.268][self$getBiodb()$getEntryFields()$get] Asked field names are: comp.super.class.
biodb.TRACE[2025-10-18 16:02:15.269][self$getBiodb()$getEntryFields()$get] Realnames of fields are: comp.super.class.
biodb.TRACE[2025-10-18 16:02:15.270][self$getBiodb()$getEntryFields()$get] 1 fields were returned.
biodb.TRACE[2025-10-18 16:02:15.271][self$getBiodb()$getEntryFields()$get] fields variable is a list.
biodb.TRACE[2025-10-18 16:02:15.272][self$getBiodb()$getEntryFields()$get] Asked field names are: comp.super.class.
biodb.TRACE[2025-10-18 16:02:15.273][self$getBiodb()$getEntryFields()$get] Realnames of fields are: comp.super.class.
biodb.TRACE[2025-10-18 16:02:15.274][self$getBiodb()$getEntryFields()$get] 1 fields were returned.
biodb.TRACE[2025-10-18 16:02:15.275][self$getBiodb()$getEntryFields()$get] fields variable is a list.
biodb.TRACE[2025-10-18 16:02:15.276][self$getBiodb()$getEntryFields()$get] Asked field names are: description.
biodb.TRACE[2025-10-18 16:02:15.277][self$getBiodb()$getEntryFields()$get] Realnames of fields are: description.
biodb.TRACE[2025-10-18 16:02:15.278][self$getBiodb()$getEntryFields()$get] 1 fields were returned.
biodb.TRACE[2025-10-18 16:02:15.278][self$getBiodb()$getEntryFields()$get] fields variable is a list.
biodb.TRACE[2025-10-18 16:02:15.279][self$getBiodb()$getEntryFields()$get] Asked field names are: description.
biodb.TRACE[2025-10-18 16:02:15.280][self$getBiodb()$getEntryFields()$get] Realnames of fields are: description.
biodb.TRACE[2025-10-18 16:02:15.281][self$getBiodb()$getEntryFields()$get] 1 fields were returned.
biodb.TRACE[2025-10-18 16:02:15.282][self$getBiodb()$getEntryFields()$get] fields variable is a list.
biodb.TRACE[2025-10-18 16:02:15.283][self$getBiodb()$getEntryFields()$get] Asked field names are: description.
biodb.TRACE[2025-10-18 16:02:15.284][self$getBiodb()$getEntryFields()$get] Realnames of fields are: description.
biodb.TRACE[2025-10-18 16:02:15.285][self$getBiodb()$getEntryFields()$get] 1 fields were returned.
biodb.TRACE[2025-10-18 16:02:15.286][self$getBiodb()$getEntryFields()$get] fields variable is a list.
biodb.TRACE[2025-10-18 16:02:15.287][self$getBiodb()$getEntryFields()$get] Asked field names are: formula.
biodb.TRACE[2025-10-18 16:02:15.288][self$getBiodb()$getEntryFields()$get] Realnames of fields are: formula.
biodb.TRACE[2025-10-18 16:02:15.289][self$getBiodb()$getEntryFields()$get] 1 fields were returned.
biodb.TRACE[2025-10-18 16:02:15.289][self$getBiodb()$getEntryFields()$get] fields variable is a list.
biodb.TRACE[2025-10-18 16:02:15.290][self$getBiodb()$getEntryFields()$get] Asked field names are: formula.
biodb.TRACE[2025-10-18 16:02:15.291][self$getBiodb()$getEntryFields()$get] Realnames of fields are: formula.
biodb.TRACE[2025-10-18 16:02:15.292][self$getBiodb()$getEntryFields()$get] 1 fields were returned.
biodb.TRACE[2025-10-18 16:02:15.293][self$getBiodb()$getEntryFields()$get] fields variable is a list.
biodb.TRACE[2025-10-18 16:02:15.294][self$getBiodb()$getEntryFields()$get] Asked field names are: formula.
biodb.TRACE[2025-10-18 16:02:15.295][self$getBiodb()$getEntryFields()$get] Realnames of fields are: formula.
biodb.TRACE[2025-10-18 16:02:15.296][self$getBiodb()$getEntryFields()$get] 1 fields were returned.
biodb.TRACE[2025-10-18 16:02:15.297][self$getBiodb()$getEntryFields()$get] fields variable is a list.
biodb.TRACE[2025-10-18 16:02:15.298][self$getBiodb()$getEntryFields()$get] Asked field names are: inchi.
biodb.TRACE[2025-10-18 16:02:15.299][self$getBiodb()$getEntryFields()$get] Realnames of fields are: inchi.
biodb.TRACE[2025-10-18 16:02:15.300][self$getBiodb()$getEntryFields()$get] 1 fields were returned.
biodb.TRACE[2025-10-18 16:02:15.301][self$getBiodb()$getEntryFields()$get] fields variable is a list.
biodb.TRACE[2025-10-18 16:02:15.302][self$getBiodb()$getEntryFields()$get] Asked field names are: inchi.
biodb.TRACE[2025-10-18 16:02:15.302][self$getBiodb()$getEntryFields()$get] Realnames of fields are: inchi.
biodb.TRACE[2025-10-18 16:02:15.303][self$getBiodb()$getEntryFields()$get] 1 fields were returned.
biodb.TRACE[2025-10-18 16:02:15.304][self$getBiodb()$getEntryFields()$get] fields variable is a list.
biodb.TRACE[2025-10-18 16:02:15.305][self$getBiodb()$getEntryFields()$get] Asked field names are: inchi.
biodb.TRACE[2025-10-18 16:02:15.306][self$getBiodb()$getEntryFields()$get] Realnames of fields are: inchi.
biodb.TRACE[2025-10-18 16:02:15.307][self$getBiodb()$getEntryFields()$get] 1 fields were returned.
biodb.TRACE[2025-10-18 16:02:15.308][self$getBiodb()$getEntryFields()$get] fields variable is a list.
biodb.TRACE[2025-10-18 16:02:15.309][self$getBiodb()$getEntryFields()$get] Asked field names are: inchikey.
biodb.TRACE[2025-10-18 16:02:15.310][self$getBiodb()$getEntryFields()$get] Realnames of fields are: inchikey.
biodb.TRACE[2025-10-18 16:02:15.311][self$getBiodb()$getEntryFields()$get] 1 fields were returned.
biodb.TRACE[2025-10-18 16:02:15.312][self$getBiodb()$getEntryFields()$get] fields variable is a list.
biodb.TRACE[2025-10-18 16:02:15.313][self$getBiodb()$getEntryFields()$get] Asked field names are: inchikey.
biodb.TRACE[2025-10-18 16:02:15.314][self$getBiodb()$getEntryFields()$get] Realnames of fields are: inchikey.
biodb.TRACE[2025-10-18 16:02:15.314][self$getBiodb()$getEntryFields()$get] 1 fields were returned.
biodb.TRACE[2025-10-18 16:02:15.315][self$getBiodb()$getEntryFields()$get] fields variable is a list.
biodb.TRACE[2025-10-18 16:02:15.316][self$getBiodb()$getEntryFields()$get] Asked field names are: inchikey.
biodb.TRACE[2025-10-18 16:02:15.317][self$getBiodb()$getEntryFields()$get] Realnames of fields are: inchikey.
biodb.TRACE[2025-10-18 16:02:15.318][self$getBiodb()$getEntryFields()$get] 1 fields were returned.
biodb.TRACE[2025-10-18 16:02:15.319][self$getBiodb()$getEntryFields()$get] fields variable is a list.
biodb.TRACE[2025-10-18 16:02:15.320][self$getBiodb()$getEntryFields()$get] Asked field names are: kegg.compound.id.
biodb.TRACE[2025-10-18 16:02:15.321][self$getBiodb()$getEntryFields()$get] Realnames of fields are: kegg.compound.id.
biodb.TRACE[2025-10-18 16:02:15.322][self$getBiodb()$getEntryFields()$get] 1 fields were returned.
biodb.TRACE[2025-10-18 16:02:15.323][self$getBiodb()$getEntryFields()$get] fields variable is a list.
biodb.TRACE[2025-10-18 16:02:15.324][self$getBiodb()$getEntryFields()$get] Asked field names are: kegg.compound.id.
biodb.TRACE[2025-10-18 16:02:15.325][self$getBiodb()$getEntryFields()$get] Realnames of fields are: kegg.compound.id.
biodb.TRACE[2025-10-18 16:02:15.326][self$getBiodb()$getEntryFields()$get] 1 fields were returned.
biodb.TRACE[2025-10-18 16:02:15.326][self$getBiodb()$getEntryFields()$get] fields variable is a list.
biodb.TRACE[2025-10-18 16:02:15.327][self$getBiodb()$getEntryFields()$get] Asked field names are: kegg.compound.id.
biodb.TRACE[2025-10-18 16:02:15.328][self$getBiodb()$getEntryFields()$get] Realnames of fields are: kegg.compound.id.
biodb.TRACE[2025-10-18 16:02:15.329][self$getBiodb()$getEntryFields()$get] 1 fields were returned.
biodb.TRACE[2025-10-18 16:02:15.330][self$getBiodb()$getEntryFields()$get] fields variable is a list.
biodb.TRACE[2025-10-18 16:02:15.331][self$getBiodb()$getEntryFields()$get] Asked field names are: monoisotopic.mass.
biodb.TRACE[2025-10-18 16:02:15.332][self$getBiodb()$getEntryFields()$get] Realnames of fields are: monoisotopic.mass.
biodb.TRACE[2025-10-18 16:02:15.333][self$getBiodb()$getEntryFields()$get] 1 fields were returned.
biodb.TRACE[2025-10-18 16:02:15.334][self$getBiodb()$getEntryFields()$get] fields variable is a list.
biodb.TRACE[2025-10-18 16:02:15.335][self$getBiodb()$getEntryFields()$get] Asked field names are: monoisotopic.mass.
biodb.TRACE[2025-10-18 16:02:15.336][self$getBiodb()$getEntryFields()$get] Realnames of fields are: monoisotopic.mass.
biodb.TRACE[2025-10-18 16:02:15.337][self$getBiodb()$getEntryFields()$get] 1 fields were returned.
biodb.TRACE[2025-10-18 16:02:15.337][self$getBiodb()$getEntryFields()$get] fields variable is a list.
biodb.TRACE[2025-10-18 16:02:15.338][self$getBiodb()$getEntryFields()$get] Asked field names are: monoisotopic.mass.
biodb.TRACE[2025-10-18 16:02:15.339][self$getBiodb()$getEntryFields()$get] Realnames of fields are: monoisotopic.mass.
biodb.TRACE[2025-10-18 16:02:15.340][self$getBiodb()$getEntryFields()$get] 1 fields were returned.
biodb.TRACE[2025-10-18 16:02:15.341][self$getBiodb()$getEntryFields()$get] fields variable is a list.
biodb.TRACE[2025-10-18 16:02:15.342][self$getBiodb()$getEntryFields()$get] Asked field names are: name.
biodb.TRACE[2025-10-18 16:02:15.343][self$getBiodb()$getEntryFields()$get] Realnames of fields are: name.
biodb.TRACE[2025-10-18 16:02:15.344][self$getBiodb()$getEntryFields()$get] 1 fields were returned.
biodb.TRACE[2025-10-18 16:02:15.345][self$getBiodb()$getEntryFields()$get] fields variable is a list.
biodb.TRACE[2025-10-18 16:02:15.346][self$getBiodb()$getEntryFields()$get] Asked field names are: name.
biodb.TRACE[2025-10-18 16:02:15.347][self$getBiodb()$getEntryFields()$get] Realnames of fields are: name.
biodb.TRACE[2025-10-18 16:02:15.348][self$getBiodb()$getEntryFields()$get] 1 fields were returned.
biodb.TRACE[2025-10-18 16:02:15.348][self$getBiodb()$getEntryFields()$get] fields variable is a list.
biodb.TRACE[2025-10-18 16:02:15.349][self$getBiodb()$getEntryFields()$get] Asked field names are: name.
biodb.TRACE[2025-10-18 16:02:15.350][self$getBiodb()$getEntryFields()$get] Realnames of fields are: name.
biodb.TRACE[2025-10-18 16:02:15.351][self$getBiodb()$getEntryFields()$get] 1 fields were returned.
biodb.TRACE[2025-10-18 16:02:15.352][self$getBiodb()$getEntryFields()$get] fields variable is a list.
biodb.TRACE[2025-10-18 16:02:15.353][self$getBiodb()$getEntryFields()$get] Asked field names are: ncbi.pubchem.comp.id.
biodb.TRACE[2025-10-18 16:02:15.354][self$getBiodb()$getEntryFields()$get] Realnames of fields are: ncbi.pubchem.comp.id.
biodb.TRACE[2025-10-18 16:02:15.355][self$getBiodb()$getEntryFields()$get] 1 fields were returned.
biodb.TRACE[2025-10-18 16:02:15.356][self$getBiodb()$getEntryFields()$get] fields variable is a list.
biodb.TRACE[2025-10-18 16:02:15.357][self$getBiodb()$getEntryFields()$get] Asked field names are: ncbi.pubchem.comp.id.
biodb.TRACE[2025-10-18 16:02:15.358][self$getBiodb()$getEntryFields()$get] Realnames of fields are: ncbi.pubchem.comp.id.
biodb.TRACE[2025-10-18 16:02:15.359][self$getBiodb()$getEntryFields()$get] 1 fields were returned.
biodb.TRACE[2025-10-18 16:02:15.359][self$getBiodb()$getEntryFields()$get] fields variable is a list.
biodb.TRACE[2025-10-18 16:02:15.360][self$getBiodb()$getEntryFields()$get] Asked field names are: ncbi.pubchem.comp.id.
biodb.TRACE[2025-10-18 16:02:15.361][self$getBiodb()$getEntryFields()$get] Realnames of fields are: ncbi.pubchem.comp.id.
biodb.TRACE[2025-10-18 16:02:15.362][self$getBiodb()$getEntryFields()$get] 1 fields were returned.
biodb.TRACE[2025-10-18 16:02:15.363][self$getBiodb()$getEntryFields()$get] fields variable is a list.
biodb.TRACE[2025-10-18 16:02:15.364][self$getBiodb()$getEntryFields()$get] Asked field names are: secondary.accessions.
biodb.TRACE[2025-10-18 16:02:15.365][self$getBiodb()$getEntryFields()$get] Realnames of fields are: secondary.accessions.
biodb.TRACE[2025-10-18 16:02:15.366][self$getBiodb()$getEntryFields()$get] 1 fields were returned.
biodb.TRACE[2025-10-18 16:02:15.367][self$getBiodb()$getEntryFields()$get] fields variable is a list.
biodb.TRACE[2025-10-18 16:02:15.368][self$getBiodb()$getEntryFields()$get] Asked field names are: secondary.accessions.
biodb.TRACE[2025-10-18 16:02:15.369][self$getBiodb()$getEntryFields()$get] Realnames of fields are: secondary.accessions.
biodb.TRACE[2025-10-18 16:02:15.370][self$getBiodb()$getEntryFields()$get] 1 fields were returned.
biodb.TRACE[2025-10-18 16:02:15.371][self$getBiodb()$getEntryFields()$get] fields variable is a list.
biodb.TRACE[2025-10-18 16:02:15.371][self$getBiodb()$getEntryFields()$get] Asked field names are: secondary.accessions.
biodb.TRACE[2025-10-18 16:02:15.372][self$getBiodb()$getEntryFields()$get] Realnames of fields are: secondary.accessions.
biodb.TRACE[2025-10-18 16:02:15.377][self$getBiodb()$getEntryFields()$get] 1 fields were returned.
biodb.TRACE[2025-10-18 16:02:15.378][self$getBiodb()$getEntryFields()$get] fields variable is a list.
biodb.TRACE[2025-10-18 16:02:15.378][self$getBiodb()$getEntryFields()$get] Asked field names are: smiles.
biodb.TRACE[2025-10-18 16:02:15.379][self$getBiodb()$getEntryFields()$get] Realnames of fields are: smiles.
biodb.TRACE[2025-10-18 16:02:15.380][self$getBiodb()$getEntryFields()$get] 1 fields were returned.
biodb.TRACE[2025-10-18 16:02:15.381][self$getBiodb()$getEntryFields()$get] fields variable is a list.
biodb.TRACE[2025-10-18 16:02:15.382][self$getBiodb()$getEntryFields()$get] Asked field names are: smiles.
biodb.TRACE[2025-10-18 16:02:15.383][self$getBiodb()$getEntryFields()$get] Realnames of fields are: smiles.
biodb.TRACE[2025-10-18 16:02:15.384][self$getBiodb()$getEntryFields()$get] 1 fields were returned.
biodb.TRACE[2025-10-18 16:02:15.385][self$getBiodb()$getEntryFields()$get] fields variable is a list.
biodb.TRACE[2025-10-18 16:02:15.386][self$getBiodb()$getEntryFields()$get] Asked field names are: smiles.
biodb.TRACE[2025-10-18 16:02:15.387][self$getBiodb()$getEntryFields()$get] Realnames of fields are: smiles.
biodb.TRACE[2025-10-18 16:02:15.388][self$getBiodb()$getEntryFields()$get] 1 fields were returned.
biodb.TRACE[2025-10-18 16:02:15.388][self$getBiodb()$getEntryFields()$get] fields variable is a list.
biodb.TRACE[2025-10-18 16:02:15.389][self$getBiodb()$getEntryFields()$get] Asked field names are: INCHIKEY.
biodb.TRACE[2025-10-18 16:02:15.390][self$getBiodb()$getEntryFields()$get] Realnames of fields are: inchikey.
biodb.TRACE[2025-10-18 16:02:15.391][self$getBiodb()$getEntryFields()$get] 1 fields were returned.
biodb.TRACE[2025-10-18 16:02:15.392][self$getBiodb()$getEntryFields()$get] fields variable is a list.
biodb.TRACE[2025-10-18 16:02:15.393][self$getBiodb()$getEntryFields()$get] Asked field names are: inchikey.
biodb.TRACE[2025-10-18 16:02:15.394][self$getBiodb()$getEntryFields()$get] Realnames of fields are: inchikey.
biodb.TRACE[2025-10-18 16:02:15.395][self$getBiodb()$getEntryFields()$get] 1 fields were returned.
biodb.TRACE[2025-10-18 16:02:15.396][self$getBiodb()$getEntryFields()$get] fields variable is a list.
biodb.TRACE[2025-10-18 16:02:15.397][self$getBiodb()$getEntryFields()$get] Asked field names are: inchikey.
biodb.TRACE[2025-10-18 16:02:15.398][self$getBiodb()$getEntryFields()$get] Realnames of fields are: inchikey.
biodb.TRACE[2025-10-18 16:02:15.399][self$getBiodb()$getEntryFields()$get] 1 fields were returned.
biodb.TRACE[2025-10-18 16:02:15.400][self$getBiodb()$getEntryFields()$get] fields variable is a list.
biodb.TRACE[2025-10-18 16:02:15.401][self$getBiodb()$getEntryFields()$get] Asked field names are: inchikey.
biodb.TRACE[2025-10-18 16:02:15.401][self$getBiodb()$getEntryFields()$get] Realnames of fields are: inchikey.
biodb.TRACE[2025-10-18 16:02:15.402][self$getBiodb()$getEntryFields()$get] 1 fields were returned.
biodb.TRACE[2025-10-18 16:02:15.403][self$getBiodb()$getEntryFields()$get] fields variable is a list.
biodb.TRACE[2025-10-18 16:02:15.404][self$getBiodb()$getEntryFields()$get] Asked field names are: INCHIKEY.
biodb.TRACE[2025-10-18 16:02:15.405][self$getBiodb()$getEntryFields()$get] Realnames of fields are: inchikey.
biodb.TRACE[2025-10-18 16:02:15.406][self$getBiodb()$getEntryFields()$get] 1 fields were returned.
biodb.TRACE[2025-10-18 16:02:15.407][self$getBiodb()$getEntryFields()$get] fields variable is a list.
biodb.TRACE[2025-10-18 16:02:15.424][self$getBiodb()$getEntryFields()$get] Asked field names are: name.
biodb.TRACE[2025-10-18 16:02:15.425][self$getBiodb()$getEntryFields()$get] Realnames of fields are: name.
biodb.TRACE[2025-10-18 16:02:15.426][self$getBiodb()$getEntryFields()$get] 1 fields were returned.
biodb.TRACE[2025-10-18 16:02:15.427][self$getBiodb()$getEntryFields()$get] fields variable is a list.
biodb.TRACE[2025-10-18 16:02:15.428][self$getBiodb()$getEntryFields()$get] Asked field names are: name.
biodb.TRACE[2025-10-18 16:02:15.429][self$getBiodb()$getEntryFields()$get] Realnames of fields are: name.
biodb.TRACE[2025-10-18 16:02:15.430][self$getBiodb()$getEntryFields()$get] 1 fields were returned.
biodb.TRACE[2025-10-18 16:02:15.431][self$getBiodb()$getEntryFields()$get] fields variable is a list.
biodb.TRACE[2025-10-18 16:02:15.431][self$getBiodb()$getEntryFields()$get] Asked field names are: name.
biodb.TRACE[2025-10-18 16:02:15.432][self$getBiodb()$getEntryFields()$get] Realnames of fields are: name.
biodb.TRACE[2025-10-18 16:02:15.433][self$getBiodb()$getEntryFields()$get] 1 fields were returned.
biodb.TRACE[2025-10-18 16:02:15.434][self$getBiodb()$getEntryFields()$get] fields variable is a list.
biodb.TRACE[2025-10-18 16:02:15.435][self$getBiodb()$getEntryFields()$get] Asked field names are: name.
biodb.TRACE[2025-10-18 16:02:15.436][self$getBiodb()$getEntryFields()$get] Realnames of fields are: name.
biodb.TRACE[2025-10-18 16:02:15.437][self$getBiodb()$getEntryFields()$get] 1 fields were returned.
biodb.TRACE[2025-10-18 16:02:15.438][self$getBiodb()$getEntryFields()$get] fields variable is a list.
biodb.TRACE[2025-10-18 16:02:15.439][self$getBiodb()$getEntryFields()$get] Asked field names are: name.
biodb.TRACE[2025-10-18 16:02:15.440][self$getBiodb()$getEntryFields()$get] Realnames of fields are: name.
biodb.TRACE[2025-10-18 16:02:15.441][self$getBiodb()$getEntryFields()$get] 1 fields were returned.
biodb.TRACE[2025-10-18 16:02:15.442][self$getBiodb()$getEntryFields()$get] fields variable is a list.
biodb.TRACE[2025-10-18 16:02:15.443][self$getBiodb()$getEntryFields()$get] Asked field names are: hmdb.metabolites.id.
biodb.TRACE[2025-10-18 16:02:15.444][self$getBiodb()$getEntryFields()$get] Realnames of fields are: hmdb.metabolites.id.
biodb.TRACE[2025-10-18 16:02:15.445][self$getBiodb()$getEntryFields()$get] 1 fields were returned.
biodb.TRACE[2025-10-18 16:02:15.445][self$getBiodb()$getEntryFields()$get] fields variable is a list.
biodb.TRACE[2025-10-18 16:02:15.446][self$getBiodb()$getEntryFields()$get] Asked field names are: hmdb.metabolites.id.
biodb.TRACE[2025-10-18 16:02:15.447][self$getBiodb()$getEntryFields()$get] Realnames of fields are: hmdb.metabolites.id.
biodb.TRACE[2025-10-18 16:02:15.448][self$getBiodb()$getEntryFields()$get] 1 fields were returned.
biodb.TRACE[2025-10-18 16:02:15.449][self$getBiodb()$getEntryFields()$get] fields variable is a list.
biodb.TRACE[2025-10-18 16:02:15.450][self$getBiodb()$getEntryFields()$get] Asked field names are: accession.
biodb.TRACE[2025-10-18 16:02:15.451][self$getBiodb()$getEntryFields()$get] Realnames of fields are: accession.
biodb.TRACE[2025-10-18 16:02:15.452][self$getBiodb()$getEntryFields()$get] 1 fields were returned.
biodb.TRACE[2025-10-18 16:02:15.453][self$getBiodb()$getEntryFields()$get] fields variable is a list.
biodb.TRACE[2025-10-18 16:02:15.454][self$getBiodb()$getEntryFields()$get] Asked field names are: hmdb.metabolites.id.
biodb.TRACE[2025-10-18 16:02:15.455][self$getBiodb()$getEntryFields()$get] Realnames of fields are: hmdb.metabolites.id.
biodb.TRACE[2025-10-18 16:02:15.456][self$getBiodb()$getEntryFields()$get] 1 fields were returned.
biodb.TRACE[2025-10-18 16:02:15.456][self$getBiodb()$getEntryFields()$get] fields variable is a list.
biodb.TRACE[2025-10-18 16:02:15.457][self$getBiodb()$getEntryFields()$get] Asked field names are: accession.
biodb.TRACE[2025-10-18 16:02:15.458][self$getBiodb()$getEntryFields()$get] Realnames of fields are: accession.
biodb.TRACE[2025-10-18 16:02:15.459][self$getBiodb()$getEntryFields()$get] 1 fields were returned.
biodb.TRACE[2025-10-18 16:02:15.460][self$getBiodb()$getEntryFields()$get] fields variable is a list.
biodb.TRACE[2025-10-18 16:02:15.461][self$getBiodb()$getEntryFields()$get] Asked field names are: accession.
biodb.TRACE[2025-10-18 16:02:15.462][self$getBiodb()$getEntryFields()$get] Realnames of fields are: accession.
biodb.TRACE[2025-10-18 16:02:15.463][self$getBiodb()$getEntryFields()$get] 1 fields were returned.
biodb.TRACE[2025-10-18 16:02:15.464][self$getBiodb()$getEntryFields()$get] fields variable is a list.
biodb.TRACE[2025-10-18 16:02:15.465][self$getBiodb()$getEntryFields()$get] Asked field names are: accession.
biodb.TRACE[2025-10-18 16:02:15.466][self$getBiodb()$getEntryFields()$get] Realnames of fields are: accession.
biodb.TRACE[2025-10-18 16:02:15.467][self$getBiodb()$getEntryFields()$get] 1 fields were returned.
biodb.TRACE[2025-10-18 16:02:15.467][self$getBiodb()$getEntryFields()$get] fields variable is a list.
biodb.TRACE[2025-10-18 16:02:15.468][self$getBiodb()$getEntryFields()$get] Asked field names are: accession.
biodb.TRACE[2025-10-18 16:02:15.469][self$getBiodb()$getEntryFields()$get] Realnames of fields are: accession.
biodb.TRACE[2025-10-18 16:02:15.470][self$getBiodb()$getEntryFields()$get] 1 fields were returned.
biodb.TRACE[2025-10-18 16:02:15.471][self$getBiodb()$getEntryFields()$get] fields variable is a list.
biodb.TRACE[2025-10-18 16:02:15.472][self$getBiodb()$getEntryFields()$get] Asked field names are: accession.
biodb.TRACE[2025-10-18 16:02:15.473][self$getBiodb()$getEntryFields()$get] Realnames of fields are: accession.
biodb.TRACE[2025-10-18 16:02:15.474][self$getBiodb()$getEntryFields()$get] 1 fields were returned.
biodb.TRACE[2025-10-18 16:02:15.475][self$getBiodb()$getEntryFields()$get] fields variable is a list.
biodb.TRACE[2025-10-18 16:02:15.476][self$getBiodb()$getEntryFields()$get] Asked field names are: accession.
biodb.TRACE[2025-10-18 16:02:15.477][self$getBiodb()$getEntryFields()$get] Realnames of fields are: accession.
biodb.TRACE[2025-10-18 16:02:15.478][self$getBiodb()$getEntryFields()$get] 1 fields were returned.
biodb.TRACE[2025-10-18 16:02:15.478][self$getBiodb()$getEntryFields()$get] fields variable is a list.
biodb.DEBUG[2025-10-18 16:02:15.479][biodb$getFactory()$createEntryFromCo ...] Accession numbers: HMDB0000001.
biodb.TRACE[2025-10-18 16:02:15.482][self$getBiodb()$getEntryFields()$get] Asked field names are: peak.mz.
biodb.TRACE[2025-10-18 16:02:15.483][self$getBiodb()$getEntryFields()$get] Realnames of fields are: peak.mz.
biodb.TRACE[2025-10-18 16:02:15.484][self$getBiodb()$getEntryFields()$get] 1 fields were returned.
biodb.TRACE[2025-10-18 16:02:15.484][self$getBiodb()$getEntryFields()$get] fields variable is a list.
biodb.TRACE[2025-10-18 16:02:15.485][self$getBiodb()$getEntryFields()$get] Asked field names are: peak.mz.
biodb.TRACE[2025-10-18 16:02:15.490][self$getBiodb()$getEntryFields()$get] Realnames of fields are: peak.mz.
biodb.TRACE[2025-10-18 16:02:15.491][self$getBiodb()$getEntryFields()$get] 1 fields were returned.
biodb.TRACE[2025-10-18 16:02:15.492][self$getBiodb()$getEntryFields()$get] fields variable is a list.
biodb.TRACE[2025-10-18 16:02:15.493][self$getBiodb()$getEntryFields()$get] Asked field names are: peak.mzexp.
biodb.TRACE[2025-10-18 16:02:15.494][self$getBiodb()$getEntryFields()$get] Realnames of fields are: peak.mzexp.
biodb.TRACE[2025-10-18 16:02:15.494][self$getBiodb()$getEntryFields()$get] 1 fields were returned.
biodb.TRACE[2025-10-18 16:02:15.495][self$getBiodb()$getEntryFields()$get] fields variable is a list.
biodb.TRACE[2025-10-18 16:02:15.496][self$getBiodb()$getEntryFields()$get] Asked field names are: peak.mztheo.
biodb.TRACE[2025-10-18 16:02:15.497][self$getBiodb()$getEntryFields()$get] Realnames of fields are: peak.mztheo.
biodb.TRACE[2025-10-18 16:02:15.498][self$getBiodb()$getEntryFields()$get] 1 fields were returned.
biodb.TRACE[2025-10-18 16:02:15.499][self$getBiodb()$getEntryFields()$get] fields variable is a list.
biodb.TRACE[2025-10-18 16:02:15.501][self$getBiodb()$getEntryFields()$get] Asked field names are: accession.
biodb.TRACE[2025-10-18 16:02:15.502][self$getBiodb()$getEntryFields()$get] Realnames of fields are: accession.
biodb.TRACE[2025-10-18 16:02:15.503][self$getBiodb()$getEntryFields()$get] 1 fields were returned.
biodb.TRACE[2025-10-18 16:02:15.504][self$getBiodb()$getEntryFields()$get] fields variable is a list.
biodb.TRACE[2025-10-18 16:02:15.508][self$getBiodb()$getEntryFields()$get] Asked field names are: hmdb.metabolites.id.
biodb.TRACE[2025-10-18 16:02:15.509][self$getBiodb()$getEntryFields()$get] Realnames of fields are: hmdb.metabolites.id.
biodb.TRACE[2025-10-18 16:02:15.510][self$getBiodb()$getEntryFields()$get] 1 fields were returned.
biodb.TRACE[2025-10-18 16:02:15.511][self$getBiodb()$getEntryFields()$get] fields variable is a list.
biodb.TRACE[2025-10-18 16:02:15.515][self$getBiodb()$getEntryFields()$get] Asked field names are: accession.
biodb.TRACE[2025-10-18 16:02:15.516][self$getBiodb()$getEntryFields()$get] Realnames of fields are: accession.
biodb.TRACE[2025-10-18 16:02:15.517][self$getBiodb()$getEntryFields()$get] 1 fields were returned.
biodb.TRACE[2025-10-18 16:02:15.518][self$getBiodb()$getEntryFields()$get] fields variable is a list.
biodb.TRACE[2025-10-18 16:02:15.519][self$getBiodb()$getEntryFields()$get] Asked field names are: accession.
biodb.TRACE[2025-10-18 16:02:15.520][self$getBiodb()$getEntryFields()$get] Realnames of fields are: accession.
biodb.TRACE[2025-10-18 16:02:15.521][self$getBiodb()$getEntryFields()$get] 1 fields were returned.
biodb.TRACE[2025-10-18 16:02:15.522][self$getBiodb()$getEntryFields()$get] fields variable is a list.
biodb.TRACE[2025-10-18 16:02:15.523][self$getBiodb()$getEntryFields()$get] Asked field names are: accession.
biodb.TRACE[2025-10-18 16:02:15.524][self$getBiodb()$getEntryFields()$get] Realnames of fields are: accession.
biodb.TRACE[2025-10-18 16:02:15.525][self$getBiodb()$getEntryFields()$get] 1 fields were returned.
biodb.TRACE[2025-10-18 16:02:15.525][self$getBiodb()$getEntryFields()$get] fields variable is a list.
biodb.TRACE[2025-10-18 16:02:15.528][self$getBiodb()$getEntryFields()$get] Asked field names are: accession.
biodb.TRACE[2025-10-18 16:02:15.529][self$getBiodb()$getEntryFields()$get] Realnames of fields are: accession.
biodb.TRACE[2025-10-18 16:02:15.530][self$getBiodb()$getEntryFields()$get] 1 fields were returned.
biodb.TRACE[2025-10-18 16:02:15.531][self$getBiodb()$getEntryFields()$get] fields variable is a list.
biodb.TRACE[2025-10-18 16:02:15.531][self$getBiodb()$getEntryFields()$get] Asked field names are: accession.
biodb.TRACE[2025-10-18 16:02:15.532][self$getBiodb()$getEntryFields()$get] Realnames of fields are: accession.
biodb.TRACE[2025-10-18 16:02:15.533][self$getBiodb()$getEntryFields()$get] 1 fields were returned.
biodb.TRACE[2025-10-18 16:02:15.534][self$getBiodb()$getEntryFields()$get] fields variable is a list.
biodb.TRACE[2025-10-18 16:02:15.535][self$getBiodb()$getEntryFields()$get] Asked field names are: accession.
biodb.TRACE[2025-10-18 16:02:15.536][self$getBiodb()$getEntryFields()$get] Realnames of fields are: accession.
biodb.TRACE[2025-10-18 16:02:15.537][self$getBiodb()$getEntryFields()$get] 1 fields were returned.
biodb.TRACE[2025-10-18 16:02:15.538][self$getBiodb()$getEntryFields()$get] fields variable is a list.
biodb.TRACE[2025-10-18 16:02:15.539][self$getBiodb()$getEntryFields()$get] Asked field names are: hmdb.metabolites.id.
biodb.TRACE[2025-10-18 16:02:15.540][self$getBiodb()$getEntryFields()$get] Realnames of fields are: hmdb.metabolites.id.
biodb.TRACE[2025-10-18 16:02:15.541][self$getBiodb()$getEntryFields()$get] 1 fields were returned.
biodb.TRACE[2025-10-18 16:02:15.542][self$getBiodb()$getEntryFields()$get] fields variable is a list.
biodb.TRACE[2025-10-18 16:02:15.543][self$getBiodb()$getEntryFields()$get] Asked field names are: hmdb.metabolites.id.
biodb.TRACE[2025-10-18 16:02:15.544][self$getBiodb()$getEntryFields()$get] Realnames of fields are: hmdb.metabolites.id.
biodb.TRACE[2025-10-18 16:02:15.544][self$getBiodb()$getEntryFields()$get] 1 fields were returned.
biodb.TRACE[2025-10-18 16:02:15.545][self$getBiodb()$getEntryFields()$get] fields variable is a list.
biodb.TRACE[2025-10-18 16:02:15.546][self$getBiodb()$getEntryFields()$get] Asked field names are: hmdb.metabolites.id.
biodb.TRACE[2025-10-18 16:02:15.547][self$getBiodb()$getEntryFields()$get] Realnames of fields are: hmdb.metabolites.id.
biodb.TRACE[2025-10-18 16:02:15.548][self$getBiodb()$getEntryFields()$get] 1 fields were returned.
biodb.TRACE[2025-10-18 16:02:15.549][self$getBiodb()$getEntryFields()$get] fields variable is a list.
biodb.TRACE[2025-10-18 16:02:15.556][self$getBiodb()$getEntryFields()$get] Asked field names are: accession.
biodb.TRACE[2025-10-18 16:02:15.557][self$getBiodb()$getEntryFields()$get] Realnames of fields are: accession.
biodb.TRACE[2025-10-18 16:02:15.558][self$getBiodb()$getEntryFields()$get] 1 fields were returned.
biodb.TRACE[2025-10-18 16:02:15.558][self$getBiodb()$getEntryFields()$get] fields variable is a list.
biodb.TRACE[2025-10-18 16:02:15.559][self$getBiodb()$getEntryFields()$get] Asked field names are: accession.
biodb.TRACE[2025-10-18 16:02:15.560][self$getBiodb()$getEntryFields()$get] Realnames of fields are: accession.
biodb.TRACE[2025-10-18 16:02:15.561][self$getBiodb()$getEntryFields()$get] 1 fields were returned.
biodb.TRACE[2025-10-18 16:02:15.562][self$getBiodb()$getEntryFields()$get] fields variable is a list.
biodb.TRACE[2025-10-18 16:02:15.563][self$getBiodb()$getEntryFields()$get] Asked field names are: accession.
biodb.TRACE[2025-10-18 16:02:15.564][self$getBiodb()$getEntryFields()$get] Realnames of fields are: accession.
biodb.TRACE[2025-10-18 16:02:15.565][self$getBiodb()$getEntryFields()$get] 1 fields were returned.
biodb.TRACE[2025-10-18 16:02:15.566][self$getBiodb()$getEntryFields()$get] fields variable is a list.
biodb.TRACE[2025-10-18 16:02:15.567][ef$get] Asked field names are: accession.
biodb.TRACE[2025-10-18 16:02:15.568][ef$get] Realnames of fields are: accession.
biodb.TRACE[2025-10-18 16:02:15.569][ef$get] 1 fields were returned.
biodb.TRACE[2025-10-18 16:02:15.569][ef$get] fields variable is a list.
biodb.TRACE[2025-10-18 16:02:15.570][self$getBiodb()$getEntryFields()$get] Asked field names are: accession.
biodb.TRACE[2025-10-18 16:02:15.571][self$getBiodb()$getEntryFields()$get] Realnames of fields are: accession.
biodb.TRACE[2025-10-18 16:02:15.572][self$getBiodb()$getEntryFields()$get] 1 fields were returned.
biodb.TRACE[2025-10-18 16:02:15.573][self$getBiodb()$getEntryFields()$get] fields variable is a list.
biodb.TRACE[2025-10-18 16:02:15.581][self$getBiodb()$getEntryFields()$get] Asked field names are: secondary.accessions.
biodb.TRACE[2025-10-18 16:02:15.582][self$getBiodb()$getEntryFields()$get] Realnames of fields are: secondary.accessions.
biodb.TRACE[2025-10-18 16:02:15.582][self$getBiodb()$getEntryFields()$get] 1 fields were returned.
biodb.TRACE[2025-10-18 16:02:15.583][self$getBiodb()$getEntryFields()$get] fields variable is a list.
biodb.TRACE[2025-10-18 16:02:15.584][self$getBiodb()$getEntryFields()$get] Asked field names are: secondary.accessions.
biodb.TRACE[2025-10-18 16:02:15.585][self$getBiodb()$getEntryFields()$get] Realnames of fields are: secondary.accessions.
biodb.TRACE[2025-10-18 16:02:15.586][self$getBiodb()$getEntryFields()$get] 1 fields were returned.
biodb.TRACE[2025-10-18 16:02:15.587][self$getBiodb()$getEntryFields()$get] fields variable is a list.
biodb.TRACE[2025-10-18 16:02:15.588][self$getBiodb()$getEntryFields()$get] Asked field names are: secondary.accessions.
biodb.TRACE[2025-10-18 16:02:15.589][self$getBiodb()$getEntryFields()$get] Realnames of fields are: secondary.accessions.
biodb.TRACE[2025-10-18 16:02:15.590][self$getBiodb()$getEntryFields()$get] 1 fields were returned.
biodb.TRACE[2025-10-18 16:02:15.591][self$getBiodb()$getEntryFields()$get] fields variable is a list.
biodb.TRACE[2025-10-18 16:02:15.592][ef$get] Asked field names are: secondary.accessions.
biodb.TRACE[2025-10-18 16:02:15.593][ef$get] Realnames of fields are: secondary.accessions.
biodb.TRACE[2025-10-18 16:02:15.593][ef$get] 1 fields were returned.
biodb.TRACE[2025-10-18 16:02:15.594][ef$get] fields variable is a list.
biodb.TRACE[2025-10-18 16:02:15.595][self$getBiodb()$getEntryFields()$get] Asked field names are: secondary.accessions.
biodb.TRACE[2025-10-18 16:02:15.596][self$getBiodb()$getEntryFields()$get] Realnames of fields are: secondary.accessions.
biodb.TRACE[2025-10-18 16:02:15.597][self$getBiodb()$getEntryFields()$get] 1 fields were returned.
biodb.TRACE[2025-10-18 16:02:15.598][self$getBiodb()$getEntryFields()$get] fields variable is a list.
biodb.TRACE[2025-10-18 16:02:15.609][self$getBiodb()$getEntryFields()$get] Asked field names are: chemspider.id.
biodb.TRACE[2025-10-18 16:02:15.610][self$getBiodb()$getEntryFields()$get] Realnames of fields are: chemspider.id.
biodb.TRACE[2025-10-18 16:02:15.611][self$getBiodb()$getEntryFields()$get] 1 fields were returned.
biodb.TRACE[2025-10-18 16:02:15.612][self$getBiodb()$getEntryFields()$get] fields variable is a list.
biodb.TRACE[2025-10-18 16:02:15.612][self$getBiodb()$getEntryFields()$get] Asked field names are: chemspider.id.
biodb.TRACE[2025-10-18 16:02:15.613][self$getBiodb()$getEntryFields()$get] Realnames of fields are: chemspider.id.
biodb.TRACE[2025-10-18 16:02:15.614][self$getBiodb()$getEntryFields()$get] 1 fields were returned.
biodb.TRACE[2025-10-18 16:02:15.615][self$getBiodb()$getEntryFields()$get] fields variable is a list.
biodb.TRACE[2025-10-18 16:02:15.616][self$getBiodb()$getEntryFields()$get] Asked field names are: chemspider.id.
biodb.TRACE[2025-10-18 16:02:15.617][self$getBiodb()$getEntryFields()$get] Realnames of fields are: chemspider.id.
biodb.TRACE[2025-10-18 16:02:15.618][self$getBiodb()$getEntryFields()$get] 1 fields were returned.
biodb.TRACE[2025-10-18 16:02:15.619][self$getBiodb()$getEntryFields()$get] fields variable is a list.
biodb.TRACE[2025-10-18 16:02:15.620][ef$get] Asked field names are: chemspider.id.
biodb.TRACE[2025-10-18 16:02:15.621][ef$get] Realnames of fields are: chemspider.id.
biodb.TRACE[2025-10-18 16:02:15.622][ef$get] 1 fields were returned.
biodb.TRACE[2025-10-18 16:02:15.623][ef$get] fields variable is a list.
biodb.TRACE[2025-10-18 16:02:15.624][self$getBiodb()$getEntryFields()$get] Asked field names are: chemspider.id.
biodb.TRACE[2025-10-18 16:02:15.625][self$getBiodb()$getEntryFields()$get] Realnames of fields are: chemspider.id.
biodb.TRACE[2025-10-18 16:02:15.625][self$getBiodb()$getEntryFields()$get] 1 fields were returned.
biodb.TRACE[2025-10-18 16:02:15.626][self$getBiodb()$getEntryFields()$get] fields variable is a list.
biodb.TRACE[2025-10-18 16:02:15.633][self$getBiodb()$getEntryFields()$get] Asked field names are: ncbi.pubchem.comp.id.
biodb.TRACE[2025-10-18 16:02:15.634][self$getBiodb()$getEntryFields()$get] Realnames of fields are: ncbi.pubchem.comp.id.
biodb.TRACE[2025-10-18 16:02:15.635][self$getBiodb()$getEntryFields()$get] 1 fields were returned.
biodb.TRACE[2025-10-18 16:02:15.636][self$getBiodb()$getEntryFields()$get] fields variable is a list.
biodb.TRACE[2025-10-18 16:02:15.637][self$getBiodb()$getEntryFields()$get] Asked field names are: ncbi.pubchem.comp.id.
biodb.TRACE[2025-10-18 16:02:15.638][self$getBiodb()$getEntryFields()$get] Realnames of fields are: ncbi.pubchem.comp.id.
biodb.TRACE[2025-10-18 16:02:15.639][self$getBiodb()$getEntryFields()$get] 1 fields were returned.
biodb.TRACE[2025-10-18 16:02:15.640][self$getBiodb()$getEntryFields()$get] fields variable is a list.
biodb.TRACE[2025-10-18 16:02:15.641][self$getBiodb()$getEntryFields()$get] Asked field names are: ncbi.pubchem.comp.id.
biodb.TRACE[2025-10-18 16:02:15.642][self$getBiodb()$getEntryFields()$get] Realnames of fields are: ncbi.pubchem.comp.id.
biodb.TRACE[2025-10-18 16:02:15.643][self$getBiodb()$getEntryFields()$get] 1 fields were returned.
biodb.TRACE[2025-10-18 16:02:15.644][self$getBiodb()$getEntryFields()$get] fields variable is a list.
biodb.TRACE[2025-10-18 16:02:15.644][ef$get] Asked field names are: ncbi.pubchem.comp.id.
biodb.TRACE[2025-10-18 16:02:15.645][ef$get] Realnames of fields are: ncbi.pubchem.comp.id.
biodb.TRACE[2025-10-18 16:02:15.646][ef$get] 1 fields were returned.
biodb.TRACE[2025-10-18 16:02:15.647][ef$get] fields variable is a list.
biodb.TRACE[2025-10-18 16:02:15.648][self$getBiodb()$getEntryFields()$get] Asked field names are: ncbi.pubchem.comp.id.
biodb.TRACE[2025-10-18 16:02:15.649][self$getBiodb()$getEntryFields()$get] Realnames of fields are: ncbi.pubchem.comp.id.
biodb.TRACE[2025-10-18 16:02:15.650][self$getBiodb()$getEntryFields()$get] 1 fields were returned.
biodb.TRACE[2025-10-18 16:02:15.651][self$getBiodb()$getEntryFields()$get] fields variable is a list.
biodb.TRACE[2025-10-18 16:02:15.658][self$getBiodb()$getEntryFields()$get] Asked field names are: chebi.id.
biodb.TRACE[2025-10-18 16:02:15.659][self$getBiodb()$getEntryFields()$get] Realnames of fields are: chebi.id.
biodb.TRACE[2025-10-18 16:02:15.660][self$getBiodb()$getEntryFields()$get] 1 fields were returned.
biodb.TRACE[2025-10-18 16:02:15.661][self$getBiodb()$getEntryFields()$get] fields variable is a list.
biodb.TRACE[2025-10-18 16:02:15.662][self$getBiodb()$getEntryFields()$get] Asked field names are: chebi.id.
biodb.TRACE[2025-10-18 16:02:15.663][self$getBiodb()$getEntryFields()$get] Realnames of fields are: chebi.id.
biodb.TRACE[2025-10-18 16:02:15.663][self$getBiodb()$getEntryFields()$get] 1 fields were returned.
biodb.TRACE[2025-10-18 16:02:15.664][self$getBiodb()$getEntryFields()$get] fields variable is a list.
biodb.TRACE[2025-10-18 16:02:15.665][self$getBiodb()$getEntryFields()$get] Asked field names are: chebi.id.
biodb.TRACE[2025-10-18 16:02:15.666][self$getBiodb()$getEntryFields()$get] Realnames of fields are: chebi.id.
biodb.TRACE[2025-10-18 16:02:15.667][self$getBiodb()$getEntryFields()$get] 1 fields were returned.
biodb.TRACE[2025-10-18 16:02:15.668][self$getBiodb()$getEntryFields()$get] fields variable is a list.
biodb.TRACE[2025-10-18 16:02:15.669][ef$get] Asked field names are: chebi.id.
biodb.TRACE[2025-10-18 16:02:15.670][ef$get] Realnames of fields are: chebi.id.
biodb.TRACE[2025-10-18 16:02:15.671][ef$get] 1 fields were returned.
biodb.TRACE[2025-10-18 16:02:15.672][ef$get] fields variable is a list.
biodb.TRACE[2025-10-18 16:02:15.673][self$getBiodb()$getEntryFields()$get] Asked field names are: chebi.id.
biodb.TRACE[2025-10-18 16:02:15.674][self$getBiodb()$getEntryFields()$get] Realnames of fields are: chebi.id.
biodb.TRACE[2025-10-18 16:02:15.674][self$getBiodb()$getEntryFields()$get] 1 fields were returned.
biodb.TRACE[2025-10-18 16:02:15.675][self$getBiodb()$getEntryFields()$get] fields variable is a list.
biodb.TRACE[2025-10-18 16:02:15.682][self$getBiodb()$getEntryFields()$get] Asked field names are: kegg.compound.id.
biodb.TRACE[2025-10-18 16:02:15.683][self$getBiodb()$getEntryFields()$get] Realnames of fields are: kegg.compound.id.
biodb.TRACE[2025-10-18 16:02:15.684][self$getBiodb()$getEntryFields()$get] 1 fields were returned.
biodb.TRACE[2025-10-18 16:02:15.685][self$getBiodb()$getEntryFields()$get] fields variable is a list.
biodb.TRACE[2025-10-18 16:02:15.686][self$getBiodb()$getEntryFields()$get] Asked field names are: kegg.compound.id.
biodb.TRACE[2025-10-18 16:02:15.687][self$getBiodb()$getEntryFields()$get] Realnames of fields are: kegg.compound.id.
biodb.TRACE[2025-10-18 16:02:15.688][self$getBiodb()$getEntryFields()$get] 1 fields were returned.
biodb.TRACE[2025-10-18 16:02:15.689][self$getBiodb()$getEntryFields()$get] fields variable is a list.
biodb.TRACE[2025-10-18 16:02:15.690][self$getBiodb()$getEntryFields()$get] Asked field names are: kegg.compound.id.
biodb.TRACE[2025-10-18 16:02:15.691][self$getBiodb()$getEntryFields()$get] Realnames of fields are: kegg.compound.id.
biodb.TRACE[2025-10-18 16:02:15.692][self$getBiodb()$getEntryFields()$get] 1 fields were returned.
biodb.TRACE[2025-10-18 16:02:15.693][self$getBiodb()$getEntryFields()$get] fields variable is a list.
biodb.TRACE[2025-10-18 16:02:15.693][ef$get] Asked field names are: kegg.compound.id.
biodb.TRACE[2025-10-18 16:02:15.694][ef$get] Realnames of fields are: kegg.compound.id.
biodb.TRACE[2025-10-18 16:02:15.695][ef$get] 1 fields were returned.
biodb.TRACE[2025-10-18 16:02:15.696][ef$get] fields variable is a list.
biodb.TRACE[2025-10-18 16:02:15.697][self$getBiodb()$getEntryFields()$get] Asked field names are: kegg.compound.id.
biodb.TRACE[2025-10-18 16:02:15.698][self$getBiodb()$getEntryFields()$get] Realnames of fields are: kegg.compound.id.
biodb.TRACE[2025-10-18 16:02:15.699][self$getBiodb()$getEntryFields()$get] 1 fields were returned.
biodb.TRACE[2025-10-18 16:02:15.700][self$getBiodb()$getEntryFields()$get] fields variable is a list.
biodb.TRACE[2025-10-18 16:02:15.707][self$getBiodb()$getEntryFields()$get] Asked field names are: name.
biodb.TRACE[2025-10-18 16:02:15.708][self$getBiodb()$getEntryFields()$get] Realnames of fields are: name.
biodb.TRACE[2025-10-18 16:02:15.709][self$getBiodb()$getEntryFields()$get] 1 fields were returned.
biodb.TRACE[2025-10-18 16:02:15.710][self$getBiodb()$getEntryFields()$get] fields variable is a list.
biodb.TRACE[2025-10-18 16:02:15.711][self$getBiodb()$getEntryFields()$get] Asked field names are: name.
biodb.TRACE[2025-10-18 16:02:15.712][self$getBiodb()$getEntryFields()$get] Realnames of fields are: name.
biodb.TRACE[2025-10-18 16:02:15.712][self$getBiodb()$getEntryFields()$get] 1 fields were returned.
biodb.TRACE[2025-10-18 16:02:15.713][self$getBiodb()$getEntryFields()$get] fields variable is a list.
biodb.TRACE[2025-10-18 16:02:15.714][self$getBiodb()$getEntryFields()$get] Asked field names are: name.
biodb.TRACE[2025-10-18 16:02:15.715][self$getBiodb()$getEntryFields()$get] Realnames of fields are: name.
biodb.TRACE[2025-10-18 16:02:15.716][self$getBiodb()$getEntryFields()$get] 1 fields were returned.
biodb.TRACE[2025-10-18 16:02:15.721][self$getBiodb()$getEntryFields()$get] fields variable is a list.
biodb.TRACE[2025-10-18 16:02:15.722][ef$get] Asked field names are: name.
biodb.TRACE[2025-10-18 16:02:15.723][ef$get] Realnames of fields are: name.
biodb.TRACE[2025-10-18 16:02:15.723][ef$get] 1 fields were returned.
biodb.TRACE[2025-10-18 16:02:15.724][ef$get] fields variable is a list.
biodb.TRACE[2025-10-18 16:02:15.725][self$getBiodb()$getEntryFields()$get] Asked field names are: name.
biodb.TRACE[2025-10-18 16:02:15.726][self$getBiodb()$getEntryFields()$get] Realnames of fields are: name.
biodb.TRACE[2025-10-18 16:02:15.727][self$getBiodb()$getEntryFields()$get] 1 fields were returned.
biodb.TRACE[2025-10-18 16:02:15.728][self$getBiodb()$getEntryFields()$get] fields variable is a list.
biodb.TRACE[2025-10-18 16:02:15.735][self$getBiodb()$getEntryFields()$get] Asked field names are: description.
biodb.TRACE[2025-10-18 16:02:15.736][self$getBiodb()$getEntryFields()$get] Realnames of fields are: description.
biodb.TRACE[2025-10-18 16:02:15.737][self$getBiodb()$getEntryFields()$get] 1 fields were returned.
biodb.TRACE[2025-10-18 16:02:15.738][self$getBiodb()$getEntryFields()$get] fields variable is a list.
biodb.TRACE[2025-10-18 16:02:15.739][self$getBiodb()$getEntryFields()$get] Asked field names are: description.
biodb.TRACE[2025-10-18 16:02:15.740][self$getBiodb()$getEntryFields()$get] Realnames of fields are: description.
biodb.TRACE[2025-10-18 16:02:15.741][self$getBiodb()$getEntryFields()$get] 1 fields were returned.
biodb.TRACE[2025-10-18 16:02:15.742][self$getBiodb()$getEntryFields()$get] fields variable is a list.
biodb.TRACE[2025-10-18 16:02:15.742][self$getBiodb()$getEntryFields()$get] Asked field names are: description.
biodb.TRACE[2025-10-18 16:02:15.743][self$getBiodb()$getEntryFields()$get] Realnames of fields are: description.
biodb.TRACE[2025-10-18 16:02:15.744][self$getBiodb()$getEntryFields()$get] 1 fields were returned.
biodb.TRACE[2025-10-18 16:02:15.745][self$getBiodb()$getEntryFields()$get] fields variable is a list.
biodb.TRACE[2025-10-18 16:02:15.746][ef$get] Asked field names are: description.
biodb.TRACE[2025-10-18 16:02:15.747][ef$get] Realnames of fields are: description.
biodb.TRACE[2025-10-18 16:02:15.748][ef$get] 1 fields were returned.
biodb.TRACE[2025-10-18 16:02:15.749][ef$get] fields variable is a list.
biodb.TRACE[2025-10-18 16:02:15.750][self$getBiodb()$getEntryFields()$get] Asked field names are: description.
biodb.TRACE[2025-10-18 16:02:15.751][self$getBiodb()$getEntryFields()$get] Realnames of fields are: description.
biodb.TRACE[2025-10-18 16:02:15.752][self$getBiodb()$getEntryFields()$get] 1 fields were returned.
biodb.TRACE[2025-10-18 16:02:15.753][self$getBiodb()$getEntryFields()$get] fields variable is a list.
biodb.TRACE[2025-10-18 16:02:15.760][self$getBiodb()$getEntryFields()$get] Asked field names are: formula.
biodb.TRACE[2025-10-18 16:02:15.761][self$getBiodb()$getEntryFields()$get] Realnames of fields are: formula.
biodb.TRACE[2025-10-18 16:02:15.762][self$getBiodb()$getEntryFields()$get] 1 fields were returned.
biodb.TRACE[2025-10-18 16:02:15.762][self$getBiodb()$getEntryFields()$get] fields variable is a list.
biodb.TRACE[2025-10-18 16:02:15.763][self$getBiodb()$getEntryFields()$get] Asked field names are: formula.
biodb.TRACE[2025-10-18 16:02:15.764][self$getBiodb()$getEntryFields()$get] Realnames of fields are: formula.
biodb.TRACE[2025-10-18 16:02:15.765][self$getBiodb()$getEntryFields()$get] 1 fields were returned.
biodb.TRACE[2025-10-18 16:02:15.766][self$getBiodb()$getEntryFields()$get] fields variable is a list.
biodb.TRACE[2025-10-18 16:02:15.767][self$getBiodb()$getEntryFields()$get] Asked field names are: formula.
biodb.TRACE[2025-10-18 16:02:15.768][self$getBiodb()$getEntryFields()$get] Realnames of fields are: formula.
biodb.TRACE[2025-10-18 16:02:15.769][self$getBiodb()$getEntryFields()$get] 1 fields were returned.
biodb.TRACE[2025-10-18 16:02:15.770][self$getBiodb()$getEntryFields()$get] fields variable is a list.
biodb.TRACE[2025-10-18 16:02:15.771][ef$get] Asked field names are: formula.
biodb.TRACE[2025-10-18 16:02:15.772][ef$get] Realnames of fields are: formula.
biodb.TRACE[2025-10-18 16:02:15.773][ef$get] 1 fields were returned.
biodb.TRACE[2025-10-18 16:02:15.773][ef$get] fields variable is a list.
biodb.TRACE[2025-10-18 16:02:15.774][self$getBiodb()$getEntryFields()$get] Asked field names are: formula.
biodb.TRACE[2025-10-18 16:02:15.775][self$getBiodb()$getEntryFields()$get] Realnames of fields are: formula.
biodb.TRACE[2025-10-18 16:02:15.776][self$getBiodb()$getEntryFields()$get] 1 fields were returned.
biodb.TRACE[2025-10-18 16:02:15.777][self$getBiodb()$getEntryFields()$get] fields variable is a list.
biodb.TRACE[2025-10-18 16:02:15.784][self$getBiodb()$getEntryFields()$get] Asked field names are: average.mass.
biodb.TRACE[2025-10-18 16:02:15.785][self$getBiodb()$getEntryFields()$get] Realnames of fields are: average.mass.
biodb.TRACE[2025-10-18 16:02:15.786][self$getBiodb()$getEntryFields()$get] 1 fields were returned.
biodb.TRACE[2025-10-18 16:02:15.787][self$getBiodb()$getEntryFields()$get] fields variable is a list.
biodb.TRACE[2025-10-18 16:02:15.788][self$getBiodb()$getEntryFields()$get] Asked field names are: average.mass.
biodb.TRACE[2025-10-18 16:02:15.789][self$getBiodb()$getEntryFields()$get] Realnames of fields are: average.mass.
biodb.TRACE[2025-10-18 16:02:15.790][self$getBiodb()$getEntryFields()$get] 1 fields were returned.
biodb.TRACE[2025-10-18 16:02:15.791][self$getBiodb()$getEntryFields()$get] fields variable is a list.
biodb.TRACE[2025-10-18 16:02:15.792][self$getBiodb()$getEntryFields()$get] Asked field names are: average.mass.
biodb.TRACE[2025-10-18 16:02:15.792][self$getBiodb()$getEntryFields()$get] Realnames of fields are: average.mass.
biodb.TRACE[2025-10-18 16:02:15.793][self$getBiodb()$getEntryFields()$get] 1 fields were returned.
biodb.TRACE[2025-10-18 16:02:15.794][self$getBiodb()$getEntryFields()$get] fields variable is a list.
biodb.TRACE[2025-10-18 16:02:15.795][ef$get] Asked field names are: average.mass.
biodb.TRACE[2025-10-18 16:02:15.796][ef$get] Realnames of fields are: average.mass.
biodb.TRACE[2025-10-18 16:02:15.797][ef$get] 1 fields were returned.
biodb.TRACE[2025-10-18 16:02:15.798][ef$get] fields variable is a list.
biodb.TRACE[2025-10-18 16:02:15.799][self$getBiodb()$getEntryFields()$get] Asked field names are: average.mass.
biodb.TRACE[2025-10-18 16:02:15.800][self$getBiodb()$getEntryFields()$get] Realnames of fields are: average.mass.
biodb.TRACE[2025-10-18 16:02:15.801][self$getBiodb()$getEntryFields()$get] 1 fields were returned.
biodb.TRACE[2025-10-18 16:02:15.802][self$getBiodb()$getEntryFields()$get] fields variable is a list.
biodb.TRACE[2025-10-18 16:02:15.809][self$getBiodb()$getEntryFields()$get] Asked field names are: monoisotopic.mass.
biodb.TRACE[2025-10-18 16:02:15.810][self$getBiodb()$getEntryFields()$get] Realnames of fields are: monoisotopic.mass.
biodb.TRACE[2025-10-18 16:02:15.811][self$getBiodb()$getEntryFields()$get] 1 fields were returned.
biodb.TRACE[2025-10-18 16:02:15.812][self$getBiodb()$getEntryFields()$get] fields variable is a list.
biodb.TRACE[2025-10-18 16:02:15.812][self$getBiodb()$getEntryFields()$get] Asked field names are: monoisotopic.mass.
biodb.TRACE[2025-10-18 16:02:15.813][self$getBiodb()$getEntryFields()$get] Realnames of fields are: monoisotopic.mass.
biodb.TRACE[2025-10-18 16:02:15.814][self$getBiodb()$getEntryFields()$get] 1 fields were returned.
biodb.TRACE[2025-10-18 16:02:15.815][self$getBiodb()$getEntryFields()$get] fields variable is a list.
biodb.TRACE[2025-10-18 16:02:15.816][self$getBiodb()$getEntryFields()$get] Asked field names are: monoisotopic.mass.
biodb.TRACE[2025-10-18 16:02:15.817][self$getBiodb()$getEntryFields()$get] Realnames of fields are: monoisotopic.mass.
biodb.TRACE[2025-10-18 16:02:15.818][self$getBiodb()$getEntryFields()$get] 1 fields were returned.
biodb.TRACE[2025-10-18 16:02:15.819][self$getBiodb()$getEntryFields()$get] fields variable is a list.
biodb.TRACE[2025-10-18 16:02:15.820][ef$get] Asked field names are: monoisotopic.mass.
biodb.TRACE[2025-10-18 16:02:15.821][ef$get] Realnames of fields are: monoisotopic.mass.
biodb.TRACE[2025-10-18 16:02:15.822][ef$get] 1 fields were returned.
biodb.TRACE[2025-10-18 16:02:15.822][ef$get] fields variable is a list.
biodb.TRACE[2025-10-18 16:02:15.823][self$getBiodb()$getEntryFields()$get] Asked field names are: monoisotopic.mass.
biodb.TRACE[2025-10-18 16:02:15.824][self$getBiodb()$getEntryFields()$get] Realnames of fields are: monoisotopic.mass.
biodb.TRACE[2025-10-18 16:02:15.825][self$getBiodb()$getEntryFields()$get] 1 fields were returned.
biodb.TRACE[2025-10-18 16:02:15.826][self$getBiodb()$getEntryFields()$get] fields variable is a list.
biodb.TRACE[2025-10-18 16:02:15.837][self$getBiodb()$getEntryFields()$get] Asked field names are: comp.super.class.
biodb.TRACE[2025-10-18 16:02:15.838][self$getBiodb()$getEntryFields()$get] Realnames of fields are: comp.super.class.
biodb.TRACE[2025-10-18 16:02:15.839][self$getBiodb()$getEntryFields()$get] 1 fields were returned.
biodb.TRACE[2025-10-18 16:02:15.839][self$getBiodb()$getEntryFields()$get] fields variable is a list.
biodb.TRACE[2025-10-18 16:02:15.840][self$getBiodb()$getEntryFields()$get] Asked field names are: comp.super.class.
biodb.TRACE[2025-10-18 16:02:15.841][self$getBiodb()$getEntryFields()$get] Realnames of fields are: comp.super.class.
biodb.TRACE[2025-10-18 16:02:15.842][self$getBiodb()$getEntryFields()$get] 1 fields were returned.
biodb.TRACE[2025-10-18 16:02:15.843][self$getBiodb()$getEntryFields()$get] fields variable is a list.
biodb.TRACE[2025-10-18 16:02:15.844][self$getBiodb()$getEntryFields()$get] Asked field names are: comp.super.class.
biodb.TRACE[2025-10-18 16:02:15.845][self$getBiodb()$getEntryFields()$get] Realnames of fields are: comp.super.class.
biodb.TRACE[2025-10-18 16:02:15.846][self$getBiodb()$getEntryFields()$get] 1 fields were returned.
biodb.TRACE[2025-10-18 16:02:15.847][self$getBiodb()$getEntryFields()$get] fields variable is a list.
biodb.TRACE[2025-10-18 16:02:15.848][ef$get] Asked field names are: comp.super.class.
biodb.TRACE[2025-10-18 16:02:15.849][ef$get] Realnames of fields are: comp.super.class.
biodb.TRACE[2025-10-18 16:02:15.850][ef$get] 1 fields were returned.
biodb.TRACE[2025-10-18 16:02:15.851][ef$get] fields variable is a list.
biodb.TRACE[2025-10-18 16:02:15.851][self$getBiodb()$getEntryFields()$get] Asked field names are: comp.super.class.
biodb.TRACE[2025-10-18 16:02:15.852][self$getBiodb()$getEntryFields()$get] Realnames of fields are: comp.super.class.
biodb.TRACE[2025-10-18 16:02:15.853][self$getBiodb()$getEntryFields()$get] 1 fields were returned.
biodb.TRACE[2025-10-18 16:02:15.854][self$getBiodb()$getEntryFields()$get] fields variable is a list.
biodb.TRACE[2025-10-18 16:02:15.861][self$getBiodb()$getEntryFields()$get] Asked field names are: comp.iupac.name.syst.
biodb.TRACE[2025-10-18 16:02:15.862][self$getBiodb()$getEntryFields()$get] Realnames of fields are: comp.iupac.name.syst.
biodb.TRACE[2025-10-18 16:02:15.863][self$getBiodb()$getEntryFields()$get] 1 fields were returned.
biodb.TRACE[2025-10-18 16:02:15.864][self$getBiodb()$getEntryFields()$get] fields variable is a list.
biodb.TRACE[2025-10-18 16:02:15.865][self$getBiodb()$getEntryFields()$get] Asked field names are: comp.iupac.name.syst.
biodb.TRACE[2025-10-18 16:02:15.866][self$getBiodb()$getEntryFields()$get] Realnames of fields are: comp.iupac.name.syst.
biodb.TRACE[2025-10-18 16:02:15.867][self$getBiodb()$getEntryFields()$get] 1 fields were returned.
biodb.TRACE[2025-10-18 16:02:15.868][self$getBiodb()$getEntryFields()$get] fields variable is a list.
biodb.TRACE[2025-10-18 16:02:15.869][self$getBiodb()$getEntryFields()$get] Asked field names are: comp.iupac.name.syst.
biodb.TRACE[2025-10-18 16:02:15.870][self$getBiodb()$getEntryFields()$get] Realnames of fields are: comp.iupac.name.syst.
biodb.TRACE[2025-10-18 16:02:15.870][self$getBiodb()$getEntryFields()$get] 1 fields were returned.
biodb.TRACE[2025-10-18 16:02:15.871][self$getBiodb()$getEntryFields()$get] fields variable is a list.
biodb.TRACE[2025-10-18 16:02:15.872][ef$get] Asked field names are: comp.iupac.name.syst.
biodb.TRACE[2025-10-18 16:02:15.873][ef$get] Realnames of fields are: comp.iupac.name.syst.
biodb.TRACE[2025-10-18 16:02:15.874][ef$get] 1 fields were returned.
biodb.TRACE[2025-10-18 16:02:15.875][ef$get] fields variable is a list.
biodb.TRACE[2025-10-18 16:02:15.876][self$getBiodb()$getEntryFields()$get] Asked field names are: comp.iupac.name.syst.
biodb.TRACE[2025-10-18 16:02:15.877][self$getBiodb()$getEntryFields()$get] Realnames of fields are: comp.iupac.name.syst.
biodb.TRACE[2025-10-18 16:02:15.878][self$getBiodb()$getEntryFields()$get] 1 fields were returned.
biodb.TRACE[2025-10-18 16:02:15.879][self$getBiodb()$getEntryFields()$get] fields variable is a list.
biodb.TRACE[2025-10-18 16:02:15.886][self$getBiodb()$getEntryFields()$get] Asked field names are: comp.iupac.name.trad.
biodb.TRACE[2025-10-18 16:02:15.887][self$getBiodb()$getEntryFields()$get] Realnames of fields are: comp.iupac.name.trad.
biodb.TRACE[2025-10-18 16:02:15.888][self$getBiodb()$getEntryFields()$get] 1 fields were returned.
biodb.TRACE[2025-10-18 16:02:15.888][self$getBiodb()$getEntryFields()$get] fields variable is a list.
biodb.TRACE[2025-10-18 16:02:15.889][self$getBiodb()$getEntryFields()$get] Asked field names are: comp.iupac.name.trad.
biodb.TRACE[2025-10-18 16:02:15.890][self$getBiodb()$getEntryFields()$get] Realnames of fields are: comp.iupac.name.trad.
biodb.TRACE[2025-10-18 16:02:15.891][self$getBiodb()$getEntryFields()$get] 1 fields were returned.
biodb.TRACE[2025-10-18 16:02:15.892][self$getBiodb()$getEntryFields()$get] fields variable is a list.
biodb.TRACE[2025-10-18 16:02:15.893][self$getBiodb()$getEntryFields()$get] Asked field names are: comp.iupac.name.trad.
biodb.TRACE[2025-10-18 16:02:15.894][self$getBiodb()$getEntryFields()$get] Realnames of fields are: comp.iupac.name.trad.
biodb.TRACE[2025-10-18 16:02:15.895][self$getBiodb()$getEntryFields()$get] 1 fields were returned.
biodb.TRACE[2025-10-18 16:02:15.896][self$getBiodb()$getEntryFields()$get] fields variable is a list.
biodb.TRACE[2025-10-18 16:02:15.897][ef$get] Asked field names are: comp.iupac.name.trad.
biodb.TRACE[2025-10-18 16:02:15.898][ef$get] Realnames of fields are: comp.iupac.name.trad.
biodb.TRACE[2025-10-18 16:02:15.899][ef$get] 1 fields were returned.
biodb.TRACE[2025-10-18 16:02:15.900][ef$get] fields variable is a list.
biodb.TRACE[2025-10-18 16:02:15.901][self$getBiodb()$getEntryFields()$get] Asked field names are: comp.iupac.name.trad.
biodb.TRACE[2025-10-18 16:02:15.902][self$getBiodb()$getEntryFields()$get] Realnames of fields are: comp.iupac.name.trad.
biodb.TRACE[2025-10-18 16:02:15.903][self$getBiodb()$getEntryFields()$get] 1 fields were returned.
biodb.TRACE[2025-10-18 16:02:15.904][self$getBiodb()$getEntryFields()$get] fields variable is a list.
biodb.TRACE[2025-10-18 16:02:15.911][self$getBiodb()$getEntryFields()$get] Asked field names are: smiles.
biodb.TRACE[2025-10-18 16:02:15.912][self$getBiodb()$getEntryFields()$get] Realnames of fields are: smiles.
biodb.TRACE[2025-10-18 16:02:15.913][self$getBiodb()$getEntryFields()$get] 1 fields were returned.
biodb.TRACE[2025-10-18 16:02:15.914][self$getBiodb()$getEntryFields()$get] fields variable is a list.
biodb.TRACE[2025-10-18 16:02:15.915][self$getBiodb()$getEntryFields()$get] Asked field names are: smiles.
biodb.TRACE[2025-10-18 16:02:15.916][self$getBiodb()$getEntryFields()$get] Realnames of fields are: smiles.
biodb.TRACE[2025-10-18 16:02:15.917][self$getBiodb()$getEntryFields()$get] 1 fields were returned.
biodb.TRACE[2025-10-18 16:02:15.917][self$getBiodb()$getEntryFields()$get] fields variable is a list.
biodb.TRACE[2025-10-18 16:02:15.918][self$getBiodb()$getEntryFields()$get] Asked field names are: smiles.
biodb.TRACE[2025-10-18 16:02:15.919][self$getBiodb()$getEntryFields()$get] Realnames of fields are: smiles.
biodb.TRACE[2025-10-18 16:02:15.920][self$getBiodb()$getEntryFields()$get] 1 fields were returned.
biodb.TRACE[2025-10-18 16:02:15.921][self$getBiodb()$getEntryFields()$get] fields variable is a list.
biodb.TRACE[2025-10-18 16:02:15.922][ef$get] Asked field names are: smiles.
biodb.TRACE[2025-10-18 16:02:15.923][ef$get] Realnames of fields are: smiles.
biodb.TRACE[2025-10-18 16:02:15.924][ef$get] 1 fields were returned.
biodb.TRACE[2025-10-18 16:02:15.925][ef$get] fields variable is a list.
biodb.TRACE[2025-10-18 16:02:15.926][self$getBiodb()$getEntryFields()$get] Asked field names are: smiles.
biodb.TRACE[2025-10-18 16:02:15.927][self$getBiodb()$getEntryFields()$get] Realnames of fields are: smiles.
biodb.TRACE[2025-10-18 16:02:15.927][self$getBiodb()$getEntryFields()$get] 1 fields were returned.
biodb.TRACE[2025-10-18 16:02:15.928][self$getBiodb()$getEntryFields()$get] fields variable is a list.
biodb.TRACE[2025-10-18 16:02:15.935][self$getBiodb()$getEntryFields()$get] Asked field names are: inchi.
biodb.TRACE[2025-10-18 16:02:15.936][self$getBiodb()$getEntryFields()$get] Realnames of fields are: inchi.
biodb.TRACE[2025-10-18 16:02:15.937][self$getBiodb()$getEntryFields()$get] 1 fields were returned.
biodb.TRACE[2025-10-18 16:02:15.938][self$getBiodb()$getEntryFields()$get] fields variable is a list.
biodb.TRACE[2025-10-18 16:02:15.939][self$getBiodb()$getEntryFields()$get] Asked field names are: inchi.
biodb.TRACE[2025-10-18 16:02:15.940][self$getBiodb()$getEntryFields()$get] Realnames of fields are: inchi.
biodb.TRACE[2025-10-18 16:02:15.941][self$getBiodb()$getEntryFields()$get] 1 fields were returned.
biodb.TRACE[2025-10-18 16:02:15.942][self$getBiodb()$getEntryFields()$get] fields variable is a list.
biodb.TRACE[2025-10-18 16:02:15.943][self$getBiodb()$getEntryFields()$get] Asked field names are: inchi.
biodb.TRACE[2025-10-18 16:02:15.947][self$getBiodb()$getEntryFields()$get] Realnames of fields are: inchi.
biodb.TRACE[2025-10-18 16:02:15.948][self$getBiodb()$getEntryFields()$get] 1 fields were returned.
biodb.TRACE[2025-10-18 16:02:15.949][self$getBiodb()$getEntryFields()$get] fields variable is a list.
biodb.TRACE[2025-10-18 16:02:15.950][ef$get] Asked field names are: inchi.
biodb.TRACE[2025-10-18 16:02:15.951][ef$get] Realnames of fields are: inchi.
biodb.TRACE[2025-10-18 16:02:15.952][ef$get] 1 fields were returned.
biodb.TRACE[2025-10-18 16:02:15.952][ef$get] fields variable is a list.
biodb.TRACE[2025-10-18 16:02:15.953][self$getBiodb()$getEntryFields()$get] Asked field names are: inchi.
biodb.TRACE[2025-10-18 16:02:15.954][self$getBiodb()$getEntryFields()$get] Realnames of fields are: inchi.
biodb.TRACE[2025-10-18 16:02:15.955][self$getBiodb()$getEntryFields()$get] 1 fields were returned.
biodb.TRACE[2025-10-18 16:02:15.956][self$getBiodb()$getEntryFields()$get] fields variable is a list.
biodb.TRACE[2025-10-18 16:02:15.963][self$getBiodb()$getEntryFields()$get] Asked field names are: inchikey.
biodb.TRACE[2025-10-18 16:02:15.964][self$getBiodb()$getEntryFields()$get] Realnames of fields are: inchikey.
biodb.TRACE[2025-10-18 16:02:15.965][self$getBiodb()$getEntryFields()$get] 1 fields were returned.
biodb.TRACE[2025-10-18 16:02:15.966][self$getBiodb()$getEntryFields()$get] fields variable is a list.
biodb.TRACE[2025-10-18 16:02:15.967][self$getBiodb()$getEntryFields()$get] Asked field names are: inchikey.
biodb.TRACE[2025-10-18 16:02:15.968][self$getBiodb()$getEntryFields()$get] Realnames of fields are: inchikey.
biodb.TRACE[2025-10-18 16:02:15.969][self$getBiodb()$getEntryFields()$get] 1 fields were returned.
biodb.TRACE[2025-10-18 16:02:15.970][self$getBiodb()$getEntryFields()$get] fields variable is a list.
biodb.TRACE[2025-10-18 16:02:15.970][self$getBiodb()$getEntryFields()$get] Asked field names are: inchikey.
biodb.TRACE[2025-10-18 16:02:15.971][self$getBiodb()$getEntryFields()$get] Realnames of fields are: inchikey.
biodb.TRACE[2025-10-18 16:02:15.972][self$getBiodb()$getEntryFields()$get] 1 fields were returned.
biodb.TRACE[2025-10-18 16:02:15.973][self$getBiodb()$getEntryFields()$get] fields variable is a list.
biodb.TRACE[2025-10-18 16:02:15.974][ef$get] Asked field names are: inchikey.
biodb.TRACE[2025-10-18 16:02:15.975][ef$get] Realnames of fields are: inchikey.
biodb.TRACE[2025-10-18 16:02:15.976][ef$get] 1 fields were returned.
biodb.TRACE[2025-10-18 16:02:15.977][ef$get] fields variable is a list.
biodb.TRACE[2025-10-18 16:02:15.978][self$getBiodb()$getEntryFields()$get] Asked field names are: inchikey.
biodb.TRACE[2025-10-18 16:02:15.979][self$getBiodb()$getEntryFields()$get] Realnames of fields are: inchikey.
biodb.TRACE[2025-10-18 16:02:15.980][self$getBiodb()$getEntryFields()$get] 1 fields were returned.
biodb.TRACE[2025-10-18 16:02:15.981][self$getBiodb()$getEntryFields()$get] fields variable is a list.
biodb.TRACE[2025-10-18 16:02:15.987][self$getBiodb()$getEntryFields()$get] Asked field names are: cas.id.
biodb.TRACE[2025-10-18 16:02:15.988][self$getBiodb()$getEntryFields()$get] Realnames of fields are: cas.id.
biodb.TRACE[2025-10-18 16:02:15.989][self$getBiodb()$getEntryFields()$get] 1 fields were returned.
biodb.TRACE[2025-10-18 16:02:15.990][self$getBiodb()$getEntryFields()$get] fields variable is a list.
biodb.TRACE[2025-10-18 16:02:15.991][self$getBiodb()$getEntryFields()$get] Asked field names are: cas.id.
biodb.TRACE[2025-10-18 16:02:15.992][self$getBiodb()$getEntryFields()$get] Realnames of fields are: cas.id.
biodb.TRACE[2025-10-18 16:02:15.993][self$getBiodb()$getEntryFields()$get] 1 fields were returned.
biodb.TRACE[2025-10-18 16:02:15.994][self$getBiodb()$getEntryFields()$get] fields variable is a list.
biodb.TRACE[2025-10-18 16:02:15.995][self$getBiodb()$getEntryFields()$get] Asked field names are: cas.id.
biodb.TRACE[2025-10-18 16:02:15.996][self$getBiodb()$getEntryFields()$get] Realnames of fields are: cas.id.
biodb.TRACE[2025-10-18 16:02:15.997][self$getBiodb()$getEntryFields()$get] 1 fields were returned.
biodb.TRACE[2025-10-18 16:02:15.998][self$getBiodb()$getEntryFields()$get] fields variable is a list.
biodb.TRACE[2025-10-18 16:02:15.999][ef$get] Asked field names are: cas.id.
biodb.TRACE[2025-10-18 16:02:15.999][ef$get] Realnames of fields are: cas.id.
biodb.TRACE[2025-10-18 16:02:16.000][ef$get] 1 fields were returned.
biodb.TRACE[2025-10-18 16:02:16.001][ef$get] fields variable is a list.
biodb.TRACE[2025-10-18 16:02:16.002][self$getBiodb()$getEntryFields()$get] Asked field names are: cas.id.
biodb.TRACE[2025-10-18 16:02:16.003][self$getBiodb()$getEntryFields()$get] Realnames of fields are: cas.id.
biodb.TRACE[2025-10-18 16:02:16.004][self$getBiodb()$getEntryFields()$get] 1 fields were returned.
biodb.TRACE[2025-10-18 16:02:16.005][self$getBiodb()$getEntryFields()$get] fields variable is a list.
biodb.TRACE[2025-10-18 16:02:16.012][ef$get] Asked field names are: accession.
biodb.TRACE[2025-10-18 16:02:16.013][ef$get] Realnames of fields are: accession.
biodb.TRACE[2025-10-18 16:02:16.014][ef$get] 1 fields were returned.
biodb.TRACE[2025-10-18 16:02:16.015][ef$get] fields variable is a list.
biodb.TRACE[2025-10-18 16:02:16.018][ef$get] Asked field names are: average.mass.
biodb.TRACE[2025-10-18 16:02:16.019][ef$get] Realnames of fields are: average.mass.
biodb.TRACE[2025-10-18 16:02:16.020][ef$get] 1 fields were returned.
biodb.TRACE[2025-10-18 16:02:16.021][ef$get] fields variable is a list.
biodb.TRACE[2025-10-18 16:02:16.025][ef$get] Asked field names are: cas.id.
biodb.TRACE[2025-10-18 16:02:16.026][ef$get] Realnames of fields are: cas.id.
biodb.TRACE[2025-10-18 16:02:16.027][ef$get] 1 fields were returned.
biodb.TRACE[2025-10-18 16:02:16.027][ef$get] fields variable is a list.
biodb.TRACE[2025-10-18 16:02:16.031][ef$get] Asked field names are: chebi.id.
biodb.TRACE[2025-10-18 16:02:16.032][ef$get] Realnames of fields are: chebi.id.
biodb.TRACE[2025-10-18 16:02:16.033][ef$get] 1 fields were returned.
biodb.TRACE[2025-10-18 16:02:16.034][ef$get] fields variable is a list.
biodb.TRACE[2025-10-18 16:02:16.038][ef$get] Asked field names are: chemspider.id.
biodb.TRACE[2025-10-18 16:02:16.039][ef$get] Realnames of fields are: chemspider.id.
biodb.TRACE[2025-10-18 16:02:16.039][ef$get] 1 fields were returned.
biodb.TRACE[2025-10-18 16:02:16.040][ef$get] fields variable is a list.
biodb.TRACE[2025-10-18 16:02:16.044][ef$get] Asked field names are: comp.iupac.name.syst.
biodb.TRACE[2025-10-18 16:02:16.045][ef$get] Realnames of fields are: comp.iupac.name.syst.
biodb.TRACE[2025-10-18 16:02:16.046][ef$get] 1 fields were returned.
biodb.TRACE[2025-10-18 16:02:16.047][ef$get] fields variable is a list.
biodb.TRACE[2025-10-18 16:02:16.050][ef$get] Asked field names are: comp.iupac.name.trad.
biodb.TRACE[2025-10-18 16:02:16.051][ef$get] Realnames of fields are: comp.iupac.name.trad.
biodb.TRACE[2025-10-18 16:02:16.052][ef$get] 1 fields were returned.
biodb.TRACE[2025-10-18 16:02:16.053][ef$get] fields variable is a list.
biodb.TRACE[2025-10-18 16:02:16.060][ef$get] Asked field names are: comp.super.class.
biodb.TRACE[2025-10-18 16:02:16.061][ef$get] Realnames of fields are: comp.super.class.
biodb.TRACE[2025-10-18 16:02:16.062][ef$get] 1 fields were returned.
biodb.TRACE[2025-10-18 16:02:16.063][ef$get] fields variable is a list.
biodb.TRACE[2025-10-18 16:02:16.067][ef$get] Asked field names are: description.
biodb.TRACE[2025-10-18 16:02:16.068][ef$get] Realnames of fields are: description.
biodb.TRACE[2025-10-18 16:02:16.068][ef$get] 1 fields were returned.
biodb.TRACE[2025-10-18 16:02:16.069][ef$get] fields variable is a list.
biodb.TRACE[2025-10-18 16:02:16.073][ef$get] Asked field names are: formula.
biodb.TRACE[2025-10-18 16:02:16.074][ef$get] Realnames of fields are: formula.
biodb.TRACE[2025-10-18 16:02:16.075][ef$get] 1 fields were returned.
biodb.TRACE[2025-10-18 16:02:16.076][ef$get] fields variable is a list.
biodb.TRACE[2025-10-18 16:02:16.079][ef$get] Asked field names are: inchi.
biodb.TRACE[2025-10-18 16:02:16.081][ef$get] Realnames of fields are: inchi.
biodb.TRACE[2025-10-18 16:02:16.081][ef$get] 1 fields were returned.
biodb.TRACE[2025-10-18 16:02:16.082][ef$get] fields variable is a list.
biodb.TRACE[2025-10-18 16:02:16.086][ef$get] Asked field names are: inchikey.
biodb.TRACE[2025-10-18 16:02:16.087][ef$get] Realnames of fields are: inchikey.
biodb.TRACE[2025-10-18 16:02:16.088][ef$get] 1 fields were returned.
biodb.TRACE[2025-10-18 16:02:16.089][ef$get] fields variable is a list.
biodb.TRACE[2025-10-18 16:02:16.092][ef$get] Asked field names are: kegg.compound.id.
biodb.TRACE[2025-10-18 16:02:16.093][ef$get] Realnames of fields are: kegg.compound.id.
biodb.TRACE[2025-10-18 16:02:16.094][ef$get] 1 fields were returned.
biodb.TRACE[2025-10-18 16:02:16.095][ef$get] fields variable is a list.
biodb.TRACE[2025-10-18 16:02:16.099][ef$get] Asked field names are: monoisotopic.mass.
biodb.TRACE[2025-10-18 16:02:16.100][ef$get] Realnames of fields are: monoisotopic.mass.
biodb.TRACE[2025-10-18 16:02:16.101][ef$get] 1 fields were returned.
biodb.TRACE[2025-10-18 16:02:16.102][ef$get] fields variable is a list.
biodb.TRACE[2025-10-18 16:02:16.105][ef$get] Asked field names are: name.
biodb.TRACE[2025-10-18 16:02:16.106][ef$get] Realnames of fields are: name.
biodb.TRACE[2025-10-18 16:02:16.107][ef$get] 1 fields were returned.
biodb.TRACE[2025-10-18 16:02:16.108][ef$get] fields variable is a list.
biodb.TRACE[2025-10-18 16:02:16.112][ef$get] Asked field names are: ncbi.pubchem.comp.id.
biodb.TRACE[2025-10-18 16:02:16.113][ef$get] Realnames of fields are: ncbi.pubchem.comp.id.
biodb.TRACE[2025-10-18 16:02:16.114][ef$get] 1 fields were returned.
biodb.TRACE[2025-10-18 16:02:16.114][ef$get] fields variable is a list.
biodb.TRACE[2025-10-18 16:02:16.118][ef$get] Asked field names are: secondary.accessions.
biodb.TRACE[2025-10-18 16:02:16.119][ef$get] Realnames of fields are: secondary.accessions.
biodb.TRACE[2025-10-18 16:02:16.120][ef$get] 1 fields were returned.
biodb.TRACE[2025-10-18 16:02:16.121][ef$get] fields variable is a list.
biodb.TRACE[2025-10-18 16:02:16.125][ef$get] Asked field names are: smiles.
biodb.TRACE[2025-10-18 16:02:16.126][ef$get] Realnames of fields are: smiles.
biodb.TRACE[2025-10-18 16:02:16.126][ef$get] 1 fields were returned.
biodb.TRACE[2025-10-18 16:02:16.127][ef$get] fields variable is a list.
biodb.INFO [2025-10-18 16:02:16.133][biodb::testThat]
biodb.INFO [2025-10-18 16:02:16.134][biodb::testThat] Running test function  test.rt.unit  (" RT unit is defined when there is an RT value. ").
biodb.INFO [2025-10-18 16:02:16.135][biodb::testThat] --------------------------------------------------------------------------------
biodb.INFO [2025-10-18 16:02:16.136][biodb::testThat]
biodb.DEBUG[2025-10-18 16:02:16.149][private$loadEntries] Creating entries from ids [1]: "HMDB0000001".
biodb.DEBUG[2025-10-18 16:02:16.151][conn$getEntryContent] Get HMDB Metabolites entry content(s) for 1 id(s)...
biodb.DEBUG[2025-10-18 16:02:16.154][self$isDownloaded] Database hmdb.metabolites has already been downloaded.
biodb.DEBUG[2025-10-18 16:02:16.184][self$isDownloaded] Database hmdb.metabolites has already been downloaded.
biodb.INFO [2025-10-18 16:02:16.186][self$download] Extract whole database of hmdb.metabolites.
biodb.INFO [2025-10-18 16:02:16.187][private$doExtractDownload] Extracting content of downloaded',
                    ' HMDB metabolite database...
biodb.INFO [2025-10-18 16:02:16.221][biodb::testThat]
biodb.INFO [2025-10-18 16:02:16.222][biodb::testThat] Running test function  test.searchForEntries  (" We can search for an entry by searchable field ").
biodb.INFO [2025-10-18 16:02:16.223][biodb::testThat] --------------------------------------------------------------------------------
biodb.INFO [2025-10-18 16:02:16.224][biodb::testThat]
biodb.TRACE[2025-10-18 16:02:16.226][ef$get] Asked field names are: name.
biodb.TRACE[2025-10-18 16:02:16.227][ef$get] Realnames of fields are: name.
biodb.TRACE[2025-10-18 16:02:16.228][ef$get] 1 fields were returned.
biodb.TRACE[2025-10-18 16:02:16.229][ef$get] fields variable is a list.
biodb.DEBUG[2025-10-18 16:02:16.230][function(conn, opt)] Testing searchForEntries() with entry "HMDB0000001" and field "name".
biodb.DEBUG[2025-10-18 16:02:16.249][private$loadEntries] Creating entries from ids [1]: "HMDB0000001".
biodb.DEBUG[2025-10-18 16:02:16.296][conn$getEntryContent] Get HMDB Metabolites entry content(s) for 1 id(s)...
biodb.DEBUG[2025-10-18 16:02:16.297][self$isDownloaded] Database hmdb.metabolites has already been downloaded.
biodb.DEBUG[2025-10-18 16:02:16.298][self$isDownloaded] Database hmdb.metabolites has already been downloaded.
biodb.INFO [2025-10-18 16:02:16.300][self$download] Extract whole database of hmdb.metabolites.
biodb.INFO [2025-10-18 16:02:16.311][private$doExtractDownload] Extracting content of downloaded',
                    ' HMDB metabolite database...
biodb.INFO [2025-10-18 16:02:16.333][biodb::testThat]
biodb.INFO [2025-10-18 16:02:16.334][biodb::testThat] Running test function  test.searchByName  (" We can search for an entry by name. ").
biodb.INFO [2025-10-18 16:02:16.335][biodb::testThat] --------------------------------------------------------------------------------
biodb.INFO [2025-10-18 16:02:16.336][biodb::testThat]
biodb.DEBUG[2025-10-18 16:02:16.342][private$loadEntries] Creating entries from ids [1]: "HMDB0000001".
biodb.DEBUG[2025-10-18 16:02:16.343][conn$getEntryContent] Get HMDB Metabolites entry content(s) for 1 id(s)...
biodb.DEBUG[2025-10-18 16:02:16.344][self$isDownloaded] Database hmdb.metabolites has already been downloaded.
biodb.DEBUG[2025-10-18 16:02:16.346][self$isDownloaded] Database hmdb.metabolites has already been downloaded.
biodb.INFO [2025-10-18 16:02:16.347][self$download] Extract whole database of hmdb.metabolites.
biodb.INFO [2025-10-18 16:02:16.348][private$doExtractDownload] Extracting content of downloaded',
                    ' HMDB metabolite database...
biodb.INFO [2025-10-18 16:02:16.359][biodb::testThat]
biodb.INFO [2025-10-18 16:02:16.364][biodb::testThat] Running test function  testEntryLoading  (" We can load an entry from the database. ").
biodb.INFO [2025-10-18 16:02:16.365][biodb::testThat] --------------------------------------------------------------------------------
biodb.INFO [2025-10-18 16:02:16.366][biodb::testThat]
biodb.DEBUG[2025-10-18 16:02:16.369][private$loadEntries] Creating entries from ids [1]: "HMDB0000001".
biodb.DEBUG[2025-10-18 16:02:16.370][conn$getEntryContent] Get HMDB Metabolites entry content(s) for 1 id(s)...
biodb.DEBUG[2025-10-18 16:02:16.371][self$isDownloaded] Database hmdb.metabolites has already been downloaded.
biodb.DEBUG[2025-10-18 16:02:16.372][self$isDownloaded] Database hmdb.metabolites has already been downloaded.
biodb.INFO [2025-10-18 16:02:16.373][self$download] Extract whole database of hmdb.metabolites.
biodb.INFO [2025-10-18 16:02:16.374][private$doExtractDownload] Extracting content of downloaded',
                    ' HMDB metabolite database...
biodb.INFO [2025-10-18 16:02:16.386][biodb::testThat]
biodb.INFO [2025-10-18 16:02:16.387][biodb::testThat] Running test function  test.entry.page.url  (" We can get a URL pointing to the entry page. ").
biodb.INFO [2025-10-18 16:02:16.387][biodb::testThat] --------------------------------------------------------------------------------
biodb.INFO [2025-10-18 16:02:16.388][biodb::testThat]
biodb.INFO [2025-10-18 16:02:16.400][biodb::testThat]
biodb.INFO [2025-10-18 16:02:16.401][biodb::testThat] Running test function  test.entry.image.url  (" We can get a URL pointing to the entry image. ").
biodb.INFO [2025-10-18 16:02:16.402][biodb::testThat] --------------------------------------------------------------------------------
biodb.INFO [2025-10-18 16:02:16.403][biodb::testThat]
biodb.INFO [2025-10-18 16:02:16.415][biodb::testThat]
biodb.INFO [2025-10-18 16:02:16.416][biodb::testThat] Running test function  test.entry.page.url.download  (" The entry page URL can be downloaded. ").
biodb.INFO [2025-10-18 16:02:16.417][biodb::testThat] --------------------------------------------------------------------------------
biodb.INFO [2025-10-18 16:02:16.418][biodb::testThat]
biodb.INFO [2025-10-18 16:02:16.429][biodb::testThat]
biodb.INFO [2025-10-18 16:02:16.430][biodb::testThat] Running test function  test.entry.image.url.download  (" The entry image URL can be downloaded. ").
biodb.INFO [2025-10-18 16:02:16.431][biodb::testThat] --------------------------------------------------------------------------------
biodb.INFO [2025-10-18 16:02:16.432][biodb::testThat]
biodb.TRACE[2025-10-18 16:02:16.456][ef$get] Asked field names are: name.
biodb.TRACE[2025-10-18 16:02:16.457][ef$get] Realnames of fields are: name.
biodb.TRACE[2025-10-18 16:02:16.458][ef$get] 1 fields were returned.
biodb.TRACE[2025-10-18 16:02:16.462][ef$get] fields variable is a list.
biodb.TRACE[2025-10-18 16:02:16.463][ef$get] Asked field names are: description.
biodb.TRACE[2025-10-18 16:02:16.464][ef$get] Realnames of fields are: description.
biodb.TRACE[2025-10-18 16:02:16.465][ef$get] 1 fields were returned.
biodb.TRACE[2025-10-18 16:02:16.466][ef$get] fields variable is a list.
biodb.TRACE[2025-10-18 16:02:16.467][ef$get] Asked field names are: secondary.accessions.
biodb.TRACE[2025-10-18 16:02:16.467][ef$get] Realnames of fields are: secondary.accessions.
biodb.TRACE[2025-10-18 16:02:16.468][ef$get] 1 fields were returned.
biodb.TRACE[2025-10-18 16:02:16.469][ef$get] fields variable is a list.
biodb.TRACE[2025-10-18 16:02:16.470][ef$get] Asked field names are: name.
biodb.TRACE[2025-10-18 16:02:16.471][ef$get] Realnames of fields are: name.
biodb.TRACE[2025-10-18 16:02:16.472][ef$get] 1 fields were returned.
biodb.TRACE[2025-10-18 16:02:16.473][ef$get] fields variable is a list.
biodb.TRACE[2025-10-18 16:02:16.474][ef$get] Asked field names are: description.
biodb.TRACE[2025-10-18 16:02:16.475][ef$get] Realnames of fields are: description.
biodb.TRACE[2025-10-18 16:02:16.476][ef$get] 1 fields were returned.
biodb.TRACE[2025-10-18 16:02:16.477][ef$get] fields variable is a list.
biodb.TRACE[2025-10-18 16:02:16.477][ef$get] Asked field names are: secondary.accessions.
biodb.TRACE[2025-10-18 16:02:16.478][ef$get] Realnames of fields are: secondary.accessions.
biodb.TRACE[2025-10-18 16:02:16.479][ef$get] 1 fields were returned.
biodb.TRACE[2025-10-18 16:02:16.480][ef$get] fields variable is a list.
biodb.INFO [2025-10-18 16:02:16.481][biodb$terminate] Closing BiodbMain instance...
biodb.INFO [2025-10-18 16:02:16.482][self$deleteConn] Connector "hmdb.metabolites" deleted.
biodb.DEBUG[2025-10-18 16:02:16.483][notifyObservers] Notify observers for terminate.
biodb.DEBUG[2025-10-18 16:02:16.484][FUN] Trying to call function terminate on observer BiodbTestMsgAck.
biodb.DEBUG[2025-10-18 16:02:16.485][FUN] Functions in observer BiodbTestMsgAck: [4]: ".__enclos_env__, clone, notifyProgress, initialize".
biodb.DEBUG[2025-10-18 16:02:16.486][FUN] Trying to call function terminate on observer BiodbEntryFields.
biodb.DEBUG[2025-10-18 16:02:16.486][FUN] Functions in observer BiodbEntryFields: [15]: ".__enclos_env__, clone, terminate, define, print, getDatabaseIdField, getFieldNames, get, getRealName, checkIsDefined, isDefined, formatName, isAlias, notifyCfgUpdate, initialize".
biodb.DEBUG[2025-10-18 16:02:16.487][FUN] Trying to call function terminate on observer BiodbConfig.
biodb.DEBUG[2025-10-18 16:02:16.488][FUN] Functions in observer BiodbConfig: [21]: ".__enclos_env__, clone, terminate, notifyNewObservers, define, getAssocEnvVar, listKeys, print, disable, enable, reset, set, get, isEnabled, isDefined, hasKey, getDefaultValue, getDescription, getTitle, getKeys, initialize".
[ FAIL 8 | WARN 2 | SKIP 0 | PASS 103 ]

══ Failed tests ════════════════════════════════════════════════════════════════
── Error ('test_long_100_generic.R:42:1'): RT unit is defined when there is an RT value. ──
Error in `private$doExtractDownload()`: attempt to apply non-function
Backtrace:
    ▆
 1. ├─base::do.call(fct, params)
 2. └─biodb (local) `<fn>`(conn = `<HmdbMtbC>`, opt = `<named list>`)
 3.   └─conn$getBiodb()$getFactory()$getEntry(...)
 4.     └─private$loadEntries(conn$getId(), missing.ids, drop = FALSE)
 5.       └─conn$getEntryContent(ids)
 6.         └─self$download()
 7.           └─private$doExtractDownload()
── Error ('test_long_100_generic.R:42:1'): We can search for an entry by searchable field ──
Error in `cch$getTmpFolderPath()`: attempt to apply non-function
Backtrace:
    ▆
 1. ├─base::do.call(fct, params)
 2. └─biodb (local) `<fn>`(conn = `<HmdbMtbC>`, opt = `<named list>`)
 3.   └─conn$getEntry(id, drop = TRUE)
 4.     └─private$bdb$getFactory()$getEntry(self$getId(), id = id, drop = drop)
 5.       └─private$loadEntries(conn$getId(), missing.ids, drop = FALSE)
 6.         └─conn$getEntryContent(ids)
 7.           └─self$download()
 8.             └─private$doExtractDownload()
── Error ('test_long_100_generic.R:42:1'): We can search for an entry by name. ──
Error in `cch$getTmpFolderPath()`: attempt to apply non-function
Backtrace:
    ▆
 1. ├─base::do.call(fct, params)
 2. └─biodb (local) `<fn>`(conn = `<HmdbMtbC>`, opt = `<named list>`)
 3.   └─conn$getEntry(id, drop = TRUE)
 4.     └─private$bdb$getFactory()$getEntry(self$getId(), id = id, drop = drop)
 5.       └─private$loadEntries(conn$getId(), missing.ids, drop = FALSE)
 6.         └─conn$getEntryContent(ids)
 7.           └─self$download()
 8.             └─private$doExtractDownload()
── Error ('test_long_100_generic.R:42:1'): We can load an entry from the database. ──
Error in `cch$getTmpFolderPath()`: attempt to apply non-function
Backtrace:
    ▆
 1. ├─base::do.call(fct, params)
 2. └─biodb (local) `<fn>`(conn = `<HmdbMtbC>`, opt = `<named list>`)
 3.   └─opt$refEntries$getRealEntry(id)
 4.     └─self$getRealEntries(ids = id)
 5.       └─private$bdb$getFactory()$getEntry(...)
 6.         └─private$loadEntries(conn$getId(), missing.ids, drop = FALSE)
 7.           └─conn$getEntryContent(ids)
 8.             └─self$download()
 9.               └─private$doExtractDownload()
── Error ('test_long_100_generic.R:42:1'): We can get a URL pointing to the entry page. ──
Error in `FUN(X[[i]], ...)`: object 'BiodbUrl' not found
Backtrace:
    ▆
 1. ├─base::do.call(fct, params)
 2. └─biodb (local) `<fn>`(conn = `<HmdbMtbC>`, opt = `<named list>`)
 3.   └─conn$getEntryPageUrl(ref.ids)
 4.     └─private$doGetEntryPageUrl(entry.id)
 5.       └─base::vapply(id, fct, FUN.VALUE = "")
 6.         └─biodbHmdb (local) FUN(X[[i]], ...)
── Error ('test_long_100_generic.R:42:1'): We can get a URL pointing to the entry image. ──
Error in `FUN(X[[i]], ...)`: object 'BiodbUrl' not found
Backtrace:
    ▆
 1. ├─base::do.call(fct, params)
 2. └─biodb (local) `<fn>`(conn = `<HmdbMtbC>`, opt = `<named list>`)
 3.   └─conn$getEntryImageUrl(ref.ids)
 4.     └─private$doGetEntryImageUrl(entry.id)
 5.       └─base::vapply(id, fct, FUN.VALUE = "")
 6.         └─biodbHmdb (local) FUN(X[[i]], ...)
── Error ('test_long_100_generic.R:42:1'): The entry page URL can be downloaded. ──
Error in `FUN(X[[i]], ...)`: object 'BiodbUrl' not found
Backtrace:
    ▆
 1. ├─base::do.call(fct, params)
 2. └─biodb (local) `<fn>`(conn = `<HmdbMtbC>`, opt = `<named list>`)
 3.   └─conn$getEntryPageUrl(ref.ids[[1]])
 4.     └─private$doGetEntryPageUrl(entry.id)
 5.       └─base::vapply(id, fct, FUN.VALUE = "")
 6.         └─biodbHmdb (local) FUN(X[[i]], ...)
── Error ('test_long_100_generic.R:42:1'): The entry image URL can be downloaded. ──
Error in `FUN(X[[i]], ...)`: object 'BiodbUrl' not found
Backtrace:
    ▆
 1. ├─base::do.call(fct, params)
 2. └─biodb (local) `<fn>`(conn = `<HmdbMtbC>`, opt = `<named list>`)
 3.   └─conn$getEntryImageUrl(ref.ids[[1]])
 4.     └─private$doGetEntryImageUrl(entry.id)
 5.       └─base::vapply(id, fct, FUN.VALUE = "")
 6.         └─biodbHmdb (local) FUN(X[[i]], ...)

[ FAIL 8 | WARN 2 | SKIP 0 | PASS 103 ]
Error: Test failures
Execution halted

'R CMD check' output

##############################################################################
##############################################################################
###
### Running command:
###
###   /home/biocbuild/bbs-3.22-bioc/R/bin/R CMD check --test-dir=longtests --no-stop-on-test-error --no-codoc --no-examples --no-manual --ignore-vignettes --check-subdirs=no biodbHmdb_1.15.1.tar.gz
###
##############################################################################
##############################################################################


* using log directory ‘/home/biocbuild/bbs-3.22-bioc-longtests/meat/biodbHmdb.Rcheck’
* using R version 4.5.1 Patched (2025-08-23 r88802)
* using platform: x86_64-pc-linux-gnu
* R was compiled by
    gcc (Ubuntu 13.3.0-6ubuntu2~24.04) 13.3.0
    GNU Fortran (Ubuntu 13.3.0-6ubuntu2~24.04) 13.3.0
* running under: Ubuntu 24.04.3 LTS
* using session charset: UTF-8
* using options ‘--no-codoc --no-examples --no-manual --ignore-vignettes --no-stop-on-test-error’
* checking for file ‘biodbHmdb/DESCRIPTION’ ... OK
* this is package ‘biodbHmdb’ version ‘1.15.1’
* package encoding: UTF-8
* checking package namespace information ... OK
* checking package dependencies ... OK
* checking if this is a source package ... OK
* checking if there is a namespace ... OK
* checking for hidden files and directories ... OK
* checking for portable file names ... OK
* checking for sufficient/correct file permissions ... OK
* checking whether package ‘biodbHmdb’ can be installed ... WARNING
Found the following significant warnings:
  EntryMaker.hpp:23:21: warning: ‘EntryMaker::accession_tag’ will be initialized after [-Wreorder]
  EntryMaker.hpp:22:14: warning:   ‘bool EntryMaker::closed’ [-Wreorder]
  EntryMaker.cpp:5:1: warning:   when initialized here [-Wreorder]
See ‘/home/biocbuild/bbs-3.22-bioc-longtests/meat/biodbHmdb.Rcheck/00install.out’ for details.
* used C++ compiler: ‘g++ (Ubuntu 13.3.0-6ubuntu2~24.04) 13.3.0’
* checking installed package size ... INFO
  installed size is  7.2Mb
  sub-directories of 1Mb or more:
    libs   6.7Mb
* checking package directory ... OK
* checking DESCRIPTION meta-information ... OK
* checking top-level files ... OK
* checking for left-over files ... OK
* checking index information ... OK
* checking package subdirectories ... OK
* checking code files for non-ASCII characters ... OK
* checking R files for syntax errors ... OK
* checking whether the package can be loaded ... OK
* checking whether the package can be loaded with stated dependencies ... OK
* checking whether the package can be unloaded cleanly ... OK
* checking whether the namespace can be loaded with stated dependencies ... OK
* checking whether the namespace can be unloaded cleanly ... OK
* checking loading without being on the library search path ... OK
* checking whether startup messages can be suppressed ... OK
* checking dependencies in R code ... NOTE
Namespace in Imports field not imported from: ‘zip’
  All declared Imports should be used.
* checking S3 generic/method consistency ... OK
* checking replacement functions ... OK
* checking foreign function calls ... OK
* checking R code for possible problems ... OK
* checking for missing documentation entries ... WARNING
Undocumented code objects:
  ‘HmdbMetabolitesConn’ ‘HmdbMetabolitesEntry’ ‘hmdbToSqlite’
All user-level objects in a package should have documentation entries.
See chapter ‘Writing R documentation files’ in the ‘Writing R
Extensions’ manual.
* checking line endings in C/C++/Fortran sources/headers ... OK
* checking compiled code ... OK
* checking files in ‘vignettes’ ... SKIPPED
* checking examples ... SKIPPED
* checking for unstated dependencies in ‘longtests’ ... OK
* checking tests in ‘longtests’ ...
  Running ‘testthat.R’
 ERROR
Running the tests in ‘longtests/testthat.R’ failed.
Last 13 lines of output:
   6.         └─biodbHmdb (local) FUN(X[[i]], ...)
  ── Error ('test_long_100_generic.R:42:1'): The entry image URL can be downloaded. ──
  Error in `FUN(X[[i]], ...)`: object 'BiodbUrl' not found
  Backtrace:
      ▆
   1. ├─base::do.call(fct, params)
   2. └─biodb (local) `<fn>`(conn = `<HmdbMtbC>`, opt = `<named list>`)
   3.   └─conn$getEntryImageUrl(ref.ids[[1]])
   4.     └─private$doGetEntryImageUrl(entry.id)
   5.       └─base::vapply(id, fct, FUN.VALUE = "")
   6.         └─biodbHmdb (local) FUN(X[[i]], ...)
  
  [ FAIL 8 | WARN 2 | SKIP 0 | PASS 103 ]
  Error: Test failures
  Execution halted
* DONE

Status: 1 ERROR, 2 WARNINGs, 1 NOTE
See
  ‘/home/biocbuild/bbs-3.22-bioc-longtests/meat/biodbHmdb.Rcheck/00check.log’
for details.


Installation output

biodbHmdb.Rcheck/00install.out

* installing *source* package ‘biodbHmdb’ ...
** this is package ‘biodbHmdb’ version ‘1.15.1’
** using staged installation
** libs
using C++ compiler: ‘g++ (Ubuntu 13.3.0-6ubuntu2~24.04) 13.3.0’
g++ -std=gnu++17 -I"/home/biocbuild/bbs-3.22-bioc/R/include" -DNDEBUG  -I'/home/biocbuild/bbs-3.22-bioc/R/site-library/Rcpp/include' -I'/home/biocbuild/bbs-3.22-bioc/R/site-library/testthat/include' -I/usr/local/include    -fpic  -g -O2  -Wall -Werror=format-security  -c EntryMaker.cpp -o EntryMaker.o
In file included from EntryMaker.cpp:1:
EntryMaker.hpp: In constructor ‘EntryMaker::EntryMaker()’:
EntryMaker.hpp:23:21: warning: ‘EntryMaker::accession_tag’ will be initialized after [-Wreorder]
   23 |         TagDetector accession_tag;
      |                     ^~~~~~~~~~~~~
EntryMaker.hpp:22:14: warning:   ‘bool EntryMaker::closed’ [-Wreorder]
   22 |         bool closed;
      |              ^~~~~~
EntryMaker.cpp:5:1: warning:   when initialized here [-Wreorder]
    5 | EntryMaker::EntryMaker() :
      | ^~~~~~~~~~
g++ -std=gnu++17 -I"/home/biocbuild/bbs-3.22-bioc/R/include" -DNDEBUG  -I'/home/biocbuild/bbs-3.22-bioc/R/site-library/Rcpp/include' -I'/home/biocbuild/bbs-3.22-bioc/R/site-library/testthat/include' -I/usr/local/include    -fpic  -g -O2  -Wall -Werror=format-security  -c FileEntryMaker.cpp -o FileEntryMaker.o
g++ -std=gnu++17 -I"/home/biocbuild/bbs-3.22-bioc/R/include" -DNDEBUG  -I'/home/biocbuild/bbs-3.22-bioc/R/site-library/Rcpp/include' -I'/home/biocbuild/bbs-3.22-bioc/R/site-library/testthat/include' -I/usr/local/include    -fpic  -g -O2  -Wall -Werror=format-security  -c RcppExports.cpp -o RcppExports.o
g++ -std=gnu++17 -I"/home/biocbuild/bbs-3.22-bioc/R/include" -DNDEBUG  -I'/home/biocbuild/bbs-3.22-bioc/R/site-library/Rcpp/include' -I'/home/biocbuild/bbs-3.22-bioc/R/site-library/testthat/include' -I/usr/local/include    -fpic  -g -O2  -Wall -Werror=format-security  -c StringEnrtryMaker.cpp -o StringEnrtryMaker.o
g++ -std=gnu++17 -I"/home/biocbuild/bbs-3.22-bioc/R/include" -DNDEBUG  -I'/home/biocbuild/bbs-3.22-bioc/R/site-library/Rcpp/include' -I'/home/biocbuild/bbs-3.22-bioc/R/site-library/testthat/include' -I/usr/local/include    -fpic  -g -O2  -Wall -Werror=format-security  -c TagDetector.cpp -o TagDetector.o
g++ -std=gnu++17 -I"/home/biocbuild/bbs-3.22-bioc/R/include" -DNDEBUG  -I'/home/biocbuild/bbs-3.22-bioc/R/site-library/Rcpp/include' -I'/home/biocbuild/bbs-3.22-bioc/R/site-library/testthat/include' -I/usr/local/include    -fpic  -g -O2  -Wall -Werror=format-security  -c XmlSplitter.cpp -o XmlSplitter.o
g++ -std=gnu++17 -I"/home/biocbuild/bbs-3.22-bioc/R/include" -DNDEBUG  -I'/home/biocbuild/bbs-3.22-bioc/R/site-library/Rcpp/include' -I'/home/biocbuild/bbs-3.22-bioc/R/site-library/testthat/include' -I/usr/local/include    -fpic  -g -O2  -Wall -Werror=format-security  -c extractXmlEntries.cpp -o extractXmlEntries.o
g++ -std=gnu++17 -I"/home/biocbuild/bbs-3.22-bioc/R/include" -DNDEBUG  -I'/home/biocbuild/bbs-3.22-bioc/R/site-library/Rcpp/include' -I'/home/biocbuild/bbs-3.22-bioc/R/site-library/testthat/include' -I/usr/local/include    -fpic  -g -O2  -Wall -Werror=format-security  -c test-100-TagDetector.cpp -o test-100-TagDetector.o
g++ -std=gnu++17 -I"/home/biocbuild/bbs-3.22-bioc/R/include" -DNDEBUG  -I'/home/biocbuild/bbs-3.22-bioc/R/site-library/Rcpp/include' -I'/home/biocbuild/bbs-3.22-bioc/R/site-library/testthat/include' -I/usr/local/include    -fpic  -g -O2  -Wall -Werror=format-security  -c test-150-StringEntryMaker.cpp -o test-150-StringEntryMaker.o
g++ -std=gnu++17 -I"/home/biocbuild/bbs-3.22-bioc/R/include" -DNDEBUG  -I'/home/biocbuild/bbs-3.22-bioc/R/site-library/Rcpp/include' -I'/home/biocbuild/bbs-3.22-bioc/R/site-library/testthat/include' -I/usr/local/include    -fpic  -g -O2  -Wall -Werror=format-security  -c test-200-XmlSplitter.cpp -o test-200-XmlSplitter.o
g++ -std=gnu++17 -I"/home/biocbuild/bbs-3.22-bioc/R/include" -DNDEBUG  -I'/home/biocbuild/bbs-3.22-bioc/R/site-library/Rcpp/include' -I'/home/biocbuild/bbs-3.22-bioc/R/site-library/testthat/include' -I/usr/local/include    -fpic  -g -O2  -Wall -Werror=format-security  -c test-runner.cpp -o test-runner.o
g++ -std=gnu++17 -shared -L/home/biocbuild/bbs-3.22-bioc/R/lib -L/usr/local/lib -o biodbHmdb.so EntryMaker.o FileEntryMaker.o RcppExports.o StringEnrtryMaker.o TagDetector.o XmlSplitter.o extractXmlEntries.o test-100-TagDetector.o test-150-StringEntryMaker.o test-200-XmlSplitter.o test-runner.o -L/home/biocbuild/bbs-3.22-bioc/R/lib -lR
installing to /home/biocbuild/bbs-3.22-bioc-longtests/meat/biodbHmdb.Rcheck/00LOCK-biodbHmdb/00new/biodbHmdb/libs
** R
** inst
** byte-compile and prepare package for lazy loading
** help
No man pages found in package  ‘biodbHmdb’ 
*** installing help indices
** building package indices
** installing vignettes
** testing if installed package can be loaded from temporary location
Warning in fun(libname, pkgname) :
  Package 'biodbHmdb' is deprecated and will be removed from Bioconductor
  version 3.23
** checking absolute paths in shared objects and dynamic libraries
** testing if installed package can be loaded from final location
Warning in fun(libname, pkgname) :
  Package 'biodbHmdb' is deprecated and will be removed from Bioconductor
  version 3.23
** testing if installed package keeps a record of temporary installation path
* DONE (biodbHmdb)