| Back to Multiple platform build/check report for BioC 3.22: simplified long |
|
This page was generated on 2025-11-20 12:07 -0500 (Thu, 20 Nov 2025).
| Hostname | OS | Arch (*) | R version | Installed pkgs |
|---|---|---|---|---|
| nebbiolo2 | Linux (Ubuntu 24.04.3 LTS) | x86_64 | 4.5.2 (2025-10-31) -- "[Not] Part in a Rumble" | 4615 |
| merida1 | macOS 12.7.6 Monterey | x86_64 | 4.5.2 Patched (2025-11-05 r88990) -- "[Not] Part in a Rumble" | 4610 |
| kjohnson1 | macOS 13.7.5 Ventura | arm64 | 4.5.2 Patched (2025-11-04 r88984) -- "[Not] Part in a Rumble" | 4598 |
| taishan | Linux (openEuler 24.03 LTS) | aarch64 | 4.5.0 (2025-04-11) -- "How About a Twenty-Six" | 4668 |
| Click on any hostname to see more info about the system (e.g. compilers) (*) as reported by 'uname -p', except on Windows and Mac OS X | ||||
| Package 2360/2361 | Hostname | OS / Arch | INSTALL | BUILD | CHECK | BUILD BIN | ||||||||
| zitools 1.4.0 (landing page) Carlotta Meyring
| nebbiolo2 | Linux (Ubuntu 24.04.3 LTS) / x86_64 | OK | OK | WARNINGS | |||||||||
| merida1 | macOS 12.7.6 Monterey / x86_64 | OK | OK | WARNINGS | OK | |||||||||
| kjohnson1 | macOS 13.7.5 Ventura / arm64 | OK | OK | WARNINGS | OK | |||||||||
| taishan | Linux (openEuler 24.03 LTS) / aarch64 | OK | OK | NA | ||||||||||
|
To the developers/maintainers of the zitools package: - Allow up to 24 hours (and sometimes 48 hours) for your latest push to git@git.bioconductor.org:packages/zitools.git to reflect on this report. See Troubleshooting Build Report for more information. - Use the following Renviron settings to reproduce errors and warnings. - If 'R CMD check' started to fail recently on the Linux builder(s) over a missing dependency, add the missing dependency to 'Suggests:' in your DESCRIPTION file. See Renviron.bioc for more information. |
| Package: zitools |
| Version: 1.4.0 |
| Command: /Library/Frameworks/R.framework/Resources/bin/R CMD check --install=check:zitools.install-out.txt --library=/Library/Frameworks/R.framework/Resources/library --no-vignettes --timings zitools_1.4.0.tar.gz |
| StartedAt: 2025-11-18 14:58:35 -0500 (Tue, 18 Nov 2025) |
| EndedAt: 2025-11-18 15:01:35 -0500 (Tue, 18 Nov 2025) |
| EllapsedTime: 179.4 seconds |
| RetCode: 0 |
| Status: WARNINGS |
| CheckDir: zitools.Rcheck |
| Warnings: 1 |
##############################################################################
##############################################################################
###
### Running command:
###
### /Library/Frameworks/R.framework/Resources/bin/R CMD check --install=check:zitools.install-out.txt --library=/Library/Frameworks/R.framework/Resources/library --no-vignettes --timings zitools_1.4.0.tar.gz
###
##############################################################################
##############################################################################
* using log directory ‘/Users/biocbuild/bbs-3.22-bioc/meat/zitools.Rcheck’
* using R version 4.5.2 Patched (2025-11-04 r88984)
* using platform: aarch64-apple-darwin20
* R was compiled by
Apple clang version 16.0.0 (clang-1600.0.26.6)
GNU Fortran (GCC) 14.2.0
* running under: macOS Ventura 13.7.8
* using session charset: UTF-8
* using option ‘--no-vignettes’
* checking for file ‘zitools/DESCRIPTION’ ... OK
* this is package ‘zitools’ version ‘1.4.0’
* package encoding: UTF-8
* checking package namespace information ... OK
* checking package dependencies ... OK
* checking if this is a source package ... OK
* checking if there is a namespace ... OK
* checking for hidden files and directories ... OK
* checking for portable file names ... OK
* checking for sufficient/correct file permissions ... OK
* checking whether package ‘zitools’ can be installed ... OK
* checking installed package size ... OK
* checking package directory ... OK
* checking ‘build’ directory ... OK
* checking DESCRIPTION meta-information ... NOTE
License stub is invalid DCF.
* checking top-level files ... OK
* checking for left-over files ... OK
* checking index information ... OK
* checking package subdirectories ... OK
* checking code files for non-ASCII characters ... OK
* checking R files for syntax errors ... OK
* checking whether the package can be loaded ... OK
* checking whether the package can be loaded with stated dependencies ... OK
* checking whether the package can be unloaded cleanly ... OK
* checking whether the namespace can be loaded with stated dependencies ... OK
* checking whether the namespace can be unloaded cleanly ... OK
* checking dependencies in R code ... OK
* checking S3 generic/method consistency ... OK
* checking replacement functions ... OK
* checking foreign function calls ... OK
* checking R code for possible problems ... NOTE
calcWeights: no visible global function definition for ‘predict’
omit_str_zero: no visible global function definition for ‘predict’
Undefined global functions or variables:
predict
Consider adding
importFrom("stats", "predict")
to your NAMESPACE file.
* checking Rd files ... OK
* checking Rd metadata ... OK
* checking Rd cross-references ... OK
* checking for missing documentation entries ... OK
* checking for code/documentation mismatches ... WARNING
Codoc mismatches from Rd file 'rowQuantiles.Rd':
\S4method{rowQuantiles}{Zi}
Code: function(x, rows = NULL, cols = NULL, probs = seq(from = 0, to
= 1, by = 0.25), na.rm = FALSE, type = 7L, digits =
7L, ..., useNames = TRUE, drop = TRUE)
Docs: function(x, rows = NULL, cols = NULL, probs = seq(from = 0, to
= 1, by = 0.25), na.rm = TRUE, type = 7L, ...,
useNames = TRUE, drop = TRUE)
Argument names in code not in docs:
digits
Mismatches in argument names:
Position: 7 Code: digits Docs: ...
Position: 8 Code: ... Docs: useNames
Position: 9 Code: useNames Docs: drop
Mismatches in argument default values:
Name: 'na.rm' Code: FALSE Docs: TRUE
\S4method{colQuantiles}{Zi}
Code: function(x, rows = NULL, cols = NULL, probs = seq(from = 0, to
= 1, by = 0.25), na.rm = FALSE, type = 7L, digits =
7L, ..., useNames = TRUE, drop = TRUE)
Docs: function(x, rows = NULL, cols = NULL, probs = seq(from = 0, to
= 1, by = 0.25), na.rm = TRUE, type = 7L, ...,
useNames = TRUE, drop = TRUE)
Argument names in code not in docs:
digits
Mismatches in argument names:
Position: 7 Code: digits Docs: ...
Position: 8 Code: ... Docs: useNames
Position: 9 Code: useNames Docs: drop
Mismatches in argument default values:
Name: 'na.rm' Code: FALSE Docs: TRUE
* checking Rd \usage sections ... OK
* checking Rd contents ... OK
* checking for unstated dependencies in examples ... OK
* checking contents of ‘data’ directory ... OK
* checking data for non-ASCII characters ... OK
* checking data for ASCII and uncompressed saves ... OK
* checking sizes of PDF files under ‘inst/doc’ ... OK
* checking files in ‘vignettes’ ... OK
* checking examples ... OK
* checking for unstated dependencies in ‘tests’ ... OK
* checking tests ...
Running ‘testthat.R’
OK
* checking for unstated dependencies in vignettes ... OK
* checking package vignettes ... OK
* checking running R code from vignettes ... SKIPPED
* checking re-building of vignette outputs ... SKIPPED
* checking PDF version of manual ... OK
* DONE
Status: 1 WARNING, 2 NOTEs
See
‘/Users/biocbuild/bbs-3.22-bioc/meat/zitools.Rcheck/00check.log’
for details.
zitools.Rcheck/00install.out
############################################################################## ############################################################################## ### ### Running command: ### ### /Library/Frameworks/R.framework/Resources/bin/R CMD INSTALL zitools ### ############################################################################## ############################################################################## * installing to library ‘/Library/Frameworks/R.framework/Versions/4.5-arm64/Resources/library’ * installing *source* package ‘zitools’ ... ** this is package ‘zitools’ version ‘1.4.0’ ** using staged installation ** R ** data ** byte-compile and prepare package for lazy loading Creating a new generic function for ‘weights’ in package ‘zitools’ Creating a new generic function for ‘weightedSd’ in package ‘zitools’ Creating a generic function for ‘cov’ from package ‘stats’ in package ‘zitools’ ** help *** installing help indices ** building package indices ** installing vignettes ** testing if installed package can be loaded from temporary location ** testing if installed package can be loaded from final location ** testing if installed package keeps a record of temporary installation path * DONE (zitools)
zitools.Rcheck/tests/testthat.Rout
R version 4.5.2 Patched (2025-11-04 r88984) -- "[Not] Part in a Rumble"
Copyright (C) 2025 The R Foundation for Statistical Computing
Platform: aarch64-apple-darwin20
R is free software and comes with ABSOLUTELY NO WARRANTY.
You are welcome to redistribute it under certain conditions.
Type 'license()' or 'licence()' for distribution details.
R is a collaborative project with many contributors.
Type 'contributors()' for more information and
'citation()' on how to cite R or R packages in publications.
Type 'demo()' for some demos, 'help()' for on-line help, or
'help.start()' for an HTML browser interface to help.
Type 'q()' to quit R.
> library(testthat)
> library(zitools)
Attaching package: 'zitools'
The following objects are masked from 'package:stats':
heatmap, weights
>
> test_check("zitools")
[ FAIL 0 | WARN 0 | SKIP 0 | PASS 9 ]
>
>
> proc.time()
user system elapsed
12.773 2.176 14.990
zitools.Rcheck/zitools-Ex.timings
| name | user | system | elapsed | |
| MissingValueHeatmap | 0.001 | 0.001 | 0.001 | |
| assays | 1.682 | 0.482 | 2.553 | |
| boxplot | 0.911 | 0.318 | 1.576 | |
| colData | 0.883 | 0.259 | 1.315 | |
| colMeans2 | 0.868 | 0.251 | 1.304 | |
| colMedians | 1.174 | 0.320 | 1.635 | |
| cor | 0.856 | 0.282 | 1.338 | |
| cov | 0.859 | 0.267 | 1.349 | |
| deinflatedcounts | 1.193 | 0.286 | 1.595 | |
| heatmap | 0.874 | 0.324 | 1.465 | |
| inputcounts | 0.892 | 0.316 | 1.386 | |
| inputdata | 0.946 | 0.309 | 1.466 | |
| log1p | 1.177 | 0.296 | 1.663 | |
| log2p | 0.875 | 0.317 | 1.343 | |
| mean | 0.863 | 0.310 | 1.228 | |
| median | 1.199 | 0.371 | 1.743 | |
| model | 0.872 | 0.329 | 1.280 | |
| otu_table | 0.952 | 0.319 | 1.355 | |
| plot | 1.220 | 0.337 | 1.625 | |
| plus | 1.759 | 0.688 | 2.560 | |
| quantile | 1.213 | 0.331 | 1.716 | |
| resample_deinflatedcounts | 0.891 | 0.509 | 1.523 | |
| rowData | 0.919 | 0.434 | 1.287 | |
| rowQuantiles | 0.894 | 0.396 | 1.157 | |
| rowSds | 1.233 | 0.384 | 1.786 | |
| rowVars | 0.890 | 0.348 | 1.227 | |
| rowWeightedMeans | 0.896 | 0.390 | 1.271 | |
| rowWeightedSds | 1.233 | 0.388 | 1.637 | |
| sample_data | 0.898 | 0.389 | 1.287 | |
| sd | 0.947 | 0.361 | 1.260 | |
| show | 0.914 | 0.355 | 1.312 | |
| slash | 1.216 | 0.374 | 1.670 | |
| subset_feature | 0.908 | 0.345 | 1.251 | |
| subset_sample | 0.914 | 0.336 | 1.251 | |
| t | 1.206 | 0.344 | 1.530 | |
| tax_table | 0.897 | 0.373 | 1.268 | |
| times | 1.057 | 0.401 | 1.350 | |
| var | 1.219 | 0.377 | 1.548 | |
| weighted.mean | 0.884 | 0.365 | 1.281 | |
| weightedVar | 0.901 | 0.352 | 1.216 | |
| weights | 0.931 | 0.361 | 1.291 | |
| zi2deseq2 | 1.298 | 0.401 | 1.825 | |
| zi2phyloseq | 0.916 | 0.530 | 1.823 | |
| ziMain | 0.928 | 0.516 | 1.731 | |