| Back to Multiple platform build/check report for BioC 3.22: simplified long |
|
This page was generated on 2025-10-25 12:04 -0400 (Sat, 25 Oct 2025).
| Hostname | OS | Arch (*) | R version | Installed pkgs |
|---|---|---|---|---|
| nebbiolo2 | Linux (Ubuntu 24.04.3 LTS) | x86_64 | 4.5.1 Patched (2025-08-23 r88802) -- "Great Square Root" | 4901 |
| lconway | macOS 12.7.6 Monterey | x86_64 | 4.5.1 Patched (2025-09-10 r88807) -- "Great Square Root" | 4691 |
| kjohnson3 | macOS 13.7.7 Ventura | arm64 | 4.5.1 Patched (2025-09-10 r88807) -- "Great Square Root" | 4637 |
| taishan | Linux (openEuler 24.03 LTS) | aarch64 | 4.5.0 (2025-04-11) -- "How About a Twenty-Six" | 4658 |
| Click on any hostname to see more info about the system (e.g. compilers) (*) as reported by 'uname -p', except on Windows and Mac OS X | ||||
| Package 2299/2361 | Hostname | OS / Arch | INSTALL | BUILD | CHECK | BUILD BIN | ||||||||
| uSORT 1.35.0 (landing page) Hao Chen
| nebbiolo2 | Linux (Ubuntu 24.04.3 LTS) / x86_64 | OK | OK | WARNINGS | |||||||||
| lconway | macOS 12.7.6 Monterey / x86_64 | OK | OK | WARNINGS | OK | |||||||||
| kjohnson3 | macOS 13.7.7 Ventura / arm64 | OK | OK | WARNINGS | OK | |||||||||
| taishan | Linux (openEuler 24.03 LTS) / aarch64 | OK | NA | NA | ||||||||||
|
To the developers/maintainers of the uSORT package: - Allow up to 24 hours (and sometimes 48 hours) for your latest push to git@git.bioconductor.org:packages/uSORT.git to reflect on this report. See Troubleshooting Build Report for more information. - Use the following Renviron settings to reproduce errors and warnings. - If 'R CMD check' started to fail recently on the Linux builder(s) over a missing dependency, add the missing dependency to 'Suggests:' in your DESCRIPTION file. See Renviron.bioc for more information. |
| Package: uSORT |
| Version: 1.35.0 |
| Command: /home/biocbuild/bbs-3.22-bioc/R/bin/R CMD check --install=check:uSORT.install-out.txt --library=/home/biocbuild/bbs-3.22-bioc/R/site-library --timings uSORT_1.35.0.tar.gz |
| StartedAt: 2025-10-25 05:15:40 -0400 (Sat, 25 Oct 2025) |
| EndedAt: 2025-10-25 05:18:36 -0400 (Sat, 25 Oct 2025) |
| EllapsedTime: 176.1 seconds |
| RetCode: 0 |
| Status: WARNINGS |
| CheckDir: uSORT.Rcheck |
| Warnings: 1 |
##############################################################################
##############################################################################
###
### Running command:
###
### /home/biocbuild/bbs-3.22-bioc/R/bin/R CMD check --install=check:uSORT.install-out.txt --library=/home/biocbuild/bbs-3.22-bioc/R/site-library --timings uSORT_1.35.0.tar.gz
###
##############################################################################
##############################################################################
* using log directory ‘/home/biocbuild/bbs-3.22-bioc/meat/uSORT.Rcheck’
* using R version 4.5.1 Patched (2025-08-23 r88802)
* using platform: x86_64-pc-linux-gnu
* R was compiled by
gcc (Ubuntu 13.3.0-6ubuntu2~24.04) 13.3.0
GNU Fortran (Ubuntu 13.3.0-6ubuntu2~24.04) 13.3.0
* running under: Ubuntu 24.04.3 LTS
* using session charset: UTF-8
* checking for file ‘uSORT/DESCRIPTION’ ... OK
* this is package ‘uSORT’ version ‘1.35.0’
* package encoding: UTF-8
* checking package namespace information ... OK
* checking package dependencies ... OK
* checking if this is a source package ... OK
* checking if there is a namespace ... OK
* checking for hidden files and directories ... OK
* checking for portable file names ... OK
* checking for sufficient/correct file permissions ... OK
* checking whether package ‘uSORT’ can be installed ... WARNING
Found the following significant warnings:
Note: break used in wrong context: no loop is visible
See ‘/home/biocbuild/bbs-3.22-bioc/meat/uSORT.Rcheck/00install.out’ for details.
Information on the location(s) of code generating the ‘Note’s can be
obtained by re-running with environment variable R_KEEP_PKG_SOURCE set
to ‘yes’.
* checking installed package size ... OK
* checking package directory ... OK
* checking ‘build’ directory ... OK
* checking DESCRIPTION meta-information ... OK
* checking top-level files ... OK
* checking for left-over files ... OK
* checking index information ... OK
* checking package subdirectories ... OK
* checking code files for non-ASCII characters ... OK
* checking R files for syntax errors ... OK
* checking whether the package can be loaded ... OK
* checking whether the package can be loaded with stated dependencies ... OK
* checking whether the package can be unloaded cleanly ... OK
* checking whether the namespace can be loaded with stated dependencies ... OK
* checking whether the namespace can be unloaded cleanly ... OK
* checking loading without being on the library search path ... OK
* checking dependencies in R code ... OK
* checking S3 generic/method consistency ... OK
* checking replacement functions ... OK
* checking foreign function calls ... OK
* checking R code for possible problems ... NOTE
mcesApply1: no visible global function definition for ‘clusterEvalQ’
mcesApply1: no visible global function definition for ‘parRapply’
mcesApply1: no visible global function definition for ‘parCapply’
Undefined global functions or variables:
clusterEvalQ parCapply parRapply
* checking Rd files ... OK
* checking Rd metadata ... OK
* checking Rd cross-references ... OK
* checking for missing documentation entries ... OK
* checking for code/documentation mismatches ... OK
* checking Rd \usage sections ... OK
* checking Rd contents ... OK
* checking for unstated dependencies in examples ... OK
* checking files in ‘vignettes’ ... OK
* checking examples ... OK
Examples with CPU (user + system) or elapsed time > 5s
user system elapsed
sWanderlust 21.520 1.985 23.549
autoSPIN 13.347 0.483 13.845
* checking for unstated dependencies in ‘tests’ ... OK
* checking tests ...
Running ‘runTests.R’
OK
* checking for unstated dependencies in vignettes ... OK
* checking package vignettes ... OK
* checking re-building of vignette outputs ... OK
* checking PDF version of manual ... OK
* DONE
Status: 1 WARNING, 1 NOTE
See
‘/home/biocbuild/bbs-3.22-bioc/meat/uSORT.Rcheck/00check.log’
for details.
uSORT.Rcheck/00install.out
############################################################################## ############################################################################## ### ### Running command: ### ### /home/biocbuild/bbs-3.22-bioc/R/bin/R CMD INSTALL uSORT ### ############################################################################## ############################################################################## * installing to library ‘/home/biocbuild/bbs-3.22-bioc/R/site-library’ * installing *source* package ‘uSORT’ ... ** this is package ‘uSORT’ version ‘1.35.0’ ** using staged installation ** R ** inst ** byte-compile and prepare package for lazy loading No methods found in package ‘BiocGenerics’ for request: ‘clusterEvalQ’ when loading ‘uSORT’ No methods found in package ‘BiocGenerics’ for request: ‘parCapply’ when loading ‘uSORT’ No methods found in package ‘BiocGenerics’ for request: ‘parRapply’ when loading ‘uSORT’ Note: break used in wrong context: no loop is visible ** help *** installing help indices ** building package indices ** installing vignettes ** testing if installed package can be loaded from temporary location No methods found in package ‘BiocGenerics’ for request: ‘clusterEvalQ’ when loading ‘uSORT’ No methods found in package ‘BiocGenerics’ for request: ‘parCapply’ when loading ‘uSORT’ No methods found in package ‘BiocGenerics’ for request: ‘parRapply’ when loading ‘uSORT’ ** testing if installed package can be loaded from final location No methods found in package ‘BiocGenerics’ for request: ‘clusterEvalQ’ when loading ‘uSORT’ No methods found in package ‘BiocGenerics’ for request: ‘parCapply’ when loading ‘uSORT’ No methods found in package ‘BiocGenerics’ for request: ‘parRapply’ when loading ‘uSORT’ ** testing if installed package keeps a record of temporary installation path * DONE (uSORT)
uSORT.Rcheck/tests/runTests.Rout
R version 4.5.1 Patched (2025-08-23 r88802) -- "Great Square Root"
Copyright (C) 2025 The R Foundation for Statistical Computing
Platform: x86_64-pc-linux-gnu
R is free software and comes with ABSOLUTELY NO WARRANTY.
You are welcome to redistribute it under certain conditions.
Type 'license()' or 'licence()' for distribution details.
R is a collaborative project with many contributors.
Type 'contributors()' for more information and
'citation()' on how to cite R or R packages in publications.
Type 'demo()' for some demos, 'help()' for on-line help, or
'help.start()' for an HTML browser interface to help.
Type 'q()' to quit R.
> BiocGenerics:::testPackage("uSORT")
No methods found in package 'BiocGenerics' for request: 'clusterEvalQ' when loading 'uSORT'
No methods found in package 'BiocGenerics' for request: 'parCapply' when loading 'uSORT'
No methods found in package 'BiocGenerics' for request: 'parRapply' when loading 'uSORT'
No starting point specified, the first row will be used!
Building lNN graph...
lNN computed in: 0 seconds
Randomly Select waypoints...
Flock waypoints...
Iteratively realign trajectory:
Running iterations... 1
Correlation with previous iteration: 0.985372
Running iterations... 2
Correlation with previous iteration: 0.99972
Running iterations... 3
Correlation with previous iteration: 0.999971
Wanderlust Sorting Done!
RUNIT TEST PROTOCOL -- Sat Oct 25 05:18:31 2025
***********************************************
Number of test functions: 1
Number of errors: 0
Number of failures: 0
1 Test Suite :
uSORT RUnit Tests - 1 test function, 0 errors, 0 failures
Number of test functions: 1
Number of errors: 0
Number of failures: 0
>
> proc.time()
user system elapsed
5.375 1.260 6.645
uSORT.Rcheck/uSORT-Ex.timings
| name | user | system | elapsed | |
| Rwanderlust | 0.867 | 0.039 | 0.908 | |
| SPIN | 0.061 | 0.003 | 0.065 | |
| STS_sortingcost | 0.015 | 0.001 | 0.017 | |
| autoSPIN | 13.347 | 0.483 | 13.845 | |
| driving_force_gene_selection | 0.002 | 0.000 | 0.001 | |
| elbow_detection | 0.002 | 0.001 | 0.003 | |
| monocle_wrapper | 0.000 | 0.000 | 0.001 | |
| neighborhood_sortingcost | 0.035 | 0.002 | 0.038 | |
| pca_gene_selection | 2.374 | 0.167 | 2.542 | |
| sWanderlust | 21.520 | 1.985 | 23.549 | |
| uSORT | 0.001 | 0.000 | 0.001 | |
| uSORT_GUI | 0 | 0 | 0 | |
| uSORT_preProcess | 1.379 | 0.059 | 1.439 | |
| uSORT_sorting_wrapper | 1.686 | 0.045 | 1.731 | |
| uSORT_write_results | 0.001 | 0.000 | 0.001 | |