| Back to Multiple platform build/check report for BioC 3.22: simplified long |
|
This page was generated on 2025-10-21 12:08 -0400 (Tue, 21 Oct 2025).
| Hostname | OS | Arch (*) | R version | Installed pkgs |
|---|---|---|---|---|
| nebbiolo2 | Linux (Ubuntu 24.04.3 LTS) | x86_64 | 4.5.1 Patched (2025-08-23 r88802) -- "Great Square Root" | 4887 |
| lconway | macOS 12.7.6 Monterey | x86_64 | 4.5.1 Patched (2025-09-10 r88807) -- "Great Square Root" | 4677 |
| kjohnson3 | macOS 13.7.7 Ventura | arm64 | 4.5.1 Patched (2025-09-10 r88807) -- "Great Square Root" | 4622 |
| taishan | Linux (openEuler 24.03 LTS) | aarch64 | 4.5.0 (2025-04-11) -- "How About a Twenty-Six" | 4642 |
| Click on any hostname to see more info about the system (e.g. compilers) (*) as reported by 'uname -p', except on Windows and Mac OS X | ||||
| Package 2203/2353 | Hostname | OS / Arch | INSTALL | BUILD | CHECK | BUILD BIN | ||||||||
| tidyomics 1.5.0 (landing page) Stefano Mangiola
| nebbiolo2 | Linux (Ubuntu 24.04.3 LTS) / x86_64 | OK | OK | WARNINGS | |||||||||
| lconway | macOS 12.7.6 Monterey / x86_64 | OK | OK | WARNINGS | OK | |||||||||
| kjohnson3 | macOS 13.7.7 Ventura / arm64 | OK | OK | WARNINGS | OK | |||||||||
| taishan | Linux (openEuler 24.03 LTS) / aarch64 | OK | OK | WARNINGS | ||||||||||
|
To the developers/maintainers of the tidyomics package: - Allow up to 24 hours (and sometimes 48 hours) for your latest push to git@git.bioconductor.org:packages/tidyomics.git to reflect on this report. See Troubleshooting Build Report for more information. - Use the following Renviron settings to reproduce errors and warnings. - If 'R CMD check' started to fail recently on the Linux builder(s) over a missing dependency, add the missing dependency to 'Suggests:' in your DESCRIPTION file. See Renviron.bioc for more information. - See Martin Grigorov's blog post for how to debug Linux ARM64 related issues on a x86_64 host. |
| Package: tidyomics |
| Version: 1.5.0 |
| Command: /home/biocbuild/R/R/bin/R CMD check --install=check:tidyomics.install-out.txt --library=/home/biocbuild/R/R/site-library --no-vignettes --timings tidyomics_1.5.0.tar.gz |
| StartedAt: 2025-10-17 14:28:13 -0000 (Fri, 17 Oct 2025) |
| EndedAt: 2025-10-17 14:33:09 -0000 (Fri, 17 Oct 2025) |
| EllapsedTime: 296.4 seconds |
| RetCode: 0 |
| Status: WARNINGS |
| CheckDir: tidyomics.Rcheck |
| Warnings: 1 |
##############################################################################
##############################################################################
###
### Running command:
###
### /home/biocbuild/R/R/bin/R CMD check --install=check:tidyomics.install-out.txt --library=/home/biocbuild/R/R/site-library --no-vignettes --timings tidyomics_1.5.0.tar.gz
###
##############################################################################
##############################################################################
* using log directory ‘/home/biocbuild/bbs-3.22-bioc/meat/tidyomics.Rcheck’
* using R version 4.5.0 (2025-04-11)
* using platform: aarch64-unknown-linux-gnu
* R was compiled by
aarch64-unknown-linux-gnu-gcc (GCC) 14.2.0
GNU Fortran (GCC) 14.2.0
* running under: openEuler 24.03 (LTS)
* using session charset: UTF-8
* using option ‘--no-vignettes’
* checking for file ‘tidyomics/DESCRIPTION’ ... OK
* this is package ‘tidyomics’ version ‘1.5.0’
* package encoding: UTF-8
* checking package namespace information ... OK
* checking package dependencies ... OK
* checking if this is a source package ... OK
* checking if there is a namespace ... OK
* checking for hidden files and directories ... OK
* checking for portable file names ... OK
* checking for sufficient/correct file permissions ... OK
* checking whether package ‘tidyomics’ can be installed ... OK
* checking installed package size ... OK
* checking package directory ... OK
* checking ‘build’ directory ... OK
* checking DESCRIPTION meta-information ... NOTE
License stub is invalid DCF.
* checking top-level files ... OK
* checking for left-over files ... OK
* checking index information ... OK
* checking package subdirectories ... OK
* checking code files for non-ASCII characters ... OK
* checking R files for syntax errors ... OK
* checking whether the package can be loaded ... OK
* checking whether the package can be loaded with stated dependencies ... OK
* checking whether the package can be unloaded cleanly ... OK
* checking whether the namespace can be loaded with stated dependencies ... OK
* checking whether the namespace can be unloaded cleanly ... OK
* checking loading without being on the library search path ... OK
* checking whether startup messages can be suppressed ... OK
* checking dependencies in R code ... OK
* checking S3 generic/method consistency ... OK
* checking replacement functions ... OK
* checking foreign function calls ... OK
* checking R code for possible problems ... OK
* checking Rd files ... OK
* checking Rd metadata ... OK
* checking Rd cross-references ... OK
* checking for missing documentation entries ... WARNING
Undocumented code objects:
‘tidyomics’
All user-level objects in a package should have documentation entries.
See chapter ‘Writing R documentation files’ in the ‘Writing R
Extensions’ manual.
* checking for code/documentation mismatches ... OK
* checking Rd \usage sections ... OK
* checking Rd contents ... OK
* checking for unstated dependencies in examples ... OK
* checking files in ‘vignettes’ ... OK
* checking examples ... OK
* checking for unstated dependencies in ‘tests’ ... OK
* checking tests ...
Running ‘testthat.R’
OK
* checking for unstated dependencies in vignettes ... OK
* checking package vignettes ... OK
* checking running R code from vignettes ... SKIPPED
* checking re-building of vignette outputs ... SKIPPED
* checking PDF version of manual ... OK
* DONE
Status: 1 WARNING, 1 NOTE
See
‘/home/biocbuild/bbs-3.22-bioc/meat/tidyomics.Rcheck/00check.log’
for details.
tidyomics.Rcheck/00install.out
############################################################################## ############################################################################## ### ### Running command: ### ### /home/biocbuild/R/R/bin/R CMD INSTALL tidyomics ### ############################################################################## ############################################################################## * installing to library ‘/home/biocbuild/R/R-4.5.0/site-library’ * installing *source* package ‘tidyomics’ ... ** this is package ‘tidyomics’ version ‘1.5.0’ ** using staged installation ** R ** byte-compile and prepare package for lazy loading ** help *** installing help indices *** copying figures ** building package indices ** installing vignettes ** testing if installed package can be loaded from temporary location ** testing if installed package can be loaded from final location ** testing if installed package keeps a record of temporary installation path * DONE (tidyomics)
tidyomics.Rcheck/tests/testthat.Rout
R version 4.5.0 (2025-04-11) -- "How About a Twenty-Six"
Copyright (C) 2025 The R Foundation for Statistical Computing
Platform: aarch64-unknown-linux-gnu
R is free software and comes with ABSOLUTELY NO WARRANTY.
You are welcome to redistribute it under certain conditions.
Type 'license()' or 'licence()' for distribution details.
R is a collaborative project with many contributors.
Type 'contributors()' for more information and
'citation()' on how to cite R or R packages in publications.
Type 'demo()' for some demos, 'help()' for on-line help, or
'help.start()' for an HTML browser interface to help.
Type 'q()' to quit R.
> # This file is part of the standard setup for testthat.
> # It is recommended that you do not modify it.
> #
> # Where should you do additional test configuration?
> # Learn more about the roles of various files in:
> # * https://r-pkgs.org/tests.html
> # * https://testthat.r-lib.org/reference/test_package.html#special-files
>
> library(testthat)
> library(tidyomics)
── Attaching core tidyomics packages ──────────────────────── tidyomics 1.5.0 ──
✔ dplyr 1.1.4 ✔ tidySummarizedExperiment 1.19.6
✔ ggplot2 4.0.0 ✔ tidybulk 1.99.4
✔ nullranges 1.15.1 ✔ tidyr 1.3.1
✔ plyranges 1.29.1 ✔ tidyseurat 0.8.4
✔ tidySingleCellExperiment 1.19.1
── Conflicts ────────────────────────────────────────── tidyomics_conflicts() ──
✖ plyranges::between() masks dplyr::between()
✖ plyranges::filter() masks dplyr::filter(), stats::filter()
✖ S4Vectors::findMatches() masks utils::findMatches()
✖ S4Vectors::head() masks utils::head()
✖ plyranges::n() masks dplyr::n()
✖ plyranges::n_distinct() masks dplyr::n_distinct()
✖ IRanges::relist() masks BiocGenerics::relist(), utils::relist()
✖ plyranges::slice() masks IRanges::slice(), dplyr::slice()
✖ IRanges::stack() masks S4Vectors::stack(), utils::stack()
✖ S4Vectors::tail() masks utils::tail()
✖ tidyseurat::tidy() masks tidySingleCellExperiment::tidy(), tidySummarizedExperiment::tidy(), generics::tidy()
ℹ Use the conflicted package (<http://conflicted.r-lib.org/>) to force all conflicts to become errors
>
> test_check("tidyomics")
[ FAIL 0 | WARN 0 | SKIP 3 | PASS 0 ]
══ Skipped tests (3) ═══════════════════════════════════════════════════════════
• On CRAN (3): 'test-attach.R:2:3', 'test-attach.R:7:3', 'test-attach.R:13:3'
[ FAIL 0 | WARN 0 | SKIP 3 | PASS 0 ]
>
> proc.time()
user system elapsed
20.812 0.912 22.854
tidyomics.Rcheck/tidyomics-Ex.timings
| name | user | system | elapsed | |
| tidyomics_conflicts | 0.113 | 0.008 | 0.173 | |
| tidyomics_packages | 0.001 | 0.000 | 0.001 | |