| Back to Multiple platform build/check report for BioC 3.22: simplified long |
|
This page was generated on 2025-10-24 12:07 -0400 (Fri, 24 Oct 2025).
| Hostname | OS | Arch (*) | R version | Installed pkgs |
|---|---|---|---|---|
| nebbiolo2 | Linux (Ubuntu 24.04.3 LTS) | x86_64 | 4.5.1 Patched (2025-08-23 r88802) -- "Great Square Root" | 4898 |
| lconway | macOS 12.7.6 Monterey | x86_64 | 4.5.1 Patched (2025-09-10 r88807) -- "Great Square Root" | 4688 |
| kjohnson3 | macOS 13.7.7 Ventura | arm64 | 4.5.1 Patched (2025-09-10 r88807) -- "Great Square Root" | 4634 |
| taishan | Linux (openEuler 24.03 LTS) | aarch64 | 4.5.0 (2025-04-11) -- "How About a Twenty-Six" | 4658 |
| Click on any hostname to see more info about the system (e.g. compilers) (*) as reported by 'uname -p', except on Windows and Mac OS X | ||||
| Package 2052/2359 | Hostname | OS / Arch | INSTALL | BUILD | CHECK | BUILD BIN | ||||||||
| snapcount 1.21.0 (landing page) Rone Charles
| nebbiolo2 | Linux (Ubuntu 24.04.3 LTS) / x86_64 | OK | OK | OK | |||||||||
| lconway | macOS 12.7.6 Monterey / x86_64 | OK | OK | OK | OK | |||||||||
| kjohnson3 | macOS 13.7.7 Ventura / arm64 | OK | OK | OK | OK | |||||||||
| taishan | Linux (openEuler 24.03 LTS) / aarch64 | ERROR | ERROR | skipped | ||||||||||
|
To the developers/maintainers of the snapcount package: - Allow up to 24 hours (and sometimes 48 hours) for your latest push to git@git.bioconductor.org:packages/snapcount.git to reflect on this report. See Troubleshooting Build Report for more information. - Use the following Renviron settings to reproduce errors and warnings. - If 'R CMD check' started to fail recently on the Linux builder(s) over a missing dependency, add the missing dependency to 'Suggests:' in your DESCRIPTION file. See Renviron.bioc for more information. - See Martin Grigorov's blog post for how to debug Linux ARM64 related issues on a x86_64 host. |
| Package: snapcount |
| Version: 1.21.0 |
| Command: /home/biocbuild/R/R/bin/R CMD build --keep-empty-dirs --no-resave-data snapcount |
| StartedAt: 2025-10-21 03:16:35 -0000 (Tue, 21 Oct 2025) |
| EndedAt: 2025-10-21 03:19:49 -0000 (Tue, 21 Oct 2025) |
| EllapsedTime: 194.1 seconds |
| RetCode: 1 |
| Status: ERROR |
| PackageFile: None |
| PackageFileSize: NA |
##############################################################################
##############################################################################
###
### Running command:
###
### /home/biocbuild/R/R/bin/R CMD build --keep-empty-dirs --no-resave-data snapcount
###
##############################################################################
##############################################################################
* checking for file ‘snapcount/DESCRIPTION’ ... OK
* preparing ‘snapcount’:
* checking DESCRIPTION meta-information ... OK
* installing the package to build vignettes
* creating vignettes ... ERROR
--- re-building ‘snapcount_vignette.Rmd’ using rmarkdown
Quitting from snapcount_vignette.Rmd:349-361 [jm]
~~~~~~~~~~~~~~~~~~~~~~~~~~~~~~~~~~~~~~~~~~~~~~~~~~~~~~~~~~~~~~~~~~~~~~~~~~~~~~~~
<error/rlang_error>
Error in `curl::curl_fetch_memory()`:
! Transferred a partial file [snaptron.cs.jhu.edu]:
transfer closed with outstanding read data remaining
---
Backtrace:
▆
1. ├─snapcount::junction_union(gtex, tcga)
2. │ └─snapcount:::merge_compilations(..., all = TRUE)
3. │ └─base::lapply(...)
4. │ └─snapcount (local) FUN(X[[i]], ...)
5. │ └─snapcount:::get_compilation_metadata(compilation)
6. │ └─snapcount:::submit_query(uri)
7. │ └─httr::GET(uri)
8. │ └─httr:::request_perform(req, hu$handle$handle)
9. │ ├─httr:::request_fetch(req$output, req$url, handle)
10. │ └─httr:::request_fetch.write_memory(req$output, req$url, handle)
11. │ └─curl::curl_fetch_memory(url, handle = handle)
12. └─curl:::raise_libcurl_error(...)
~~~~~~~~~~~~~~~~~~~~~~~~~~~~~~~~~~~~~~~~~~~~~~~~~~~~~~~~~~~~~~~~~~~~~~~~~~~~~~~~
Error: processing vignette 'snapcount_vignette.Rmd' failed with diagnostics:
Transferred a partial file [snaptron.cs.jhu.edu]:
transfer closed with outstanding read data remaining
--- failed re-building ‘snapcount_vignette.Rmd’
SUMMARY: processing the following file failed:
‘snapcount_vignette.Rmd’
Error: Vignette re-building failed.
Execution halted