| Back to Multiple platform build/check report for BioC 3.22: simplified long |
|
This page was generated on 2025-10-21 12:07 -0400 (Tue, 21 Oct 2025).
| Hostname | OS | Arch (*) | R version | Installed pkgs |
|---|---|---|---|---|
| nebbiolo2 | Linux (Ubuntu 24.04.3 LTS) | x86_64 | 4.5.1 Patched (2025-08-23 r88802) -- "Great Square Root" | 4887 |
| lconway | macOS 12.7.6 Monterey | x86_64 | 4.5.1 Patched (2025-09-10 r88807) -- "Great Square Root" | 4677 |
| kjohnson3 | macOS 13.7.7 Ventura | arm64 | 4.5.1 Patched (2025-09-10 r88807) -- "Great Square Root" | 4622 |
| taishan | Linux (openEuler 24.03 LTS) | aarch64 | 4.5.0 (2025-04-11) -- "How About a Twenty-Six" | 4642 |
| Click on any hostname to see more info about the system (e.g. compilers) (*) as reported by 'uname -p', except on Windows and Mac OS X | ||||
| Package 1970/2353 | Hostname | OS / Arch | INSTALL | BUILD | CHECK | BUILD BIN | ||||||||
Sarvesh Nikumbh
| nebbiolo2 | Linux (Ubuntu 24.04.3 LTS) / x86_64 | OK | OK | ERROR | |||||||||
| lconway | macOS 12.7.6 Monterey / x86_64 | OK | OK | ERROR | OK | |||||||||
| kjohnson3 | macOS 13.7.7 Ventura / arm64 | OK | OK | ERROR | OK | |||||||||
| taishan | Linux (openEuler 24.03 LTS) / aarch64 | OK | OK | WARNINGS | ||||||||||
|
To the developers/maintainers of the seqArchRplus package: - Allow up to 24 hours (and sometimes 48 hours) for your latest push to git@git.bioconductor.org:packages/seqArchRplus.git to reflect on this report. See Troubleshooting Build Report for more information. - Use the following Renviron settings to reproduce errors and warnings. - If 'R CMD check' started to fail recently on the Linux builder(s) over a missing dependency, add the missing dependency to 'Suggests:' in your DESCRIPTION file. See Renviron.bioc for more information. - See Martin Grigorov's blog post for how to debug Linux ARM64 related issues on a x86_64 host. |
| Package: seqArchRplus |
| Version: 1.9.2 |
| Command: /home/biocbuild/R/R/bin/R CMD check --install=check:seqArchRplus.install-out.txt --library=/home/biocbuild/R/R/site-library --no-vignettes --timings seqArchRplus_1.9.2.tar.gz |
| StartedAt: 2025-10-17 13:33:09 -0000 (Fri, 17 Oct 2025) |
| EndedAt: 2025-10-17 13:40:08 -0000 (Fri, 17 Oct 2025) |
| EllapsedTime: 418.7 seconds |
| RetCode: 0 |
| Status: WARNINGS |
| CheckDir: seqArchRplus.Rcheck |
| Warnings: 1 |
##############################################################################
##############################################################################
###
### Running command:
###
### /home/biocbuild/R/R/bin/R CMD check --install=check:seqArchRplus.install-out.txt --library=/home/biocbuild/R/R/site-library --no-vignettes --timings seqArchRplus_1.9.2.tar.gz
###
##############################################################################
##############################################################################
* using log directory ‘/home/biocbuild/bbs-3.22-bioc/meat/seqArchRplus.Rcheck’
* using R version 4.5.0 (2025-04-11)
* using platform: aarch64-unknown-linux-gnu
* R was compiled by
aarch64-unknown-linux-gnu-gcc (GCC) 14.2.0
GNU Fortran (GCC) 14.2.0
* running under: openEuler 24.03 (LTS)
* using session charset: UTF-8
* using option ‘--no-vignettes’
* checking for file ‘seqArchRplus/DESCRIPTION’ ... OK
* checking extension type ... Package
* this is package ‘seqArchRplus’ version ‘1.9.2’
* package encoding: UTF-8
* checking package namespace information ... OK
* checking package dependencies ... OK
* checking if this is a source package ... OK
* checking if there is a namespace ... OK
* checking for hidden files and directories ... OK
* checking for portable file names ... OK
* checking for sufficient/correct file permissions ... OK
* checking whether package ‘seqArchRplus’ can be installed ... OK
* checking installed package size ... OK
* checking package directory ... OK
* checking ‘build’ directory ... OK
* checking DESCRIPTION meta-information ... OK
* checking top-level files ... OK
* checking for left-over files ... OK
* checking index information ... OK
* checking package subdirectories ... OK
* checking code files for non-ASCII characters ... OK
* checking R files for syntax errors ... OK
* checking whether the package can be loaded ... OK
* checking whether the package can be loaded with stated dependencies ... OK
* checking whether the package can be unloaded cleanly ... OK
* checking whether the namespace can be loaded with stated dependencies ... OK
* checking whether the namespace can be unloaded cleanly ... OK
* checking loading without being on the library search path ... OK
* checking whether startup messages can be suppressed ... OK
* checking dependencies in R code ... OK
* checking S3 generic/method consistency ... OK
* checking replacement functions ... OK
* checking foreign function calls ... OK
* checking R code for possible problems ... OK
* checking Rd files ... OK
* checking Rd metadata ... OK
* checking Rd cross-references ... WARNING
Missing link(s) in Rd file 'generate_all_plots.Rd':
‘[CAGEr]{clusterCTSS}’
Non-topic package-anchored link(s) in Rd file 'handle_tc_from_cage.Rd':
‘[CAGEr]{tagClusters}’
Non-topic package-anchored link(s) in Rd file 'per_cluster_annotations.Rd':
‘[CAGEr]{tagClusters}’
Non-topic package-anchored link(s) in Rd file 'per_cluster_go_term_enrichments.Rd':
‘[CAGEr]{tagClusters}’
See section 'Cross-references' in the 'Writing R Extensions' manual.
Found the following Rd file(s) with Rd \link{} targets missing package
anchors:
seqArchRplus.Rd: prepare_data_from_FASTA, get_one_hot_encoded_seqs,
plot_arch_for_clusters, plot_ggseqlogo_of_seqs, viz_bas_vec,
viz_seqs_acgt_mat, viz_pwm
Please provide package anchors for all Rd \link{} targets not in the
package itself and the base packages.
* checking for missing documentation entries ... OK
* checking for code/documentation mismatches ... OK
* checking Rd \usage sections ... OK
* checking Rd contents ... OK
* checking for unstated dependencies in examples ... OK
* checking files in ‘vignettes’ ... OK
* checking examples ... OK
Examples with CPU (user + system) or elapsed time > 5s
user system elapsed
per_cluster_go_term_enrichments 56.537 2.498 62.247
generate_all_plots 55.321 1.237 61.468
curate_clusters 14.937 0.390 16.126
per_cluster_annotations 12.226 0.411 12.888
plot_motif_heatmaps2 7.768 0.303 9.032
* checking for unstated dependencies in vignettes ... OK
* checking package vignettes ... OK
* checking running R code from vignettes ... SKIPPED
* checking re-building of vignette outputs ... SKIPPED
* checking PDF version of manual ... OK
* DONE
Status: 1 WARNING
See
‘/home/biocbuild/bbs-3.22-bioc/meat/seqArchRplus.Rcheck/00check.log’
for details.
seqArchRplus.Rcheck/00install.out
############################################################################## ############################################################################## ### ### Running command: ### ### /home/biocbuild/R/R/bin/R CMD INSTALL seqArchRplus ### ############################################################################## ############################################################################## * installing to library ‘/home/biocbuild/R/R-4.5.0/site-library’ * installing *source* package ‘seqArchRplus’ ... ** this is package ‘seqArchRplus’ version ‘1.9.2’ ** using staged installation ** R ** inst ** byte-compile and prepare package for lazy loading ** help *** installing help indices ** building package indices ** installing vignettes ** testing if installed package can be loaded from temporary location Warning in fun(libname, pkgname) : Package 'seqArchRplus' is deprecated and will be removed from Bioconductor version 3.23 ** testing if installed package can be loaded from final location Warning in fun(libname, pkgname) : Package 'seqArchRplus' is deprecated and will be removed from Bioconductor version 3.23 ** testing if installed package keeps a record of temporary installation path * DONE (seqArchRplus)
seqArchRplus.Rcheck/seqArchRplus-Ex.timings
| name | user | system | elapsed | |
| curate_clusters | 14.937 | 0.390 | 16.126 | |
| generate_all_plots | 55.321 | 1.237 | 61.468 | |
| generate_html_report | 0.003 | 0.004 | 0.007 | |
| handle_tc_from_cage | 0.980 | 0.090 | 2.481 | |
| iqw_tpm_plots | 1.177 | 0.051 | 1.243 | |
| order_clusters_iqw | 0.022 | 0.000 | 0.023 | |
| per_cluster_annotations | 12.226 | 0.411 | 12.888 | |
| per_cluster_go_term_enrichments | 56.537 | 2.498 | 62.247 | |
| per_cluster_seqlogos | 3.885 | 0.127 | 4.320 | |
| per_cluster_strand_dist | 2.282 | 0.027 | 2.785 | |
| plot_motif_heatmaps | 1.558 | 0.036 | 1.599 | |
| plot_motif_heatmaps2 | 7.768 | 0.303 | 9.032 | |
| seqs_acgt_image | 0.306 | 0.004 | 0.337 | |
| write_seqArchR_cluster_track_bed | 0.052 | 0.000 | 0.057 | |