| Back to Multiple platform build/check report for BioC 3.22: simplified long |
|
This page was generated on 2025-10-24 12:07 -0400 (Fri, 24 Oct 2025).
| Hostname | OS | Arch (*) | R version | Installed pkgs |
|---|---|---|---|---|
| nebbiolo2 | Linux (Ubuntu 24.04.3 LTS) | x86_64 | 4.5.1 Patched (2025-08-23 r88802) -- "Great Square Root" | 4898 |
| lconway | macOS 12.7.6 Monterey | x86_64 | 4.5.1 Patched (2025-09-10 r88807) -- "Great Square Root" | 4688 |
| kjohnson3 | macOS 13.7.7 Ventura | arm64 | 4.5.1 Patched (2025-09-10 r88807) -- "Great Square Root" | 4634 |
| taishan | Linux (openEuler 24.03 LTS) | aarch64 | 4.5.0 (2025-04-11) -- "How About a Twenty-Six" | 4658 |
| Click on any hostname to see more info about the system (e.g. compilers) (*) as reported by 'uname -p', except on Windows and Mac OS X | ||||
| Package 1932/2359 | Hostname | OS / Arch | INSTALL | BUILD | CHECK | BUILD BIN | ||||||||
| scMerge 1.25.1 (landing page) Yingxin Lin
| nebbiolo2 | Linux (Ubuntu 24.04.3 LTS) / x86_64 | OK | OK | OK | |||||||||
| lconway | macOS 12.7.6 Monterey / x86_64 | OK | OK | OK | OK | |||||||||
| kjohnson3 | macOS 13.7.7 Ventura / arm64 | OK | OK | OK | OK | |||||||||
| taishan | Linux (openEuler 24.03 LTS) / aarch64 | OK | ERROR | skipped | ||||||||||
|
To the developers/maintainers of the scMerge package: - Allow up to 24 hours (and sometimes 48 hours) for your latest push to git@git.bioconductor.org:packages/scMerge.git to reflect on this report. See Troubleshooting Build Report for more information. - Use the following Renviron settings to reproduce errors and warnings. - If 'R CMD check' started to fail recently on the Linux builder(s) over a missing dependency, add the missing dependency to 'Suggests:' in your DESCRIPTION file. See Renviron.bioc for more information. - See Martin Grigorov's blog post for how to debug Linux ARM64 related issues on a x86_64 host. |
| Package: scMerge |
| Version: 1.25.1 |
| Command: /home/biocbuild/R/R/bin/R CMD build --keep-empty-dirs --no-resave-data scMerge |
| StartedAt: 2025-10-21 02:56:22 -0000 (Tue, 21 Oct 2025) |
| EndedAt: 2025-10-21 02:57:44 -0000 (Tue, 21 Oct 2025) |
| EllapsedTime: 82.0 seconds |
| RetCode: 1 |
| Status: ERROR |
| PackageFile: None |
| PackageFileSize: NA |
##############################################################################
##############################################################################
###
### Running command:
###
### /home/biocbuild/R/R/bin/R CMD build --keep-empty-dirs --no-resave-data scMerge
###
##############################################################################
##############################################################################
* checking for file ‘scMerge/DESCRIPTION’ ... OK
* preparing ‘scMerge’:
* checking DESCRIPTION meta-information ... OK
* installing the package to build vignettes
* creating vignettes ... ERROR
--- re-building ‘scMerge.Rmd’ using rmarkdown
*** caught segfault ***
address 0xfffffff9, cause 'memory not mapped'
Traceback:
1: cpp_linear(mt1 = x, mt2 = y, method = match(method, c("product", "cosine", "correlation", "euclidean", "dice", "edice")), mask = mask, rank = rank, limit = min_proxy, symm = symm, drop0 = drop0, use_nan = use_nan, use_mask = use_mask, sparse = sparse, digits = digits, thread = getThreads())
2: proxy(x, y, margin, method, mask = mask, min_proxy = min_simil, rank = rank, drop0 = drop0, diag = diag, use_nan = use_nan, sparse = sparse, digits = digits)
3: proxyC::simil(t(mat1), t(mat2), method = "correlation")
4: compute_dist_res(k, exprs_mat, clustering_list, combine_pair, dist)
5: FUN(...)
6: withCallingHandlers({ ERROR_CALL_DEPTH <<- (function() sys.nframe() - 1L)() FUN(...)}, error = function(e) { annotated_condition <- handle_error(e) stop(annotated_condition)}, warning = handle_warning)
7: doTryCatch(return(expr), name, parentenv, handler)
8: tryCatchOne(expr, names, parentenv, handlers[[1L]])
9: tryCatchList(expr, classes, parentenv, handlers)
10: tryCatch({ withCallingHandlers({ ERROR_CALL_DEPTH <<- (function() sys.nframe() - 1L)() FUN(...) }, error = function(e) { annotated_condition <- handle_error(e) stop(annotated_condition) }, warning = handle_warning)}, error = identity)
11: FUN(X[[i]], ...)
12: (function (X, FUN, ...) { FUN <- match.fun(FUN) if (!is.vector(X) || is.object(X)) X <- as.list(X) .Internal(lapply(X, FUN))})(X = 1L, FUN = function (...) { if (!identical(timeout, WORKER_TIMEOUT)) { setTimeLimit(timeout, timeout, TRUE) on.exit(setTimeLimit(Inf, Inf, FALSE)) } if (!is.null(globalOptions)) base::options(globalOptions) if (stop.on.error && ERROR_OCCURRED) { UNEVALUATED } else { .rng_reset_generator("L'Ecuyer-CMRG", SEED) output <- tryCatch({ withCallingHandlers({ ERROR_CALL_DEPTH <<- (function() sys.nframe() - 1L)() FUN(...) }, error = function(e) { annotated_condition <- handle_error(e) stop(annotated_condition) }, warning = handle_warning) }, error = identity) if (force.GC) gc(verbose = FALSE, full = FALSE) SEED <<- .rng_next_substream(SEED) output }})
13: do.call(lapply, args)
14: BiocParallel:::.workerLapply_impl(...)
15: (function (...) BiocParallel:::.workerLapply_impl(...))(X = 1L, FUN = function (k) { dist_res <- compute_dist_res(k, exprs_mat, clustering_list, combine_pair, dist) neighbour_batch1 <- apply(dist_res, 1, which.min) neighbour_batch2 <- apply(dist_res, 2, which.min) mnc_tmp <- c() for (l in seq_len(length(neighbour_batch1))) { if (neighbour_batch2[neighbour_batch1[l]] == l) { mnc_tmp <- rbind(mnc_tmp, c(l, neighbour_batch1[l])) } } colnames(mnc_tmp) <- c(paste("Batch", combine_pair[1, k], sep = ""), paste("Batch", combine_pair[2, k], sep = "")) return(mnc_tmp)}, ARGS = list(), OPTIONS = list(log = FALSE, threshold = "INFO", stop.on.error = TRUE, as.error = TRUE, timeout = NA_integer_, force.GC = FALSE, globalOptions = NULL), BPRNGSEED = c(10407L, 221682106L, 795869636L, 53167308L, 1083251817L, 354185039L, 688579817L), GLOBALS = list(), PACKAGES = character(0))
16: do.call(msg$data$fun, msg$data$args)
17: doTryCatch(return(expr), name, parentenv, handler)
18: tryCatchOne(expr, names, parentenv, handlers[[1L]])
19: tryCatchList(expr, classes, parentenv, handlers)
20: tryCatch({ .autoload_s4_classes(msg$data$args$X) do.call(msg$data$fun, msg$data$args)}, error = function(e) { list(.error_worker_comm(e, "worker evaluation failed"))})
21: .bpworker_EXEC(msg, bplog(backend$BPPARAM))
22: .recv_any(manager$backend)
23: .recv_any(manager$backend)
24: .manager_recv(manager)
25: .manager_recv(manager)
26: .collect_result(manager, reducer, progress, BPPARAM)
27: .bploop_impl(ITER = ITER, FUN = FUN, ARGS = ARGS, BPPARAM = BPPARAM, BPOPTIONS = BPOPTIONS, BPREDO = BPREDO, reducer = reducer, progress.length = length(redo_index))
28: bploop.lapply(manager, BPPARAM = BPPARAM, BPOPTIONS = BPOPTIONS, ...)
29: bploop(manager, BPPARAM = BPPARAM, BPOPTIONS = BPOPTIONS, ...)
30: .bpinit(manager = manager, X = X, FUN = FUN, ARGS = ARGS, BPPARAM = BPPARAM, BPOPTIONS = BPOPTIONS, BPREDO = BPREDO)
31: BiocParallel::bplapply(seq_len(ncol(combine_pair)), function(k) { dist_res <- compute_dist_res(k, exprs_mat, clustering_list, combine_pair, dist) neighbour_batch1 <- apply(dist_res, 1, which.min) neighbour_batch2 <- apply(dist_res, 2, which.min) mnc_tmp <- c() for (l in seq_len(length(neighbour_batch1))) { if (neighbour_batch2[neighbour_batch1[l]] == l) { mnc_tmp <- rbind(mnc_tmp, c(l, neighbour_batch1[l])) } } colnames(mnc_tmp) <- c(paste("Batch", combine_pair[1, k], sep = ""), paste("Batch", combine_pair[2, k], sep = "")) return(mnc_tmp)}, BPPARAM = BPPARAM)
32: BiocParallel::bplapply(seq_len(ncol(combine_pair)), function(k) { dist_res <- compute_dist_res(k, exprs_mat, clustering_list, combine_pair, dist) neighbour_batch1 <- apply(dist_res, 1, which.min) neighbour_batch2 <- apply(dist_res, 2, which.min) mnc_tmp <- c() for (l in seq_len(length(neighbour_batch1))) { if (neighbour_batch2[neighbour_batch1[l]] == l) { mnc_tmp <- rbind(mnc_tmp, c(l, neighbour_batch1[l])) } } colnames(mnc_tmp) <- c(paste("Batch", combine_pair[1, k], sep = ""), paste("Batch", combine_pair[2, k], sep = "")) return(mnc_tmp)}, BPPARAM = BPPARAM)
33: findMNC(exprs_mat = exprs_mat[HVG, ], clustering_list = cluster_res$clustering_list, dist = dist, BPPARAM = BPPARAM, plot_igraph = plot_igraph)
34: scReplicate(sce_combine = sce_combine, batch = batch, kmeansK = kmeansK, exprs = exprs, hvg_exprs = hvg_exprs, marker = marker, marker_list = marker_list, replicate_prop = replicate_prop, cell_type = cell_type, cell_type_match = cell_type_match, cell_type_inc = cell_type_inc, dist = dist, WV = WV, WV_marker = WV_marker, BPPARAM = BPPARAM, BSPARAM = BSPARAM, plot_igraph = verbose, verbose = verbose)
35: scMerge(sce_combine = example_sce, ctl = segList_ensemblGeneID$mouse$mouse_scSEG, kmeansK = c(3, 3), assay_name = "scMerge_unsupervised")
36: eval(expr, envir)
37: eval(expr, envir)
38: withVisible(eval(expr, envir))
39: withCallingHandlers(code, message = function (cnd) { watcher$capture_plot_and_output() if (on_message$capture) { watcher$push(cnd) } if (on_message$silence) { invokeRestart("muffleMessage") }}, warning = function (cnd) { if (getOption("warn") >= 2 || getOption("warn") < 0) { return() } watcher$capture_plot_and_output() if (on_warning$capture) { cnd <- sanitize_call(cnd) watcher$push(cnd) } if (on_warning$silence) { invokeRestart("muffleWarning") }}, error = function (cnd) { watcher$capture_plot_and_output() cnd <- sanitize_call(cnd) watcher$push(cnd) switch(on_error, continue = invokeRestart("eval_continue"), stop = invokeRestart("eval_stop"), error = NULL)})
40: eval(call)
41: eval(call)
42: with_handlers({ for (expr in tle$exprs) { ev <- withVisible(eval(expr, envir)) watcher$capture_plot_and_output() watcher$print_value(ev$value, ev$visible, envir) } TRUE}, handlers)
43: doWithOneRestart(return(expr), restart)
44: withOneRestart(expr, restarts[[1L]])
45: withRestartList(expr, restarts[-nr])
46: doWithOneRestart(return(expr), restart)
47: withOneRestart(withRestartList(expr, restarts[-nr]), restarts[[nr]])
48: withRestartList(expr, restarts)
49: withRestarts(with_handlers({ for (expr in tle$exprs) { ev <- withVisible(eval(expr, envir)) watcher$capture_plot_and_output() watcher$print_value(ev$value, ev$visible, envir) } TRUE}, handlers), eval_continue = function() TRUE, eval_stop = function() FALSE)
50: evaluate::evaluate(...)
51: evaluate(code, envir = env, new_device = FALSE, keep_warning = if (is.numeric(options$warning)) TRUE else options$warning, keep_message = if (is.numeric(options$message)) TRUE else options$message, stop_on_error = if (is.numeric(options$error)) options$error else { if (options$error && options$include) 0L else 2L }, output_handler = knit_handlers(options$render, options))
52: in_dir(input_dir(), expr)
53: in_input_dir(evaluate(code, envir = env, new_device = FALSE, keep_warning = if (is.numeric(options$warning)) TRUE else options$warning, keep_message = if (is.numeric(options$message)) TRUE else options$message, stop_on_error = if (is.numeric(options$error)) options$error else { if (options$error && options$include) 0L else 2L }, output_handler = knit_handlers(options$render, options)))
54: eng_r(options)
55: block_exec(params)
56: call_block(x)
57: process_group(group)
58: withCallingHandlers(if (tangle) process_tangle(group) else process_group(group), error = function(e) { if (progress && is.function(pb$interrupt)) pb$interrupt() if (xfun::pkg_available("rlang", "1.0.0")) { if (is_R_CMD_build() || is_R_CMD_check()) { cnd = tryCatch(rlang::entrace(e), error = identity) error <<- format(cnd) } else { rlang::entrace(e) } } })
59: xfun:::handle_error(withCallingHandlers(if (tangle) process_tangle(group) else process_group(group), error = function(e) { if (progress && is.function(pb$interrupt)) pb$interrupt() if (xfun::pkg_available("rlang", "1.0.0")) { if (is_R_CMD_build() || is_R_CMD_check()) { cnd = tryCatch(rlang::entrace(e), error = identity) error <<- format(cnd) } else { rlang::entrace(e) } } }), function(loc) { setwd(wd) write_utf8(res, output %n% stdout()) paste0("\nQuitting from ", loc, if (!is.null(error)) paste0("\n", rule(), error, "\n", rule()))}, if (labels[i] != "") sprintf(" [%s]", labels[i]), get_loc)
60: process_file(text, output)
61: knitr::knit(knit_input, knit_output, envir = envir, quiet = quiet)
62: rmarkdown::render(file, encoding = encoding, quiet = quiet, envir = globalenv(), output_dir = getwd(), ...)
63: vweave_rmarkdown(...)
64: engine$weave(file, quiet = quiet, encoding = enc)
65: doTryCatch(return(expr), name, parentenv, handler)
66: tryCatchOne(expr, names, parentenv, handlers[[1L]])
67: tryCatchList(expr, classes, parentenv, handlers)
68: tryCatch({ engine$weave(file, quiet = quiet, encoding = enc) setwd(startdir) output <- find_vignette_product(name, by = "weave", engine = engine) if (!have.makefile && vignette_is_tex(output)) { texi2pdf(file = output, clean = FALSE, quiet = quiet) output <- find_vignette_product(name, by = "texi2pdf", engine = engine) } outputs <- c(outputs, output)}, error = function(e) { thisOK <<- FALSE fails <<- c(fails, file) message(gettextf("Error: processing vignette '%s' failed with diagnostics:\n%s", file, conditionMessage(e)))})
69: tools::buildVignettes(dir = ".", tangle = TRUE)
An irrecoverable exception occurred. R is aborting now ...