| Back to Multiple platform build/check report for BioC 3.22: simplified long |
|
This page was generated on 2025-10-21 12:07 -0400 (Tue, 21 Oct 2025).
| Hostname | OS | Arch (*) | R version | Installed pkgs |
|---|---|---|---|---|
| nebbiolo2 | Linux (Ubuntu 24.04.3 LTS) | x86_64 | 4.5.1 Patched (2025-08-23 r88802) -- "Great Square Root" | 4887 |
| lconway | macOS 12.7.6 Monterey | x86_64 | 4.5.1 Patched (2025-09-10 r88807) -- "Great Square Root" | 4677 |
| kjohnson3 | macOS 13.7.7 Ventura | arm64 | 4.5.1 Patched (2025-09-10 r88807) -- "Great Square Root" | 4622 |
| taishan | Linux (openEuler 24.03 LTS) | aarch64 | 4.5.0 (2025-04-11) -- "How About a Twenty-Six" | 4642 |
| Click on any hostname to see more info about the system (e.g. compilers) (*) as reported by 'uname -p', except on Windows and Mac OS X | ||||
| Package 1906/2353 | Hostname | OS / Arch | INSTALL | BUILD | CHECK | BUILD BIN | ||||||||
| scDblFinder 1.23.4 (landing page) Pierre-Luc Germain
| nebbiolo2 | Linux (Ubuntu 24.04.3 LTS) / x86_64 | OK | OK | WARNINGS | |||||||||
| lconway | macOS 12.7.6 Monterey / x86_64 | OK | OK | WARNINGS | OK | |||||||||
| kjohnson3 | macOS 13.7.7 Ventura / arm64 | OK | OK | WARNINGS | OK | |||||||||
| taishan | Linux (openEuler 24.03 LTS) / aarch64 | OK | OK | WARNINGS | ||||||||||
|
To the developers/maintainers of the scDblFinder package: - Allow up to 24 hours (and sometimes 48 hours) for your latest push to git@git.bioconductor.org:packages/scDblFinder.git to reflect on this report. See Troubleshooting Build Report for more information. - Use the following Renviron settings to reproduce errors and warnings. - If 'R CMD check' started to fail recently on the Linux builder(s) over a missing dependency, add the missing dependency to 'Suggests:' in your DESCRIPTION file. See Renviron.bioc for more information. - See Martin Grigorov's blog post for how to debug Linux ARM64 related issues on a x86_64 host. |
| Package: scDblFinder |
| Version: 1.23.4 |
| Command: /home/biocbuild/R/R/bin/R CMD check --install=check:scDblFinder.install-out.txt --library=/home/biocbuild/R/R/site-library --no-vignettes --timings scDblFinder_1.23.4.tar.gz |
| StartedAt: 2025-10-17 13:14:46 -0000 (Fri, 17 Oct 2025) |
| EndedAt: 2025-10-17 13:22:42 -0000 (Fri, 17 Oct 2025) |
| EllapsedTime: 476.5 seconds |
| RetCode: 0 |
| Status: WARNINGS |
| CheckDir: scDblFinder.Rcheck |
| Warnings: 1 |
##############################################################################
##############################################################################
###
### Running command:
###
### /home/biocbuild/R/R/bin/R CMD check --install=check:scDblFinder.install-out.txt --library=/home/biocbuild/R/R/site-library --no-vignettes --timings scDblFinder_1.23.4.tar.gz
###
##############################################################################
##############################################################################
* using log directory ‘/home/biocbuild/bbs-3.22-bioc/meat/scDblFinder.Rcheck’
* using R version 4.5.0 (2025-04-11)
* using platform: aarch64-unknown-linux-gnu
* R was compiled by
aarch64-unknown-linux-gnu-gcc (GCC) 14.2.0
GNU Fortran (GCC) 14.2.0
* running under: openEuler 24.03 (LTS)
* using session charset: UTF-8
* using option ‘--no-vignettes’
* checking for file ‘scDblFinder/DESCRIPTION’ ... OK
* checking extension type ... Package
* this is package ‘scDblFinder’ version ‘1.23.4’
* package encoding: UTF-8
* checking package namespace information ... OK
* checking package dependencies ... OK
* checking if this is a source package ... OK
* checking if there is a namespace ... OK
* checking for hidden files and directories ... OK
* checking for portable file names ... OK
* checking for sufficient/correct file permissions ... OK
* checking whether package ‘scDblFinder’ can be installed ... OK
* checking installed package size ... OK
* checking package directory ... OK
* checking ‘build’ directory ... OK
* checking DESCRIPTION meta-information ... OK
* checking top-level files ... OK
* checking for left-over files ... OK
* checking index information ... OK
* checking package subdirectories ... OK
* checking code files for non-ASCII characters ... OK
* checking R files for syntax errors ... OK
* checking whether the package can be loaded ... OK
* checking whether the package can be loaded with stated dependencies ... OK
* checking whether the package can be unloaded cleanly ... OK
* checking whether the namespace can be loaded with stated dependencies ... OK
* checking whether the namespace can be unloaded cleanly ... OK
* checking loading without being on the library search path ... OK
* checking dependencies in R code ... WARNING
Missing or unexported object: ‘xgboost::xgb.params’
* checking S3 generic/method consistency ... OK
* checking replacement functions ... OK
* checking foreign function calls ... OK
* checking R code for possible problems ... NOTE
.xgbtrain: no visible global function definition for ‘packageVersion’
plotThresholds: no visible binding for global variable ‘threshold’
plotThresholds: no visible binding for global variable ‘value’
plotThresholds: no visible binding for global variable ‘variable’
Undefined global functions or variables:
packageVersion threshold value variable
Consider adding
importFrom("utils", "packageVersion")
to your NAMESPACE file.
* checking Rd files ... OK
* checking Rd metadata ... OK
* checking Rd cross-references ... NOTE
Found the following Rd file(s) with Rd \link{} targets missing package
anchors:
computeDoubletDensity.Rd: SummarizedExperiment-class,
SingleCellExperiment-class, sizeFactors, scran-gene-selection,
BiocNeighborParam-class, queryNeighbors, BiocSingularParam-class,
BiocParallelParam-class, librarySizeFactors
findDoubletClusters.Rd: SummarizedExperiment-class,
SingleCellExperiment-class, findMarkers, colLabels,
scran-gene-selection, librarySizeFactors, DataFrame-class,
SimpleList-class
recoverDoublets.Rd: SummarizedExperiment-class,
SingleCellExperiment-class, assays, reducedDims,
BiocNeighborParam-class, BiocParallelParam-class, DataFrame-class,
metadata, doubletCells, doubletCluster
Please provide package anchors for all Rd \link{} targets not in the
package itself and the base packages.
* checking for missing documentation entries ... OK
* checking for code/documentation mismatches ... OK
* checking Rd \usage sections ... OK
* checking Rd contents ... OK
* checking for unstated dependencies in examples ... OK
* checking files in ‘vignettes’ ... OK
* checking examples ... OK
Examples with CPU (user + system) or elapsed time > 5s
user system elapsed
clusterStickiness 6.223 0.143 8.286
doubletThresholding 5.732 0.056 6.592
scDblFinder 5.648 0.088 7.077
* checking for unstated dependencies in ‘tests’ ... OK
* checking tests ...
Running ‘testthat.R’
OK
* checking for unstated dependencies in vignettes ... OK
* checking package vignettes ... OK
* checking running R code from vignettes ... SKIPPED
* checking re-building of vignette outputs ... SKIPPED
* checking PDF version of manual ... OK
* DONE
Status: 1 WARNING, 2 NOTEs
See
‘/home/biocbuild/bbs-3.22-bioc/meat/scDblFinder.Rcheck/00check.log’
for details.
scDblFinder.Rcheck/00install.out
############################################################################## ############################################################################## ### ### Running command: ### ### /home/biocbuild/R/R/bin/R CMD INSTALL scDblFinder ### ############################################################################## ############################################################################## * installing to library ‘/home/biocbuild/R/R-4.5.0/site-library’ * installing *source* package ‘scDblFinder’ ... ** this is package ‘scDblFinder’ version ‘1.23.4’ ** using staged installation ** R ** inst ** byte-compile and prepare package for lazy loading ** help *** installing help indices ** building package indices ** installing vignettes ** testing if installed package can be loaded from temporary location ** testing if installed package can be loaded from final location ** testing if installed package keeps a record of temporary installation path * DONE (scDblFinder)
scDblFinder.Rcheck/tests/testthat.Rout
R version 4.5.0 (2025-04-11) -- "How About a Twenty-Six"
Copyright (C) 2025 The R Foundation for Statistical Computing
Platform: aarch64-unknown-linux-gnu
R is free software and comes with ABSOLUTELY NO WARRANTY.
You are welcome to redistribute it under certain conditions.
Type 'license()' or 'licence()' for distribution details.
R is a collaborative project with many contributors.
Type 'contributors()' for more information and
'citation()' on how to cite R or R packages in publications.
Type 'demo()' for some demos, 'help()' for on-line help, or
'help.start()' for an HTML browser interface to help.
Type 'q()' to quit R.
> library(testthat)
> library(scDblFinder)
Loading required package: SingleCellExperiment
Loading required package: SummarizedExperiment
Loading required package: MatrixGenerics
Loading required package: matrixStats
Attaching package: 'MatrixGenerics'
The following objects are masked from 'package:matrixStats':
colAlls, colAnyNAs, colAnys, colAvgsPerRowSet, colCollapse,
colCounts, colCummaxs, colCummins, colCumprods, colCumsums,
colDiffs, colIQRDiffs, colIQRs, colLogSumExps, colMadDiffs,
colMads, colMaxs, colMeans2, colMedians, colMins, colOrderStats,
colProds, colQuantiles, colRanges, colRanks, colSdDiffs, colSds,
colSums2, colTabulates, colVarDiffs, colVars, colWeightedMads,
colWeightedMeans, colWeightedMedians, colWeightedSds,
colWeightedVars, rowAlls, rowAnyNAs, rowAnys, rowAvgsPerColSet,
rowCollapse, rowCounts, rowCummaxs, rowCummins, rowCumprods,
rowCumsums, rowDiffs, rowIQRDiffs, rowIQRs, rowLogSumExps,
rowMadDiffs, rowMads, rowMaxs, rowMeans2, rowMedians, rowMins,
rowOrderStats, rowProds, rowQuantiles, rowRanges, rowRanks,
rowSdDiffs, rowSds, rowSums2, rowTabulates, rowVarDiffs, rowVars,
rowWeightedMads, rowWeightedMeans, rowWeightedMedians,
rowWeightedSds, rowWeightedVars
Loading required package: GenomicRanges
Loading required package: stats4
Loading required package: BiocGenerics
Loading required package: generics
Attaching package: 'generics'
The following objects are masked from 'package:base':
as.difftime, as.factor, as.ordered, intersect, is.element, setdiff,
setequal, union
Attaching package: 'BiocGenerics'
The following objects are masked from 'package:stats':
IQR, mad, sd, var, xtabs
The following objects are masked from 'package:base':
Filter, Find, Map, Position, Reduce, anyDuplicated, aperm, append,
as.data.frame, basename, cbind, colnames, dirname, do.call,
duplicated, eval, evalq, get, grep, grepl, is.unsorted, lapply,
mapply, match, mget, order, paste, pmax, pmax.int, pmin, pmin.int,
rank, rbind, rownames, sapply, saveRDS, table, tapply, unique,
unsplit, which.max, which.min
Loading required package: S4Vectors
Attaching package: 'S4Vectors'
The following object is masked from 'package:utils':
findMatches
The following objects are masked from 'package:base':
I, expand.grid, unname
Loading required package: IRanges
Loading required package: Seqinfo
Loading required package: Biobase
Welcome to Bioconductor
Vignettes contain introductory material; view with
'browseVignettes()'. To cite Bioconductor, see
'citation("Biobase")', and for packages 'citation("pkgname")'.
Attaching package: 'Biobase'
The following object is masked from 'package:MatrixGenerics':
rowMedians
The following objects are masked from 'package:matrixStats':
anyMissing, rowMedians
> test_check("scDblFinder")
[1] train-logloss:0.440600
Will train until train_logloss hasn't improved in 2 rounds.
[2] train-logloss:0.300078
[3] train-logloss:0.211246
[4] train-logloss:0.151689
[5] train-logloss:0.110405
[6] train-logloss:0.081185
[7] train-logloss:0.060214
[8] train-logloss:0.045017
[9] train-logloss:0.033927
[10] train-logloss:0.025788
[11] train-logloss:0.019788
[12] train-logloss:0.015345
[13] train-logloss:0.012039
[14] train-logloss:0.009565
[15] train-logloss:0.007703
[1] train-logloss:0.440600
Will train until train_logloss hasn't improved in 2 rounds.
[2] train-logloss:0.300078
[3] train-logloss:0.211246
[4] train-logloss:0.151689
[5] train-logloss:0.110405
[6] train-logloss:0.081185
[7] train-logloss:0.060214
[8] train-logloss:0.045017
[9] train-logloss:0.033927
[10] train-logloss:0.025788
[11] train-logloss:0.019788
[12] train-logloss:0.015345
[13] train-logloss:0.012039
[14] train-logloss:0.009565
[15] train-logloss:0.007703
[16] train-logloss:0.006290
[17] train-logloss:0.005208
[18] train-logloss:0.004371
[1] train-logloss:0.440600
Will train until train_logloss hasn't improved in 2 rounds.
[2] train-logloss:0.300078
[3] train-logloss:0.211246
[4] train-logloss:0.151689
[5] train-logloss:0.110405
[6] train-logloss:0.081185
[7] train-logloss:0.060214
[8] train-logloss:0.045017
[9] train-logloss:0.033927
[10] train-logloss:0.025788
[11] train-logloss:0.019788
[12] train-logloss:0.015345
[13] train-logloss:0.012039
[14] train-logloss:0.009565
[15] train-logloss:0.007703
[16] train-logloss:0.006290
[17] train-logloss:0.005208
[18] train-logloss:0.004371
[1] train-logloss:0.440583
Will train until train_logloss hasn't improved in 2 rounds.
[2] train-logloss:0.300057
[3] train-logloss:0.211224
[4] train-logloss:0.151667
[5] train-logloss:0.110384
[6] train-logloss:0.081165
[7] train-logloss:0.060195
[8] train-logloss:0.044999
[9] train-logloss:0.033909
[10] train-logloss:0.025771
[11] train-logloss:0.019771
[12] train-logloss:0.015329
[13] train-logloss:0.012024
[14] train-logloss:0.009551
[15] train-logloss:0.007690
[16] train-logloss:0.006277
[17] train-logloss:0.005196
[18] train-logloss:0.004360
[1] train-logloss:0.440583
Will train until train_logloss hasn't improved in 2 rounds.
[2] train-logloss:0.300057
[3] train-logloss:0.211224
[4] train-logloss:0.151667
[5] train-logloss:0.110384
[6] train-logloss:0.081165
[7] train-logloss:0.060195
[8] train-logloss:0.044999
[9] train-logloss:0.033909
[10] train-logloss:0.025771
[11] train-logloss:0.019771
[12] train-logloss:0.015329
[13] train-logloss:0.012024
[14] train-logloss:0.009551
[15] train-logloss:0.007690
[16] train-logloss:0.006277
[17] train-logloss:0.005196
[18] train-logloss:0.004360
[1] train-logloss:0.440583
Will train until train_logloss hasn't improved in 2 rounds.
[2] train-logloss:0.300057
[3] train-logloss:0.211224
[4] train-logloss:0.151667
[5] train-logloss:0.110384
[6] train-logloss:0.081165
[7] train-logloss:0.060195
[8] train-logloss:0.044999
[9] train-logloss:0.033909
[10] train-logloss:0.025771
[11] train-logloss:0.019771
[12] train-logloss:0.015329
[13] train-logloss:0.012024
[14] train-logloss:0.009551
[15] train-logloss:0.007690
[16] train-logloss:0.006277
[17] train-logloss:0.005196
[18] train-logloss:0.004360
[1] train-logloss:0.451922
Will train until train_logloss hasn't improved in 2 rounds.
[2] train-logloss:0.314556
[3] train-logloss:0.227401
[4] train-logloss:0.170327
[5] train-logloss:0.129162
[6] train-logloss:0.100901
[7] train-logloss:0.079961
[8] train-logloss:0.062599
[9] train-logloss:0.049992
[10] train-logloss:0.040245
[11] train-logloss:0.032771
[12] train-logloss:0.027092
[13] train-logloss:0.022865
[14] train-logloss:0.019337
[15] train-logloss:0.016899
[1] train-logloss:0.450766
Will train until train_logloss hasn't improved in 2 rounds.
[2] train-logloss:0.314928
[3] train-logloss:0.227043
[4] train-logloss:0.167895
[5] train-logloss:0.126717
[6] train-logloss:0.097424
[7] train-logloss:0.076564
[8] train-logloss:0.061137
[9] train-logloss:0.048400
[10] train-logloss:0.037832
[11] train-logloss:0.031046
[12] train-logloss:0.024891
[13] train-logloss:0.020959
[14] train-logloss:0.017882
[15] train-logloss:0.015373
[16] train-logloss:0.013841
[1] train-logloss:0.452091
Will train until train_logloss hasn't improved in 2 rounds.
[2] train-logloss:0.315762
[3] train-logloss:0.228147
[4] train-logloss:0.168965
[5] train-logloss:0.127708
[6] train-logloss:0.098281
[7] train-logloss:0.076598
[8] train-logloss:0.060824
[9] train-logloss:0.049339
[10] train-logloss:0.040500
[11] train-logloss:0.032767
[12] train-logloss:0.027188
[13] train-logloss:0.023173
[14] train-logloss:0.020992
[15] train-logloss:0.018201
[16] train-logloss:0.016209
[17] train-logloss:0.015021
[18] train-logloss:0.013923
[1] train-logloss:0.450559
Will train until train_logloss hasn't improved in 2 rounds.
[2] train-logloss:0.314827
[3] train-logloss:0.229002
[4] train-logloss:0.171446
[5] train-logloss:0.128568
[6] train-logloss:0.098867
[7] train-logloss:0.076984
[8] train-logloss:0.060440
[9] train-logloss:0.047915
[10] train-logloss:0.039319
[11] train-logloss:0.032574
[12] train-logloss:0.027762
[13] train-logloss:0.023637
[14] train-logloss:0.020545
[1] train-logloss:0.450559
Will train until train_logloss hasn't improved in 2 rounds.
[2] train-logloss:0.314827
[3] train-logloss:0.229002
[4] train-logloss:0.171446
[5] train-logloss:0.128568
[6] train-logloss:0.098867
[7] train-logloss:0.076984
[8] train-logloss:0.060440
[9] train-logloss:0.047915
[10] train-logloss:0.039319
[11] train-logloss:0.032574
[12] train-logloss:0.027762
[1] train-logloss:0.450559
Will train until train_logloss hasn't improved in 2 rounds.
[2] train-logloss:0.314827
[3] train-logloss:0.229002
[4] train-logloss:0.171446
[5] train-logloss:0.128568
[6] train-logloss:0.098867
[7] train-logloss:0.076984
[8] train-logloss:0.060440
[9] train-logloss:0.047915
[10] train-logloss:0.039319
[11] train-logloss:0.032574
[12] train-logloss:0.027762
[1] train-logloss:0.439549
Will train until train_logloss hasn't improved in 2 rounds.
[2] train-logloss:0.298794
[3] train-logloss:0.209914
[4] train-logloss:0.150369
[5] train-logloss:0.109118
[6] train-logloss:0.079937
[7] train-logloss:0.059007
[8] train-logloss:0.043851
[9] train-logloss:0.032800
[10] train-logloss:0.024702
[11] train-logloss:0.018742
[12] train-logloss:0.014341
[13] train-logloss:0.011080
[14] train-logloss:0.008653
[15] train-logloss:0.006840
[16] train-logloss:0.005477
[1] train-logloss:0.439549
Will train until train_logloss hasn't improved in 2 rounds.
[2] train-logloss:0.298794
[3] train-logloss:0.209914
[4] train-logloss:0.150369
[5] train-logloss:0.109118
[6] train-logloss:0.079937
[7] train-logloss:0.059007
[8] train-logloss:0.043851
[9] train-logloss:0.032800
[10] train-logloss:0.024702
[11] train-logloss:0.018742
[12] train-logloss:0.014341
[13] train-logloss:0.011080
[14] train-logloss:0.008653
[1] train-logloss:0.439549
Will train until train_logloss hasn't improved in 2 rounds.
[2] train-logloss:0.298794
[3] train-logloss:0.209914
[4] train-logloss:0.150369
[5] train-logloss:0.109118
[6] train-logloss:0.079937
[7] train-logloss:0.059007
[8] train-logloss:0.043851
[9] train-logloss:0.032800
[10] train-logloss:0.024702
[11] train-logloss:0.018742
[12] train-logloss:0.014341
[13] train-logloss:0.011080
[14] train-logloss:0.008653
[ FAIL 0 | WARN 8 | SKIP 0 | PASS 104 ]
[ FAIL 0 | WARN 8 | SKIP 0 | PASS 104 ]
>
> proc.time()
user system elapsed
69.046 1.029 76.370
scDblFinder.Rcheck/scDblFinder-Ex.timings
| name | user | system | elapsed | |
| TFIDF | 0.079 | 0.012 | 0.090 | |
| addDoublets | 0.464 | 0.000 | 0.610 | |
| amulet | 1.584 | 0.060 | 2.178 | |
| amuletFromCounts | 0.381 | 0.000 | 0.383 | |
| clusterStickiness | 6.223 | 0.143 | 8.286 | |
| computeDoubletDensity | 3.026 | 0.040 | 3.540 | |
| createDoublets | 0.349 | 0.004 | 0.711 | |
| cxds2 | 0.432 | 0.000 | 0.865 | |
| directDblClassification | 2.052 | 0.024 | 2.567 | |
| doubletPairwiseEnrichment | 4.739 | 0.100 | 4.909 | |
| doubletThresholding | 5.732 | 0.056 | 6.592 | |
| fastcluster | 0.653 | 0.004 | 0.698 | |
| findDoubletClusters | 1.082 | 0.084 | 1.736 | |
| getArtificialDoublets | 0.005 | 0.000 | 0.014 | |
| getCellPairs | 0.013 | 0.000 | 0.025 | |
| getExpectedDoublets | 0.002 | 0.000 | 0.006 | |
| mockDoubletSCE | 0.320 | 0.000 | 0.639 | |
| propHomotypic | 0.001 | 0.000 | 0.000 | |
| recoverDoublets | 0.173 | 0.000 | 0.350 | |
| scDblFinder | 5.648 | 0.088 | 7.077 | |
| selFeatures | 0.404 | 0.024 | 0.860 | |