| Back to Multiple platform build/check report for BioC 3.22: simplified long |
|
This page was generated on 2025-11-20 12:06 -0500 (Thu, 20 Nov 2025).
| Hostname | OS | Arch (*) | R version | Installed pkgs |
|---|---|---|---|---|
| nebbiolo2 | Linux (Ubuntu 24.04.3 LTS) | x86_64 | 4.5.2 (2025-10-31) -- "[Not] Part in a Rumble" | 4615 |
| merida1 | macOS 12.7.6 Monterey | x86_64 | 4.5.2 Patched (2025-11-05 r88990) -- "[Not] Part in a Rumble" | 4610 |
| kjohnson1 | macOS 13.7.5 Ventura | arm64 | 4.5.2 Patched (2025-11-04 r88984) -- "[Not] Part in a Rumble" | 4598 |
| taishan | Linux (openEuler 24.03 LTS) | aarch64 | 4.5.0 (2025-04-11) -- "How About a Twenty-Six" | 4668 |
| Click on any hostname to see more info about the system (e.g. compilers) (*) as reported by 'uname -p', except on Windows and Mac OS X | ||||
| Package 1801/2361 | Hostname | OS / Arch | INSTALL | BUILD | CHECK | BUILD BIN | ||||||||
| rifi 1.14.0 (landing page) Jens Georg
| nebbiolo2 | Linux (Ubuntu 24.04.3 LTS) / x86_64 | OK | OK | WARNINGS | |||||||||
| merida1 | macOS 12.7.6 Monterey / x86_64 | OK | OK | WARNINGS | OK | |||||||||
| kjohnson1 | macOS 13.7.5 Ventura / arm64 | OK | OK | WARNINGS | OK | |||||||||
| taishan | Linux (openEuler 24.03 LTS) / aarch64 | OK | OK | WARNINGS | ||||||||||
|
To the developers/maintainers of the rifi package: - Allow up to 24 hours (and sometimes 48 hours) for your latest push to git@git.bioconductor.org:packages/rifi.git to reflect on this report. See Troubleshooting Build Report for more information. - Use the following Renviron settings to reproduce errors and warnings. - If 'R CMD check' started to fail recently on the Linux builder(s) over a missing dependency, add the missing dependency to 'Suggests:' in your DESCRIPTION file. See Renviron.bioc for more information. |
| Package: rifi |
| Version: 1.14.0 |
| Command: /Library/Frameworks/R.framework/Resources/bin/R CMD check --install=check:rifi.install-out.txt --library=/Library/Frameworks/R.framework/Resources/library --no-vignettes --timings rifi_1.14.0.tar.gz |
| StartedAt: 2025-11-18 11:53:27 -0500 (Tue, 18 Nov 2025) |
| EndedAt: 2025-11-18 11:57:55 -0500 (Tue, 18 Nov 2025) |
| EllapsedTime: 267.2 seconds |
| RetCode: 0 |
| Status: WARNINGS |
| CheckDir: rifi.Rcheck |
| Warnings: 2 |
##############################################################################
##############################################################################
###
### Running command:
###
### /Library/Frameworks/R.framework/Resources/bin/R CMD check --install=check:rifi.install-out.txt --library=/Library/Frameworks/R.framework/Resources/library --no-vignettes --timings rifi_1.14.0.tar.gz
###
##############################################################################
##############################################################################
* using log directory ‘/Users/biocbuild/bbs-3.22-bioc/meat/rifi.Rcheck’
* using R version 4.5.2 Patched (2025-11-04 r88984)
* using platform: aarch64-apple-darwin20
* R was compiled by
Apple clang version 16.0.0 (clang-1600.0.26.6)
GNU Fortran (GCC) 14.2.0
* running under: macOS Ventura 13.7.8
* using session charset: UTF-8
* using option ‘--no-vignettes’
* checking for file ‘rifi/DESCRIPTION’ ... OK
* this is package ‘rifi’ version ‘1.14.0’
* package encoding: UTF-8
* checking package namespace information ... OK
* checking package dependencies ... OK
* checking if this is a source package ... OK
* checking if there is a namespace ... OK
* checking for hidden files and directories ... NOTE
Found the following hidden files and directories:
.BBSoptions
R/.ipynb_checkpoints
vignettes/.ipynb_checkpoints
These were most likely included in error. See section ‘Package
structure’ in the ‘Writing R Extensions’ manual.
* checking for portable file names ... OK
* checking for sufficient/correct file permissions ... OK
* checking whether package ‘rifi’ can be installed ... WARNING
Found the following significant warnings:
Note: next used in wrong context: no loop is visible
Warning: /Users/biocbuild/bbs-3.22-bioc/meat/rifi/man/apply_Ttest_delay.Rd:55: unexpected '}'
Warning: /Users/biocbuild/bbs-3.22-bioc/meat/rifi/man/predict_ps_itss.Rd:57: unexpected '}'
See ‘/Users/biocbuild/bbs-3.22-bioc/meat/rifi.Rcheck/00install.out’ for details.
Information on the location(s) of code generating the ‘Note’s can be
obtained by re-running with environment variable R_KEEP_PKG_SOURCE set
to ‘yes’.
* checking installed package size ... OK
* checking package directory ... OK
* checking ‘build’ directory ... OK
* checking DESCRIPTION meta-information ...Warning: /Users/biocbuild/bbs-3.22-bioc/meat/rifi.Rcheck/00_pkg_src/rifi/man/apply_Ttest_delay.Rd:55: unexpected '}'
Warning: /Users/biocbuild/bbs-3.22-bioc/meat/rifi.Rcheck/00_pkg_src/rifi/man/predict_ps_itss.Rd:57: unexpected '}'
OK
* checking top-level files ... OK
* checking for left-over files ... OK
* checking index information ... OK
* checking package subdirectories ... OK
* checking code files for non-ASCII characters ... OK
* checking R files for syntax errors ... OK
* checking whether the package can be loaded ... OK
* checking whether the package can be loaded with stated dependencies ... OK
* checking whether the package can be unloaded cleanly ... OK
* checking whether the namespace can be loaded with stated dependencies ... OK
* checking whether the namespace can be unloaded cleanly ... OK
* checking dependencies in R code ... OK
* checking S3 generic/method consistency ... OK
* checking replacement functions ... OK
* checking foreign function calls ... OK
* checking R code for possible problems ... OK
* checking Rd files ... WARNING
prepare_Rd: ./man/apply_Ttest_delay.Rd:55: unexpected '}'
prepare_Rd: ./man/predict_ps_itss.Rd:57: unexpected '}'
* checking Rd metadata ... OK
* checking Rd cross-references ...Warning: /Users/biocbuild/bbs-3.22-bioc/meat/rifi.Rcheck/00_pkg_src/rifi/man/apply_Ttest_delay.Rd:55: unexpected '}'
Warning: /Users/biocbuild/bbs-3.22-bioc/meat/rifi.Rcheck/00_pkg_src/rifi/man/predict_ps_itss.Rd:57: unexpected '}'
OK
* checking for missing documentation entries ... OK
* checking for code/documentation mismatches ... OK
* checking Rd \usage sections ... OK
* checking Rd contents ... OK
* checking for unstated dependencies in examples ... OK
* checking contents of ‘data’ directory ... OK
* checking data for non-ASCII characters ... OK
* checking data for ASCII and uncompressed saves ... OK
* checking files in ‘vignettes’ ... OK
* checking examples ... OK
Examples with CPU (user + system) or elapsed time > 5s
user system elapsed
rifi_wrapper 41.434 13.489 60.207
rifi_penalties 17.018 10.313 30.878
nls2_fit 12.935 0.537 9.955
rifi_visualization 12.508 0.834 16.259
rifi_fit 8.357 0.180 9.454
make_pen 3.308 2.081 6.271
* checking for unstated dependencies in vignettes ... OK
* checking package vignettes ... OK
* checking running R code from vignettes ... SKIPPED
* checking re-building of vignette outputs ... SKIPPED
* checking PDF version of manual ... OK
* DONE
Status: 2 WARNINGs, 1 NOTE
See
‘/Users/biocbuild/bbs-3.22-bioc/meat/rifi.Rcheck/00check.log’
for details.
rifi.Rcheck/00install.out
############################################################################## ############################################################################## ### ### Running command: ### ### /Library/Frameworks/R.framework/Resources/bin/R CMD INSTALL rifi ### ############################################################################## ############################################################################## * installing to library ‘/Library/Frameworks/R.framework/Versions/4.5-arm64/Resources/library’ * installing *source* package ‘rifi’ ... ** this is package ‘rifi’ version ‘1.14.0’ ** using staged installation ** R ** data ** inst ** byte-compile and prepare package for lazy loading Note: next used in wrong context: no loop is visible ** help Warning: /Users/biocbuild/bbs-3.22-bioc/meat/rifi/man/apply_Ttest_delay.Rd:55: unexpected '}' Warning: /Users/biocbuild/bbs-3.22-bioc/meat/rifi/man/predict_ps_itss.Rd:57: unexpected '}' *** installing help indices ** building package indices ** installing vignettes ** testing if installed package can be loaded from temporary location ** testing if installed package can be loaded from final location ** testing if installed package keeps a record of temporary installation path * DONE (rifi)
rifi.Rcheck/rifi-Ex.timings
| name | user | system | elapsed | |
| TI_fit | 4.283 | 0.601 | 3.318 | |
| TUgether | 0.145 | 0.041 | 0.210 | |
| apply_Ttest_delay | 0.041 | 0.009 | 0.052 | |
| apply_ancova | 0.116 | 0.019 | 0.145 | |
| apply_event_position | 0.038 | 0.003 | 0.053 | |
| apply_manova | 0.243 | 0.012 | 0.291 | |
| apply_t_test | 0.595 | 0.041 | 0.806 | |
| apply_t_test_ti | 0.062 | 0.001 | 0.077 | |
| check_input | 0.110 | 0.001 | 0.124 | |
| dataframe_summary | 0.035 | 0.003 | 0.046 | |
| dataframe_summary_TI | 0.022 | 0.002 | 0.037 | |
| dataframe_summary_events | 0.284 | 0.009 | 0.329 | |
| dataframe_summary_events_HL_int | 0.217 | 0.007 | 0.267 | |
| dataframe_summary_events_ps_itss | 0.104 | 0.005 | 0.137 | |
| dataframe_summary_events_velocity | 0.104 | 0.006 | 0.112 | |
| event_dataframe | 0.274 | 0.008 | 0.302 | |
| finding_PDD | 0.069 | 0.024 | 0.095 | |
| finding_TI | 0.117 | 0.043 | 0.183 | |
| fold_change | 0.943 | 0.031 | 1.107 | |
| fragment_HL | 0.195 | 0.056 | 0.275 | |
| fragment_TI | 0.145 | 0.033 | 0.203 | |
| fragment_delay | 0.320 | 0.092 | 0.488 | |
| fragment_inty | 0.195 | 0.056 | 0.269 | |
| gff3_preprocess | 0.269 | 0.036 | 0.483 | |
| make_df | 0.253 | 0.140 | 0.314 | |
| make_pen | 3.308 | 2.081 | 6.271 | |
| nls2_fit | 12.935 | 0.537 | 9.955 | |
| predict_ps_itss | 0.090 | 0.020 | 0.125 | |
| rifi_fit | 8.357 | 0.180 | 9.454 | |
| rifi_fragmentation | 1.000 | 0.343 | 1.439 | |
| rifi_penalties | 17.018 | 10.313 | 30.878 | |
| rifi_preprocess | 0.609 | 0.207 | 0.879 | |
| rifi_stats | 1.094 | 0.037 | 1.469 | |
| rifi_summary | 0.696 | 0.015 | 0.879 | |
| rifi_visualization | 12.508 | 0.834 | 16.259 | |
| rifi_wrapper | 41.434 | 13.489 | 60.207 | |
| segment_pos | 0.066 | 0.001 | 0.068 | |
| viz_pen_obj | 0.004 | 0.001 | 0.006 | |