| Back to Multiple platform build/check report for BioC 3.22: simplified long |
|
This page was generated on 2025-04-09 11:55 -0400 (Wed, 09 Apr 2025).
| Hostname | OS | Arch (*) | R version | Installed pkgs |
|---|---|---|---|---|
| nebbiolo2 | Linux (Ubuntu 24.04.1 LTS) | x86_64 | 4.5.0 beta (2025-04-02 r88102) -- "How About a Twenty-Six" | 4737 |
| palomino8 | Windows Server 2022 Datacenter | x64 | 4.5.0 RC (2025-04-03 r88103 ucrt) -- "How About a Twenty-Six" | 4524 |
| Click on any hostname to see more info about the system (e.g. compilers) (*) as reported by 'uname -p', except on Windows and Mac OS X | ||||
| Package 1540/2335 | Hostname | OS / Arch | INSTALL | BUILD | CHECK | BUILD BIN | ||||||||
Augustin Luna
| nebbiolo2 | Linux (Ubuntu 24.04.1 LTS) / x86_64 | OK | ERROR | skipped | |||||||||
| palomino8 | Windows Server 2022 Datacenter / x64 | OK | ERROR | skipped | skipped | |||||||||
|
To the developers/maintainers of the paxtoolsr package: - Allow up to 24 hours (and sometimes 48 hours) for your latest push to git@git.bioconductor.org:packages/paxtoolsr.git to reflect on this report. See Troubleshooting Build Report for more information. - Use the following Renviron settings to reproduce errors and warnings. - If 'R CMD check' started to fail recently on the Linux builder(s) over a missing dependency, add the missing dependency to 'Suggests:' in your DESCRIPTION file. See Renviron.bioc for more information. |
| Package: paxtoolsr |
| Version: 1.41.1 |
| Command: /home/biocbuild/bbs-3.22-bioc/R/bin/R CMD build --keep-empty-dirs --no-resave-data --md5 paxtoolsr |
| StartedAt: 2025-04-08 18:39:18 -0400 (Tue, 08 Apr 2025) |
| EndedAt: 2025-04-08 18:39:38 -0400 (Tue, 08 Apr 2025) |
| EllapsedTime: 20.0 seconds |
| RetCode: 1 |
| Status: ERROR |
| PackageFile: None |
| PackageFileSize: NA |
##############################################################################
##############################################################################
###
### Running command:
###
### /home/biocbuild/bbs-3.22-bioc/R/bin/R CMD build --keep-empty-dirs --no-resave-data --md5 paxtoolsr
###
##############################################################################
##############################################################################
* checking for file ‘paxtoolsr/DESCRIPTION’ ... OK
* preparing ‘paxtoolsr’:
* checking DESCRIPTION meta-information ... OK
* installing the package to build vignettes
* creating vignettes ... ERROR
--- re-building ‘using_paxtoolsr.Rmd’ using rmarkdown
2025-04-08 18:39:27,121 485 [main] INFO org.biopax.paxtools.PaxtoolsMain - toSif: not blacklisting ubiquitous molecules (no blacklist.txt found)
2025-04-08 18:39:27,423 787 [main] INFO org.biopax.paxtools.PaxtoolsMain - toSifnx: not blacklisting ubiquitous molecules (no blacklist.txt found)
Quitting from using_paxtoolsr.Rmd:168-171 [searchResultsExampleVerbose]
~~~~~~~~~~~~~~~~~~~~~~~~~~~~~~~~~~~~~~~~~~~~~~~~~~~~~~~~~~~~~~~~~~~~~~~~~~~~~~~~
<error/rlang_error>
Error in `getPcRequest()`:
! ERROR: Code: 404 Message: Unknown Error (PC Webservice Error)
---
Backtrace:
▆
1. └─paxtoolsr::searchPc(q = "glycolysis", type = "pathway", verbose = TRUE)
2. └─paxtoolsr:::getPcRequest(url, verbose)
~~~~~~~~~~~~~~~~~~~~~~~~~~~~~~~~~~~~~~~~~~~~~~~~~~~~~~~~~~~~~~~~~~~~~~~~~~~~~~~~
Error: processing vignette 'using_paxtoolsr.Rmd' failed with diagnostics:
ERROR: Code: 404 Message: Unknown Error (PC Webservice Error)
--- failed re-building ‘using_paxtoolsr.Rmd’
SUMMARY: processing the following file failed:
‘using_paxtoolsr.Rmd’
Error: Vignette re-building failed.
Execution halted