Back to Multiple platform build/check report for BioC 3.22:   simplified   long
ABCDEFGHIJKL[M]NOPQRSTUVWXYZ

This page was generated on 2025-11-20 12:05 -0500 (Thu, 20 Nov 2025).

HostnameOSArch (*)R versionInstalled pkgs
nebbiolo2Linux (Ubuntu 24.04.3 LTS)x86_644.5.2 (2025-10-31) -- "[Not] Part in a Rumble" 4615
merida1macOS 12.7.6 Montereyx86_644.5.2 Patched (2025-11-05 r88990) -- "[Not] Part in a Rumble" 4610
kjohnson1macOS 13.7.5 Venturaarm644.5.2 Patched (2025-11-04 r88984) -- "[Not] Part in a Rumble" 4598
taishanLinux (openEuler 24.03 LTS)aarch644.5.0 (2025-04-11) -- "How About a Twenty-Six" 4668
Click on any hostname to see more info about the system (e.g. compilers)      (*) as reported by 'uname -p', except on Windows and Mac OS X

Package 1393/2361HostnameOS / ArchINSTALLBUILDCHECKBUILD BIN
msPurity 1.36.0  (landing page)
Thomas N. Lawson
Snapshot Date: 2025-11-17 13:45 -0500 (Mon, 17 Nov 2025)
git_url: https://git.bioconductor.org/packages/msPurity
git_branch: RELEASE_3_22
git_last_commit: 98f4ee5
git_last_commit_date: 2025-10-29 10:32:24 -0500 (Wed, 29 Oct 2025)
nebbiolo2Linux (Ubuntu 24.04.3 LTS) / x86_64  OK    OK    OK  UNNEEDED, same version is already published
merida1macOS 12.7.6 Monterey / x86_64  OK    ERROR  skippedskipped
kjohnson1macOS 13.7.5 Ventura / arm64  OK    OK    OK    OK  YES
taishanLinux (openEuler 24.03 LTS) / aarch64  OK    OK    OK  


BUILD results for msPurity on merida1

To the developers/maintainers of the msPurity package:
- Allow up to 24 hours (and sometimes 48 hours) for your latest push to git@git.bioconductor.org:packages/msPurity.git to reflect on this report. See Troubleshooting Build Report for more information.
- Use the following Renviron settings to reproduce errors and warnings.
- If 'R CMD check' started to fail recently on the Linux builder(s) over a missing dependency, add the missing dependency to 'Suggests:' in your DESCRIPTION file. See Renviron.bioc for more information.

raw results


Summary

Package: msPurity
Version: 1.36.0
Command: /Library/Frameworks/R.framework/Resources/bin/R CMD build --keep-empty-dirs --no-resave-data msPurity
StartedAt: 2025-11-18 00:25:26 -0500 (Tue, 18 Nov 2025)
EndedAt: 2025-11-18 00:47:22 -0500 (Tue, 18 Nov 2025)
EllapsedTime: 1316.1 seconds
RetCode: 1
Status:   ERROR  
PackageFile: None
PackageFileSize: NA

Command output

##############################################################################
##############################################################################
###
### Running command:
###
###   /Library/Frameworks/R.framework/Resources/bin/R CMD build --keep-empty-dirs --no-resave-data msPurity
###
##############################################################################
##############################################################################


* checking for file ‘msPurity/DESCRIPTION’ ... OK
* preparing ‘msPurity’:
* checking DESCRIPTION meta-information ... OK
* installing the package to build vignettes
* creating vignettes ... ERROR
--- re-building ‘msPurity-lcmsms-data-processing-and-spectral-matching-vignette.Rmd’ using rmarkdown
Sizes of mz and intensity arrays don't match.

Quitting from msPurity-lcmsms-data-processing-and-spectral-matching-vignette.Rmd:91-94 [unnamed-chunk-3]
~~~~~~~~~~~~~~~~~~~~~~~~~~~~~~~~~~~~~~~~~~~~~~~~~~~~~~~~~~~~~~~~~~~~~~~~~~~~~~~~
<error/rlang_error>
Error in `object@backend$getPeakList()`:
! dims [product 4516] do not match the length of object [2258]
---
Backtrace:
     ▆
  1. ├─msPurity::frag4feature(pa = pa, xcmsObj = xcmsObj)
  2. └─msPurity::frag4feature(pa = pa, xcmsObj = xcmsObj)
  3.   └─msPurity:::getMS2scans(grpm, pa@fileList, mzRback = pa@mzRback)
  4.     └─msPurity:::getscans(filepths, mzRback)
  5.       └─plyr::alply(...)
  6.         └─plyr::llply(...)
  7.           ├─plyr:::loop_apply(n, do.ply)
  8.           └─plyr (local) `<fn>`(3L)
  9.             └─msPurity (local) .fun(piece, ...)
 10.               ├─mzR::peaks(mr)
 11.               └─mzR::peaks(mr)
 12.                 └─mzR (local) .local(object, ...)
 13.                   └─mzR:::.peaks(object, scans)
 14.                     └─object@backend$getPeakList(scans)
~~~~~~~~~~~~~~~~~~~~~~~~~~~~~~~~~~~~~~~~~~~~~~~~~~~~~~~~~~~~~~~~~~~~~~~~~~~~~~~~

Error: processing vignette 'msPurity-lcmsms-data-processing-and-spectral-matching-vignette.Rmd' failed with diagnostics:
dims [product 4516] do not match the length of object [2258]
--- failed re-building ‘msPurity-lcmsms-data-processing-and-spectral-matching-vignette.Rmd’

--- re-building ‘msPurity-spectral-database-vignette.Rmd’ using rmarkdown
--- finished re-building ‘msPurity-spectral-database-vignette.Rmd’

--- re-building ‘msPurity-vignette.Rmd’ using rmarkdown
--- finished re-building ‘msPurity-vignette.Rmd’

SUMMARY: processing the following file failed:
  ‘msPurity-lcmsms-data-processing-and-spectral-matching-vignette.Rmd’

Error: Vignette re-building failed.
Execution halted