Back to Multiple platform build/check report for BioC 3.22:   simplified   long
ABCDEFGHIJKL[M]NOPQRSTUVWXYZ

This page was generated on 2025-10-24 12:04 -0400 (Fri, 24 Oct 2025).

HostnameOSArch (*)R versionInstalled pkgs
nebbiolo2Linux (Ubuntu 24.04.3 LTS)x86_644.5.1 Patched (2025-08-23 r88802) -- "Great Square Root" 4898
lconwaymacOS 12.7.6 Montereyx86_644.5.1 Patched (2025-09-10 r88807) -- "Great Square Root" 4688
kjohnson3macOS 13.7.7 Venturaarm644.5.1 Patched (2025-09-10 r88807) -- "Great Square Root" 4634
taishanLinux (openEuler 24.03 LTS)aarch644.5.0 (2025-04-11) -- "How About a Twenty-Six" 4658
Click on any hostname to see more info about the system (e.g. compilers)      (*) as reported by 'uname -p', except on Windows and Mac OS X

Package 1340/2359HostnameOS / ArchINSTALLBUILDCHECKBUILD BIN
mobileRNA 1.5.2  (landing page)
Katie Jeynes-Cupper
Snapshot Date: 2025-10-23 14:17 -0400 (Thu, 23 Oct 2025)
git_url: https://git.bioconductor.org/packages/mobileRNA
git_branch: devel
git_last_commit: 188a438
git_last_commit_date: 2025-10-23 13:31:01 -0400 (Thu, 23 Oct 2025)
nebbiolo2Linux (Ubuntu 24.04.3 LTS) / x86_64  OK    OK    ERROR  
lconwaymacOS 12.7.6 Monterey / x86_64  OK    OK    ERROR    OK  
kjohnson3macOS 13.7.7 Ventura / arm64  OK    OK    ERROR    OK  
taishanLinux (openEuler 24.03 LTS) / aarch64  OK    OK    NA  


CHECK results for mobileRNA on nebbiolo2

To the developers/maintainers of the mobileRNA package:
- Allow up to 24 hours (and sometimes 48 hours) for your latest push to git@git.bioconductor.org:packages/mobileRNA.git to reflect on this report. See Troubleshooting Build Report for more information.
- Use the following Renviron settings to reproduce errors and warnings.
- If 'R CMD check' started to fail recently on the Linux builder(s) over a missing dependency, add the missing dependency to 'Suggests:' in your DESCRIPTION file. See Renviron.bioc for more information.

raw results


Summary

Package: mobileRNA
Version: 1.5.2
Command: /home/biocbuild/bbs-3.22-bioc/R/bin/R CMD check --install=check:mobileRNA.install-out.txt --library=/home/biocbuild/bbs-3.22-bioc/R/site-library --timings mobileRNA_1.5.2.tar.gz
StartedAt: 2025-10-24 01:33:23 -0400 (Fri, 24 Oct 2025)
EndedAt: 2025-10-24 01:33:28 -0400 (Fri, 24 Oct 2025)
EllapsedTime: 5.0 seconds
RetCode: 1
Status:   ERROR  
CheckDir: mobileRNA.Rcheck
Warnings: NA

Command output

##############################################################################
##############################################################################
###
### Running command:
###
###   /home/biocbuild/bbs-3.22-bioc/R/bin/R CMD check --install=check:mobileRNA.install-out.txt --library=/home/biocbuild/bbs-3.22-bioc/R/site-library --timings mobileRNA_1.5.2.tar.gz
###
##############################################################################
##############################################################################


* using log directory ‘/home/biocbuild/bbs-3.22-bioc/meat/mobileRNA.Rcheck’
* using R version 4.5.1 Patched (2025-08-23 r88802)
* using platform: x86_64-pc-linux-gnu
* R was compiled by
    gcc (Ubuntu 13.3.0-6ubuntu2~24.04) 13.3.0
    GNU Fortran (Ubuntu 13.3.0-6ubuntu2~24.04) 13.3.0
* running under: Ubuntu 24.04.3 LTS
* using session charset: UTF-8
* checking for file ‘mobileRNA/DESCRIPTION’ ... OK
* checking extension type ... Package
* this is package ‘mobileRNA’ version ‘1.5.2’
* package encoding: UTF-8
* checking package namespace information ... OK
* checking package dependencies ... ERROR
Namespace dependency missing from DESCRIPTION Imports/Depends entries: ‘Seqinfo’

Imports includes 24 non-default packages.
Importing from so many packages makes the package vulnerable to any of
them becoming unavailable.  Move as many as possible to Suggests and
use conditionally.

See section ‘The DESCRIPTION file’ in the ‘Writing R Extensions’
manual.
* DONE

Status: 1 ERROR
See
  ‘/home/biocbuild/bbs-3.22-bioc/meat/mobileRNA.Rcheck/00check.log’
for details.


Installation output


Tests output


Example timings