| Back to Multiple platform build/check report for BioC 3.22: simplified long | 
 | 
This page was generated on 2025-10-24 12:04 -0400 (Fri, 24 Oct 2025).
| Hostname | OS | Arch (*) | R version | Installed pkgs | 
|---|---|---|---|---|
| nebbiolo2 | Linux (Ubuntu 24.04.3 LTS) | x86_64 | 4.5.1 Patched (2025-08-23 r88802) -- "Great Square Root" | 4898 | 
| lconway | macOS 12.7.6 Monterey | x86_64 | 4.5.1 Patched (2025-09-10 r88807) -- "Great Square Root" | 4688 | 
| kjohnson3 | macOS 13.7.7 Ventura | arm64 | 4.5.1 Patched (2025-09-10 r88807) -- "Great Square Root" | 4634 | 
| taishan | Linux (openEuler 24.03 LTS) | aarch64 | 4.5.0 (2025-04-11) -- "How About a Twenty-Six" | 4658 | 
| Click on any hostname to see more info about the system (e.g. compilers) (*) as reported by 'uname -p', except on Windows and Mac OS X | ||||
| Package 1318/2359 | Hostname | OS / Arch | INSTALL | BUILD | CHECK | BUILD BIN | ||||||||
| miRLAB 1.39.0  (landing page) Thuc Duy Le 
 | nebbiolo2 | Linux (Ubuntu 24.04.3 LTS) / x86_64 | OK | OK | WARNINGS |  | ||||||||
| lconway | macOS 12.7.6 Monterey / x86_64 | OK | OK | WARNINGS | OK |  | ||||||||
| kjohnson3 | macOS 13.7.7 Ventura / arm64 | OK | OK | WARNINGS | OK |  | ||||||||
| taishan | Linux (openEuler 24.03 LTS) / aarch64 | OK | OK | NA | ||||||||||
| To the developers/maintainers of the miRLAB package: - Allow up to 24 hours (and sometimes 48 hours) for your latest push to git@git.bioconductor.org:packages/miRLAB.git to reflect on this report. See Troubleshooting Build Report for more information. - Use the following Renviron settings to reproduce errors and warnings. - If 'R CMD check' started to fail recently on the Linux builder(s) over a missing dependency, add the missing dependency to 'Suggests:' in your DESCRIPTION file. See Renviron.bioc for more information. | 
| Package: miRLAB | 
| Version: 1.39.0 | 
| Command: /home/biocbuild/bbs-3.22-bioc/R/bin/R CMD check --install=check:miRLAB.install-out.txt --library=/home/biocbuild/bbs-3.22-bioc/R/site-library --timings miRLAB_1.39.0.tar.gz | 
| StartedAt: 2025-10-24 01:27:44 -0400 (Fri, 24 Oct 2025) | 
| EndedAt: 2025-10-24 01:31:49 -0400 (Fri, 24 Oct 2025) | 
| EllapsedTime: 245.2 seconds | 
| RetCode: 0 | 
| Status: WARNINGS | 
| CheckDir: miRLAB.Rcheck | 
| Warnings: 1 | 
##############################################################################
##############################################################################
###
### Running command:
###
###   /home/biocbuild/bbs-3.22-bioc/R/bin/R CMD check --install=check:miRLAB.install-out.txt --library=/home/biocbuild/bbs-3.22-bioc/R/site-library --timings miRLAB_1.39.0.tar.gz
###
##############################################################################
##############################################################################
* using log directory ‘/home/biocbuild/bbs-3.22-bioc/meat/miRLAB.Rcheck’
* using R version 4.5.1 Patched (2025-08-23 r88802)
* using platform: x86_64-pc-linux-gnu
* R was compiled by
    gcc (Ubuntu 13.3.0-6ubuntu2~24.04) 13.3.0
    GNU Fortran (Ubuntu 13.3.0-6ubuntu2~24.04) 13.3.0
* running under: Ubuntu 24.04.3 LTS
* using session charset: UTF-8
* checking for file ‘miRLAB/DESCRIPTION’ ... OK
* checking extension type ... Package
* this is package ‘miRLAB’ version ‘1.39.0’
* checking package namespace information ... OK
* checking package dependencies ... OK
* checking if this is a source package ... OK
* checking if there is a namespace ... OK
* checking for hidden files and directories ... OK
* checking for portable file names ... OK
* checking for sufficient/correct file permissions ... OK
* checking whether package ‘miRLAB’ can be installed ... WARNING
Found the following significant warnings:
  Note: possible error in 'GDCquery(project = project, ': unused arguments (file.type = file_type, legacy = TRUE) 
See ‘/home/biocbuild/bbs-3.22-bioc/meat/miRLAB.Rcheck/00install.out’ for details.
Information on the location(s) of code generating the ‘Note’s can be
obtained by re-running with environment variable R_KEEP_PKG_SOURCE set
to ‘yes’.
* checking installed package size ... OK
* checking package directory ... OK
* checking ‘build’ directory ... OK
* checking DESCRIPTION meta-information ... OK
* checking top-level files ... OK
* checking for left-over files ... OK
* checking index information ... OK
* checking package subdirectories ... OK
* checking code files for non-ASCII characters ... OK
* checking R files for syntax errors ... OK
* checking whether the package can be loaded ... OK
* checking whether the package can be loaded with stated dependencies ... OK
* checking whether the package can be unloaded cleanly ... OK
* checking whether the namespace can be loaded with stated dependencies ... OK
* checking whether the namespace can be unloaded cleanly ... OK
* checking loading without being on the library search path ... OK
* checking dependencies in R code ... OK
* checking S3 generic/method consistency ... OK
* checking replacement functions ... OK
* checking foreign function calls ... OK
* checking R code for possible problems ... NOTE
TCGAdownload: possible error in GDCquery(project = project,
  data.category = data_category, data.type = data_type, platform =
  "Illumina HiSeq", file.type = file_type, legacy = TRUE, access =
  "open", experimental.strategy = experimental_strategy, ): unused
  arguments (file.type = file_type, legacy = TRUE)
TCGAdownload: possible error in GDCquery(project = project,
  data.category = data_category, data.type = data_type, file.type =
  file_type, legacy = TRUE, access = "open", experimental.strategy =
  experimental_strategy, sample.type = sample_type, barcode =
  getcases): unused arguments (file.type = file_type, legacy = TRUE)
* checking Rd files ... OK
* checking Rd metadata ... OK
* checking Rd cross-references ... OK
* checking for missing documentation entries ... OK
* checking for code/documentation mismatches ... OK
* checking Rd \usage sections ... OK
* checking Rd contents ... OK
* checking for unstated dependencies in examples ... OK
* checking files in ‘vignettes’ ... OK
* checking examples ... OK
* checking for unstated dependencies in ‘tests’ ... OK
* checking tests ...
  Running ‘runTests.R’
 OK
* checking for unstated dependencies in vignettes ... OK
* checking package vignettes ... OK
* checking re-building of vignette outputs ... OK
* checking PDF version of manual ... OK
* DONE
Status: 1 WARNING, 1 NOTE
See
  ‘/home/biocbuild/bbs-3.22-bioc/meat/miRLAB.Rcheck/00check.log’
for details.
miRLAB.Rcheck/00install.out
############################################################################## ############################################################################## ### ### Running command: ### ### /home/biocbuild/bbs-3.22-bioc/R/bin/R CMD INSTALL miRLAB ### ############################################################################## ############################################################################## * installing to library ‘/home/biocbuild/bbs-3.22-bioc/R/site-library’ * installing *source* package ‘miRLAB’ ... ** this is package ‘miRLAB’ version ‘1.39.0’ ** using staged installation ** R ** inst ** byte-compile and prepare package for lazy loading Note: possible error in 'GDCquery(project = project, ': unused arguments (file.type = file_type, legacy = TRUE) Note: possible error in 'GDCquery(project = project, ': unused arguments (file.type = file_type, legacy = TRUE) ** help *** installing help indices ** building package indices ** installing vignettes ** testing if installed package can be loaded from temporary location ** testing if installed package can be loaded from final location ** testing if installed package keeps a record of temporary installation path * DONE (miRLAB)
miRLAB.Rcheck/tests/runTests.Rout
R version 4.5.1 Patched (2025-08-23 r88802) -- "Great Square Root"
Copyright (C) 2025 The R Foundation for Statistical Computing
Platform: x86_64-pc-linux-gnu
R is free software and comes with ABSOLUTELY NO WARRANTY.
You are welcome to redistribute it under certain conditions.
Type 'license()' or 'licence()' for distribution details.
R is a collaborative project with many contributors.
Type 'contributors()' for more information and
'citation()' on how to cite R or R packages in publications.
Type 'demo()' for some demos, 'help()' for on-line help, or
'help.start()' for an HTML browser interface to help.
Type 'q()' to quit R.
> BiocGenerics:::testPackage("miRLAB")
Loading required package: amap
RUNIT TEST PROTOCOL -- Fri Oct 24 01:31:43 2025 
*********************************************** 
Number of test functions: 1 
Number of errors: 0 
Number of failures: 0 
 
1 Test Suite : 
miRLAB RUnit Tests - 1 test function, 0 errors, 0 failures
Number of test functions: 1 
Number of errors: 0 
Number of failures: 0 
> 
> proc.time()
   user  system elapsed 
 10.628   0.527  11.144 
miRLAB.Rcheck/miRLAB-Ex.timings
| name | user | system | elapsed | |
| Borda | 0.119 | 0.004 | 0.134 | |
| BordaTopk | 0.041 | 0.000 | 0.041 | |
| Dcov | 0.013 | 0.000 | 0.013 | |
| Elastic | 0.043 | 0.000 | 0.043 | |
| Extopk | 0.005 | 0.000 | 0.006 | |
| GOBPenrichment | 0 | 0 | 0 | |
| Hoeffding | 0.017 | 0.001 | 0.017 | |
| IDA | 0.035 | 0.000 | 0.035 | |
| ImputeNormData | 0.008 | 0.000 | 0.008 | |
| KEGGenrichment | 0 | 0 | 0 | |
| Kendall | 0.006 | 0.000 | 0.007 | |
| Lasso | 0.03 | 0.00 | 0.03 | |
| MI | 0.05 | 0.00 | 0.05 | |
| Pearson | 0.004 | 0.000 | 0.004 | |
| RDC | 0.063 | 0.001 | 0.064 | |
| Read | 0.002 | 0.001 | 0.003 | |
| ReadExtResult | 0 | 0 | 0 | |
| Spearman | 0.017 | 0.001 | 0.018 | |
| Standardise | 0 | 0 | 0 | |
| ValidateAll | 0 | 0 | 0 | |
| Validation | 0.009 | 0.000 | 0.010 | |
| ValidationT | 0 | 0 | 0 | |
| Zscore | 0.006 | 0.000 | 0.006 | |
| bRank | 0.006 | 0.000 | 0.005 | |
| convert | 0.013 | 0.001 | 0.013 | |
| filterAndCompare | 0 | 0 | 0 | |
| readHeader | 0.002 | 0.000 | 0.003 | |