| Back to Multiple platform build/check report for BioC 3.22: simplified long |
|
This page was generated on 2025-10-24 12:04 -0400 (Fri, 24 Oct 2025).
| Hostname | OS | Arch (*) | R version | Installed pkgs |
|---|---|---|---|---|
| nebbiolo2 | Linux (Ubuntu 24.04.3 LTS) | x86_64 | 4.5.1 Patched (2025-08-23 r88802) -- "Great Square Root" | 4898 |
| lconway | macOS 12.7.6 Monterey | x86_64 | 4.5.1 Patched (2025-09-10 r88807) -- "Great Square Root" | 4688 |
| kjohnson3 | macOS 13.7.7 Ventura | arm64 | 4.5.1 Patched (2025-09-10 r88807) -- "Great Square Root" | 4634 |
| taishan | Linux (openEuler 24.03 LTS) | aarch64 | 4.5.0 (2025-04-11) -- "How About a Twenty-Six" | 4658 |
| Click on any hostname to see more info about the system (e.g. compilers) (*) as reported by 'uname -p', except on Windows and Mac OS X | ||||
| Package 1274/2359 | Hostname | OS / Arch | INSTALL | BUILD | CHECK | BUILD BIN | ||||||||
| methylPipe 1.43.1 (landing page) Mattia Furlan
| nebbiolo2 | Linux (Ubuntu 24.04.3 LTS) / x86_64 | OK | OK | WARNINGS | |||||||||
| lconway | macOS 12.7.6 Monterey / x86_64 | OK | OK | WARNINGS | OK | |||||||||
| kjohnson3 | macOS 13.7.7 Ventura / arm64 | OK | OK | WARNINGS | OK | |||||||||
| taishan | Linux (openEuler 24.03 LTS) / aarch64 | OK | OK | NA | ||||||||||
|
To the developers/maintainers of the methylPipe package: - Allow up to 24 hours (and sometimes 48 hours) for your latest push to git@git.bioconductor.org:packages/methylPipe.git to reflect on this report. See Troubleshooting Build Report for more information. - Use the following Renviron settings to reproduce errors and warnings. - If 'R CMD check' started to fail recently on the Linux builder(s) over a missing dependency, add the missing dependency to 'Suggests:' in your DESCRIPTION file. See Renviron.bioc for more information. |
| Package: methylPipe |
| Version: 1.43.1 |
| Command: /home/biocbuild/bbs-3.22-bioc/R/bin/R CMD check --install=check:methylPipe.install-out.txt --library=/home/biocbuild/bbs-3.22-bioc/R/site-library --timings methylPipe_1.43.1.tar.gz |
| StartedAt: 2025-10-24 01:16:47 -0400 (Fri, 24 Oct 2025) |
| EndedAt: 2025-10-24 01:26:08 -0400 (Fri, 24 Oct 2025) |
| EllapsedTime: 560.5 seconds |
| RetCode: 0 |
| Status: WARNINGS |
| CheckDir: methylPipe.Rcheck |
| Warnings: 2 |
##############################################################################
##############################################################################
###
### Running command:
###
### /home/biocbuild/bbs-3.22-bioc/R/bin/R CMD check --install=check:methylPipe.install-out.txt --library=/home/biocbuild/bbs-3.22-bioc/R/site-library --timings methylPipe_1.43.1.tar.gz
###
##############################################################################
##############################################################################
* using log directory ‘/home/biocbuild/bbs-3.22-bioc/meat/methylPipe.Rcheck’
* using R version 4.5.1 Patched (2025-08-23 r88802)
* using platform: x86_64-pc-linux-gnu
* R was compiled by
gcc (Ubuntu 13.3.0-6ubuntu2~24.04) 13.3.0
GNU Fortran (Ubuntu 13.3.0-6ubuntu2~24.04) 13.3.0
* running under: Ubuntu 24.04.3 LTS
* using session charset: UTF-8
* checking for file ‘methylPipe/DESCRIPTION’ ... OK
* checking extension type ... Package
* this is package ‘methylPipe’ version ‘1.43.1’
* checking package namespace information ... OK
* checking package dependencies ... OK
* checking if this is a source package ... OK
* checking if there is a namespace ... OK
* checking for hidden files and directories ... OK
* checking for portable file names ... OK
* checking for sufficient/correct file permissions ... OK
* checking whether package ‘methylPipe’ can be installed ... OK
* used C compiler: ‘gcc (Ubuntu 13.3.0-6ubuntu2~24.04) 13.3.0’
* checking installed package size ... OK
* checking package directory ... OK
* checking ‘build’ directory ... OK
* checking DESCRIPTION meta-information ... OK
* checking top-level files ... OK
* checking for left-over files ... OK
* checking index information ... OK
* checking package subdirectories ... OK
* checking code files for non-ASCII characters ... OK
* checking R files for syntax errors ... OK
* checking whether the package can be loaded ... OK
* checking whether the package can be loaded with stated dependencies ... OK
* checking whether the package can be unloaded cleanly ... OK
* checking whether the namespace can be loaded with stated dependencies ... OK
* checking whether the namespace can be unloaded cleanly ... OK
* checking loading without being on the library search path ... OK
* checking whether startup messages can be suppressed ... OK
* checking dependencies in R code ... OK
* checking S3 generic/method consistency ... OK
* checking replacement functions ... OK
* checking foreign function calls ... OK
* checking R code for possible problems ... NOTE
findPMDs,BSdata : PMDchr: no visible global function definition for
'segmentPMDs'
show,BSdata: no visible global function definition for 'organism'
show,BSdataSet: no visible global function definition for 'organism'
Undefined global functions or variables:
organism segmentPMDs
* checking Rd files ... OK
* checking Rd metadata ... OK
* checking Rd cross-references ... NOTE
Found the following Rd file(s) with Rd \link{} targets missing package
anchors:
BSdata-class.Rd: GRanges
GEcollection-class.Rd: RangedSummarizedExperiment, GRanges
consolidateDMRs.Rd: GRanges
extractBinGRanges.Rd: GRanges
findDMR.Rd: GRanges
getCpos.Rd: GRanges, DNAString
getCposDensity.Rd: GRanges
mapBSdata2GRanges.Rd: GRanges
meth.call.Rd: GRanges
plotMeth.Rd: GRanges, GRangesList
process.hmc.Rd: GRanges, coverage, GenomicRanges
profileDNAmetBin.Rd: GRanges
Please provide package anchors for all Rd \link{} targets not in the
package itself and the base packages.
* checking for missing documentation entries ... WARNING
Undocumented S4 methods:
generic '[' and siglist 'BSdataSet,ANY,ANY,ANY'
generic '[' and siglist 'GElist,ANY,ANY,ANY'
generic '[[<-' and siglist 'BSdataSet,ANY,ANY,ANY'
generic '[[<-' and siglist 'GElist,ANY,ANY,ANY'
All user-level objects in a package (including S4 classes and methods)
should have documentation entries.
See chapter ‘Writing R documentation files’ in the ‘Writing R
Extensions’ manual.
* checking for code/documentation mismatches ... OK
* checking Rd \usage sections ... OK
* checking Rd contents ... OK
* checking for unstated dependencies in examples ... OK
* checking line endings in C/C++/Fortran sources/headers ... OK
* checking compiled code ... NOTE
Note: information on .o files is not available
* checking files in ‘vignettes’ ... OK
* checking examples ... WARNING
Found the following significant warnings:
Warning: working directory was changed to '/tmp/Rtmpf0ei7t', resetting
Examples with CPU (user + system) or elapsed time > 5s
user system elapsed
plotMeth 22.335 1.263 28.892
methstats 0.837 0.090 22.319
findDMR 0.821 0.048 26.616
findPMDs 0.161 0.011 23.630
* checking for unstated dependencies in vignettes ... OK
* checking package vignettes ... OK
* checking re-building of vignette outputs ... OK
* checking PDF version of manual ... OK
* DONE
Status: 2 WARNINGs, 3 NOTEs
See
‘/home/biocbuild/bbs-3.22-bioc/meat/methylPipe.Rcheck/00check.log’
for details.
methylPipe.Rcheck/00install.out
############################################################################## ############################################################################## ### ### Running command: ### ### /home/biocbuild/bbs-3.22-bioc/R/bin/R CMD INSTALL methylPipe ### ############################################################################## ############################################################################## * installing to library ‘/home/biocbuild/bbs-3.22-bioc/R/site-library’ * installing *source* package ‘methylPipe’ ... ** this is package ‘methylPipe’ version ‘1.43.1’ ** using staged installation ** libs using C compiler: ‘gcc (Ubuntu 13.3.0-6ubuntu2~24.04) 13.3.0’ gcc -std=gnu2x -I"/home/biocbuild/bbs-3.22-bioc/R/include" -DNDEBUG -I/usr/local/include -fpic -g -O2 -Wall -Werror=format-security -c R_init_methylPipe.c -o R_init_methylPipe.o gcc -std=gnu2x -I"/home/biocbuild/bbs-3.22-bioc/R/include" -DNDEBUG -I/usr/local/include -fpic -g -O2 -Wall -Werror=format-security -c binning.c -o binning.o gcc -std=gnu2x -shared -L/home/biocbuild/bbs-3.22-bioc/R/lib -L/usr/local/lib -o methylPipe.so R_init_methylPipe.o binning.o -L/home/biocbuild/bbs-3.22-bioc/R/lib -lR installing to /home/biocbuild/bbs-3.22-bioc/R/site-library/00LOCK-methylPipe/00new/methylPipe/libs ** R ** exec ** inst ** byte-compile and prepare package for lazy loading ** help *** installing help indices ** building package indices ** installing vignettes ** testing if installed package can be loaded from temporary location ** checking absolute paths in shared objects and dynamic libraries ** testing if installed package can be loaded from final location ** testing if installed package keeps a record of temporary installation path * DONE (methylPipe)
methylPipe.Rcheck/methylPipe-Ex.timings
| name | user | system | elapsed | |
| BSdata-class | 0.181 | 0.002 | 0.183 | |
| BSdataSet-class | 0.139 | 0.000 | 0.141 | |
| BSprepare | 0 | 0 | 0 | |
| GEcollection-class | 2.883 | 0.166 | 3.050 | |
| GElist-class | 0.030 | 0.000 | 0.031 | |
| chiCombP | 0 | 0 | 0 | |
| consolidateDMRs | 0.194 | 0.000 | 0.194 | |
| extractBinGRanges | 0.022 | 0.000 | 0.022 | |
| findDMR | 0.821 | 0.048 | 26.616 | |
| findPMDs | 0.161 | 0.011 | 23.630 | |
| getCpos | 0.459 | 0.047 | 0.506 | |
| getCposDensity | 0.119 | 0.004 | 0.122 | |
| mCsmoothing | 1.800 | 0.040 | 1.839 | |
| mapBSdata2GRanges | 1.018 | 0.095 | 1.113 | |
| methstats | 0.837 | 0.090 | 22.319 | |
| plotMeth | 22.335 | 1.263 | 28.892 | |
| pool.reads | 0 | 0 | 0 | |
| process.hmc | 0 | 0 | 0 | |
| profileDNAmetBin | 1.235 | 0.125 | 1.360 | |