| Back to Multiple platform build/check report for BioC 3.22: simplified long |
|
This page was generated on 2025-10-21 12:07 -0400 (Tue, 21 Oct 2025).
| Hostname | OS | Arch (*) | R version | Installed pkgs |
|---|---|---|---|---|
| nebbiolo2 | Linux (Ubuntu 24.04.3 LTS) | x86_64 | 4.5.1 Patched (2025-08-23 r88802) -- "Great Square Root" | 4887 |
| lconway | macOS 12.7.6 Monterey | x86_64 | 4.5.1 Patched (2025-09-10 r88807) -- "Great Square Root" | 4677 |
| kjohnson3 | macOS 13.7.7 Ventura | arm64 | 4.5.1 Patched (2025-09-10 r88807) -- "Great Square Root" | 4622 |
| taishan | Linux (openEuler 24.03 LTS) | aarch64 | 4.5.0 (2025-04-11) -- "How About a Twenty-Six" | 4642 |
| Click on any hostname to see more info about the system (e.g. compilers) (*) as reported by 'uname -p', except on Windows and Mac OS X | ||||
| Package 1230/2353 | Hostname | OS / Arch | INSTALL | BUILD | CHECK | BUILD BIN | ||||||||
| messina 1.45.0 (landing page) Mark Pinese
| nebbiolo2 | Linux (Ubuntu 24.04.3 LTS) / x86_64 | OK | OK | WARNINGS | |||||||||
| lconway | macOS 12.7.6 Monterey / x86_64 | OK | OK | OK | OK | |||||||||
| kjohnson3 | macOS 13.7.7 Ventura / arm64 | OK | OK | OK | OK | |||||||||
| taishan | Linux (openEuler 24.03 LTS) / aarch64 | OK | OK | WARNINGS | ||||||||||
|
To the developers/maintainers of the messina package: - Allow up to 24 hours (and sometimes 48 hours) for your latest push to git@git.bioconductor.org:packages/messina.git to reflect on this report. See Troubleshooting Build Report for more information. - Use the following Renviron settings to reproduce errors and warnings. - If 'R CMD check' started to fail recently on the Linux builder(s) over a missing dependency, add the missing dependency to 'Suggests:' in your DESCRIPTION file. See Renviron.bioc for more information. - See Martin Grigorov's blog post for how to debug Linux ARM64 related issues on a x86_64 host. |
| Package: messina |
| Version: 1.45.0 |
| Command: /home/biocbuild/R/R/bin/R CMD check --install=check:messina.install-out.txt --library=/home/biocbuild/R/R/site-library --no-vignettes --timings messina_1.45.0.tar.gz |
| StartedAt: 2025-10-17 10:48:17 -0000 (Fri, 17 Oct 2025) |
| EndedAt: 2025-10-17 10:51:44 -0000 (Fri, 17 Oct 2025) |
| EllapsedTime: 207.2 seconds |
| RetCode: 0 |
| Status: WARNINGS |
| CheckDir: messina.Rcheck |
| Warnings: 1 |
##############################################################################
##############################################################################
###
### Running command:
###
### /home/biocbuild/R/R/bin/R CMD check --install=check:messina.install-out.txt --library=/home/biocbuild/R/R/site-library --no-vignettes --timings messina_1.45.0.tar.gz
###
##############################################################################
##############################################################################
* using log directory ‘/home/biocbuild/bbs-3.22-bioc/meat/messina.Rcheck’
* using R version 4.5.0 (2025-04-11)
* using platform: aarch64-unknown-linux-gnu
* R was compiled by
aarch64-unknown-linux-gnu-gcc (GCC) 14.2.0
GNU Fortran (GCC) 14.2.0
* running under: openEuler 24.03 (LTS)
* using session charset: UTF-8
* using option ‘--no-vignettes’
* checking for file ‘messina/DESCRIPTION’ ... OK
* checking extension type ... Package
* this is package ‘messina’ version ‘1.45.0’
* checking package namespace information ... OK
* checking package dependencies ... OK
* checking if this is a source package ... OK
* checking if there is a namespace ... OK
* checking for hidden files and directories ... OK
* checking for portable file names ... OK
* checking for sufficient/correct file permissions ... OK
* checking whether package ‘messina’ can be installed ... WARNING
Found the following significant warnings:
crossval.cpp:229:40: warning: ‘void operator delete(void*, std::size_t)’ called on pointer returned from a mismatched allocation function [-Wmismatched-new-delete]
crossval.cpp:230:40: warning: ‘void operator delete(void*, std::size_t)’ called on pointer returned from a mismatched allocation function [-Wmismatched-new-delete]
crossval.cpp:231:40: warning: ‘void operator delete(void*, std::size_t)’ called on pointer returned from a mismatched allocation function [-Wmismatched-new-delete]
crossval.cpp:238:32: warning: ‘void operator delete(void*, std::size_t)’ called on pointer returned from a mismatched allocation function [-Wmismatched-new-delete]
crossval.cpp:239:32: warning: ‘void operator delete(void*, std::size_t)’ called on pointer returned from a mismatched allocation function [-Wmismatched-new-delete]
crossval.cpp:240:32: warning: ‘void operator delete(void*, std::size_t)’ called on pointer returned from a mismatched allocation function [-Wmismatched-new-delete]
crossval.cpp:246:32: warning: ‘void operator delete(void*, std::size_t)’ called on pointer returned from a mismatched allocation function [-Wmismatched-new-delete]
crossval.cpp:247:32: warning: ‘void operator delete(void*, std::size_t)’ called on pointer returned from a mismatched allocation function [-Wmismatched-new-delete]
crossval.cpp:248:32: warning: ‘void operator delete(void*, std::size_t)’ called on pointer returned from a mismatched allocation function [-Wmismatched-new-delete]
crossval.cpp:254:32: warning: ‘void operator delete(void*, std::size_t)’ called on pointer returned from a mismatched allocation function [-Wmismatched-new-delete]
crossval.cpp:255:32: warning: ‘void operator delete(void*, std::size_t)’ called on pointer returned from a mismatched allocation function [-Wmismatched-new-delete]
crossval.cpp:256:32: warning: ‘void operator delete(void*, std::size_t)’ called on pointer returned from a mismatched allocation function [-Wmismatched-new-delete]
crossval.cpp:268:16: warning: ‘void operator delete(void*, std::size_t)’ called on pointer returned from a mismatched allocation function [-Wmismatched-new-delete]
crossval.cpp:269:16: warning: ‘void operator delete(void*, std::size_t)’ called on pointer returned from a mismatched allocation function [-Wmismatched-new-delete]
crossval.cpp:270:16: warning: ‘void operator delete(void*, std::size_t)’ called on pointer returned from a mismatched allocation function [-Wmismatched-new-delete]
messinaExtern.cpp:138:16: warning: ‘void operator delete(void*, std::size_t)’ called on pointer returned from a mismatched allocation function [-Wmismatched-new-delete]
messinaExtern.cpp:139:16: warning: ‘void operator delete(void*, std::size_t)’ called on pointer returned from a mismatched allocation function [-Wmismatched-new-delete]
messinaExtern.cpp:86:24: warning: ‘void operator delete(void*, std::size_t)’ called on pointer returned from a mismatched allocation function [-Wmismatched-new-delete]
messinaExtern.cpp:92:16: warning: ‘void operator delete(void*, std::size_t)’ called on pointer returned from a mismatched allocation function [-Wmismatched-new-delete]
See ‘/home/biocbuild/bbs-3.22-bioc/meat/messina.Rcheck/00install.out’ for details.
* used C++ compiler: ‘aarch64-unknown-linux-gnu-g++ (GCC) 14.2.0’
* checking installed package size ... OK
* checking package directory ... OK
* checking ‘build’ directory ... OK
* checking DESCRIPTION meta-information ... OK
* checking top-level files ... OK
* checking for left-over files ... OK
* checking index information ... OK
* checking package subdirectories ... OK
* checking code files for non-ASCII characters ... OK
* checking R files for syntax errors ... OK
* checking whether the package can be loaded ... OK
* checking whether the package can be loaded with stated dependencies ... OK
* checking whether the package can be unloaded cleanly ... OK
* checking whether the namespace can be loaded with stated dependencies ... OK
* checking whether the namespace can be unloaded cleanly ... OK
* checking loading without being on the library search path ... OK
* checking dependencies in R code ... OK
* checking S3 generic/method consistency ... OK
* checking replacement functions ... OK
* checking foreign function calls ... OK
* checking R code for possible problems ... NOTE
messina: no visible binding for global variable ‘Biobase’
messinaSurv: no visible binding for global variable ‘Biobase’
Undefined global functions or variables:
Biobase
* checking Rd files ... OK
* checking Rd metadata ... OK
* checking Rd cross-references ... OK
* checking for missing documentation entries ... OK
* checking for code/documentation mismatches ... OK
* checking Rd \usage sections ... OK
* checking Rd contents ... OK
* checking for unstated dependencies in examples ... OK
* checking contents of ‘data’ directory ... OK
* checking data for non-ASCII characters ... OK
* checking data for ASCII and uncompressed saves ... OK
* checking line endings in C/C++/Fortran sources/headers ... OK
* checking compiled code ... NOTE
Note: information on .o files is not available
* checking files in ‘vignettes’ ... OK
* checking examples ... OK
Examples with CPU (user + system) or elapsed time > 5s
user system elapsed
plot-MessinaSurvResult-missing-method 72.392 0.211 72.816
messinaSurv 54.744 0.431 55.350
* checking for unstated dependencies in vignettes ... OK
* checking package vignettes ... OK
* checking running R code from vignettes ... SKIPPED
* checking re-building of vignette outputs ... SKIPPED
* checking PDF version of manual ... OK
* DONE
Status: 1 WARNING, 2 NOTEs
See
‘/home/biocbuild/bbs-3.22-bioc/meat/messina.Rcheck/00check.log’
for details.
messina.Rcheck/00install.out
##############################################################################
##############################################################################
###
### Running command:
###
### /home/biocbuild/R/R/bin/R CMD INSTALL messina
###
##############################################################################
##############################################################################
* installing to library ‘/home/biocbuild/R/R-4.5.0/site-library’
* installing *source* package ‘messina’ ...
** this is package ‘messina’ version ‘1.45.0’
** using staged installation
** libs
using C++ compiler: ‘aarch64-unknown-linux-gnu-g++ (GCC) 14.2.0’
/opt/ohpc/pub/compiler/gcc/14.2.0/bin/aarch64-unknown-linux-gnu-g++ -std=gnu++17 -I"/home/biocbuild/R/R-4.5.0/include" -DNDEBUG -I'/home/biocbuild/R/R-4.5.0/site-library/Rcpp/include' -I/usr/local/include -fPIC -g -O2 -Wall -Werror=format-security -c Classifier.cpp -o Classifier.o
/opt/ohpc/pub/compiler/gcc/14.2.0/bin/aarch64-unknown-linux-gnu-g++ -std=gnu++17 -I"/home/biocbuild/R/R-4.5.0/include" -DNDEBUG -I'/home/biocbuild/R/R-4.5.0/site-library/Rcpp/include' -I/usr/local/include -fPIC -g -O2 -Wall -Werror=format-security -c Data.cpp -o Data.o
/opt/ohpc/pub/compiler/gcc/14.2.0/bin/aarch64-unknown-linux-gnu-g++ -std=gnu++17 -I"/home/biocbuild/R/R-4.5.0/include" -DNDEBUG -I'/home/biocbuild/R/R-4.5.0/site-library/Rcpp/include' -I/usr/local/include -fPIC -g -O2 -Wall -Werror=format-security -c RcppExports.cpp -o RcppExports.o
/opt/ohpc/pub/compiler/gcc/14.2.0/bin/aarch64-unknown-linux-gnu-g++ -std=gnu++17 -I"/home/biocbuild/R/R-4.5.0/include" -DNDEBUG -I'/home/biocbuild/R/R-4.5.0/site-library/Rcpp/include' -I/usr/local/include -fPIC -g -O2 -Wall -Werror=format-security -c crossval.cpp -o crossval.o
crossval.cpp: In function ‘STATUS CrossVal::cv(int32_t, uint16_t, Classifier&, Result*, bool, bool)’:
crossval.cpp:229:40: warning: ‘void operator delete(void*, std::size_t)’ called on pointer returned from a mismatched allocation function [-Wmismatched-new-delete]
229 | delete train_indices;
| ^~~~~~~~~~~~~
crossval.cpp:184:52: note: returned from ‘void* operator new [](std::size_t)’
184 | if ((train_indices = new int32_t[train_size]) == NULL)
| ^
crossval.cpp:230:40: warning: ‘void operator delete(void*, std::size_t)’ called on pointer returned from a mismatched allocation function [-Wmismatched-new-delete]
230 | delete test_indices;
| ^~~~~~~~~~~~
crossval.cpp:187:50: note: returned from ‘void* operator new [](std::size_t)’
187 | if ((test_indices = new int32_t[test_size]) == NULL)
| ^
crossval.cpp:231:40: warning: ‘void operator delete(void*, std::size_t)’ called on pointer returned from a mismatched allocation function [-Wmismatched-new-delete]
231 | delete in_test_set;
| ^~~~~~~~~~~
crossval.cpp:193:44: note: returned from ‘void* operator new [](std::size_t)’
193 | if ((in_test_set = new bool[n_samps]) == NULL)
| ^
crossval.cpp:238:32: warning: ‘void operator delete(void*, std::size_t)’ called on pointer returned from a mismatched allocation function [-Wmismatched-new-delete]
238 | delete train_indices;
| ^~~~~~~~~~~~~
crossval.cpp:184:52: note: returned from ‘void* operator new [](std::size_t)’
184 | if ((train_indices = new int32_t[train_size]) == NULL)
| ^
crossval.cpp:239:32: warning: ‘void operator delete(void*, std::size_t)’ called on pointer returned from a mismatched allocation function [-Wmismatched-new-delete]
239 | delete test_indices;
| ^~~~~~~~~~~~
crossval.cpp:187:50: note: returned from ‘void* operator new [](std::size_t)’
187 | if ((test_indices = new int32_t[test_size]) == NULL)
| ^
crossval.cpp:240:32: warning: ‘void operator delete(void*, std::size_t)’ called on pointer returned from a mismatched allocation function [-Wmismatched-new-delete]
240 | delete in_test_set;
| ^~~~~~~~~~~
crossval.cpp:193:44: note: returned from ‘void* operator new [](std::size_t)’
193 | if ((in_test_set = new bool[n_samps]) == NULL)
| ^
crossval.cpp:246:32: warning: ‘void operator delete(void*, std::size_t)’ called on pointer returned from a mismatched allocation function [-Wmismatched-new-delete]
246 | delete train_indices;
| ^~~~~~~~~~~~~
crossval.cpp:184:52: note: returned from ‘void* operator new [](std::size_t)’
184 | if ((train_indices = new int32_t[train_size]) == NULL)
| ^
crossval.cpp:247:32: warning: ‘void operator delete(void*, std::size_t)’ called on pointer returned from a mismatched allocation function [-Wmismatched-new-delete]
247 | delete test_indices;
| ^~~~~~~~~~~~
crossval.cpp:187:50: note: returned from ‘void* operator new [](std::size_t)’
187 | if ((test_indices = new int32_t[test_size]) == NULL)
| ^
crossval.cpp:248:32: warning: ‘void operator delete(void*, std::size_t)’ called on pointer returned from a mismatched allocation function [-Wmismatched-new-delete]
248 | delete in_test_set;
| ^~~~~~~~~~~
crossval.cpp:193:44: note: returned from ‘void* operator new [](std::size_t)’
193 | if ((in_test_set = new bool[n_samps]) == NULL)
| ^
crossval.cpp:254:32: warning: ‘void operator delete(void*, std::size_t)’ called on pointer returned from a mismatched allocation function [-Wmismatched-new-delete]
254 | delete train_indices;
| ^~~~~~~~~~~~~
crossval.cpp:184:52: note: returned from ‘void* operator new [](std::size_t)’
184 | if ((train_indices = new int32_t[train_size]) == NULL)
| ^
crossval.cpp:255:32: warning: ‘void operator delete(void*, std::size_t)’ called on pointer returned from a mismatched allocation function [-Wmismatched-new-delete]
255 | delete test_indices;
| ^~~~~~~~~~~~
crossval.cpp:187:50: note: returned from ‘void* operator new [](std::size_t)’
187 | if ((test_indices = new int32_t[test_size]) == NULL)
| ^
crossval.cpp:256:32: warning: ‘void operator delete(void*, std::size_t)’ called on pointer returned from a mismatched allocation function [-Wmismatched-new-delete]
256 | delete in_test_set;
| ^~~~~~~~~~~
crossval.cpp:193:44: note: returned from ‘void* operator new [](std::size_t)’
193 | if ((in_test_set = new bool[n_samps]) == NULL)
| ^
crossval.cpp:268:16: warning: ‘void operator delete(void*, std::size_t)’ called on pointer returned from a mismatched allocation function [-Wmismatched-new-delete]
268 | delete train_indices;
| ^~~~~~~~~~~~~
crossval.cpp:184:52: note: returned from ‘void* operator new [](std::size_t)’
184 | if ((train_indices = new int32_t[train_size]) == NULL)
| ^
crossval.cpp:269:16: warning: ‘void operator delete(void*, std::size_t)’ called on pointer returned from a mismatched allocation function [-Wmismatched-new-delete]
269 | delete test_indices;
| ^~~~~~~~~~~~
crossval.cpp:187:50: note: returned from ‘void* operator new [](std::size_t)’
187 | if ((test_indices = new int32_t[test_size]) == NULL)
| ^
crossval.cpp:270:16: warning: ‘void operator delete(void*, std::size_t)’ called on pointer returned from a mismatched allocation function [-Wmismatched-new-delete]
270 | delete in_test_set;
| ^~~~~~~~~~~
crossval.cpp:193:44: note: returned from ‘void* operator new [](std::size_t)’
193 | if ((in_test_set = new bool[n_samps]) == NULL)
| ^
/opt/ohpc/pub/compiler/gcc/14.2.0/bin/aarch64-unknown-linux-gnu-g++ -std=gnu++17 -I"/home/biocbuild/R/R-4.5.0/include" -DNDEBUG -I'/home/biocbuild/R/R-4.5.0/site-library/Rcpp/include' -I/usr/local/include -fPIC -g -O2 -Wall -Werror=format-security -c errors.cpp -o errors.o
/opt/ohpc/pub/compiler/gcc/14.2.0/bin/aarch64-unknown-linux-gnu-g++ -std=gnu++17 -I"/home/biocbuild/R/R-4.5.0/include" -DNDEBUG -I'/home/biocbuild/R/R-4.5.0/site-library/Rcpp/include' -I/usr/local/include -fPIC -g -O2 -Wall -Werror=format-security -c init.cpp -o init.o
/opt/ohpc/pub/compiler/gcc/14.2.0/bin/aarch64-unknown-linux-gnu-g++ -std=gnu++17 -I"/home/biocbuild/R/R-4.5.0/include" -DNDEBUG -I'/home/biocbuild/R/R-4.5.0/site-library/Rcpp/include' -I/usr/local/include -fPIC -g -O2 -Wall -Werror=format-security -c messinaExtern.cpp -o messinaExtern.o
messinaExtern.cpp: In function ‘STATUS convertRMatrix2Data(Rcpp::NumericMatrix&, Rcpp::LogicalVector&, Data&)’:
messinaExtern.cpp:138:16: warning: ‘void operator delete(void*, std::size_t)’ called on pointer returned from a mismatched allocation function [-Wmismatched-new-delete]
138 | delete exprs_array;
| ^~~~~~~~~~~
messinaExtern.cpp:115:61: note: returned from ‘void* operator new [](std::size_t)’
115 | if ((exprs_array = new uint16_t[n_probes * n_samples]) == NULL)
| ^
messinaExtern.cpp:139:16: warning: ‘void operator delete(void*, std::size_t)’ called on pointer returned from a mismatched allocation function [-Wmismatched-new-delete]
139 | delete class_array;
| ^~~~~~~~~~~
messinaExtern.cpp:119:46: note: returned from ‘void* operator new [](std::size_t)’
119 | if ((class_array = new bool[n_samples]) == NULL)
| ^
messinaExtern.cpp: In function ‘Rcpp::List messinaC(Rcpp::NumericMatrix, Rcpp::LogicalVector, uint32_t, uint32_t, float, float, bool, bool)’:
messinaExtern.cpp:86:24: warning: ‘void operator delete(void*, std::size_t)’ called on pointer returned from a mismatched allocation function [-Wmismatched-new-delete]
86 | delete results;
| ^~~~~~~
messinaExtern.cpp:78:51: note: returned from ‘void* operator new [](std::size_t)’
78 | if ((results = new Result[data.getNGenes()]) == NULL)
| ^
messinaExtern.cpp:92:16: warning: ‘void operator delete(void*, std::size_t)’ called on pointer returned from a mismatched allocation function [-Wmismatched-new-delete]
92 | delete results;
| ^~~~~~~
messinaExtern.cpp:78:51: note: returned from ‘void* operator new [](std::size_t)’
78 | if ((results = new Result[data.getNGenes()]) == NULL)
| ^
/opt/ohpc/pub/compiler/gcc/14.2.0/bin/aarch64-unknown-linux-gnu-g++ -std=gnu++17 -shared -L/home/biocbuild/R/R-4.5.0/lib -L/usr/local/lib -o messina.so Classifier.o Data.o RcppExports.o crossval.o errors.o init.o messinaExtern.o -L/home/biocbuild/R/R-4.5.0/lib -lR
installing to /home/biocbuild/R/R-4.5.0/site-library/00LOCK-messina/00new/messina/libs
** R
** data
** inst
** byte-compile and prepare package for lazy loading
** help
*** installing help indices
** building package indices
** installing vignettes
** testing if installed package can be loaded from temporary location
** checking absolute paths in shared objects and dynamic libraries
** testing if installed package can be loaded from final location
** testing if installed package keeps a record of temporary installation path
* DONE (messina)
messina.Rcheck/messina-Ex.timings
| name | user | system | elapsed | |
| messina | 2.427 | 0.159 | 2.609 | |
| messinaDE | 1.616 | 0.068 | 1.689 | |
| messinaSurv | 54.744 | 0.431 | 55.350 | |
| messinaTopResults | 0.977 | 0.028 | 1.008 | |
| plot-MessinaClassResult-missing-method | 3.300 | 0.028 | 3.338 | |
| plot-MessinaSurvResult-missing-method | 72.392 | 0.211 | 72.816 | |