Back to Multiple platform build/check report for BioC 3.22:   simplified   long
ABCDEFGHIJ[K]LMNOPQRSTUVWXYZ

This page was generated on 2025-10-24 12:03 -0400 (Fri, 24 Oct 2025).

HostnameOSArch (*)R versionInstalled pkgs
nebbiolo2Linux (Ubuntu 24.04.3 LTS)x86_644.5.1 Patched (2025-08-23 r88802) -- "Great Square Root" 4898
lconwaymacOS 12.7.6 Montereyx86_644.5.1 Patched (2025-09-10 r88807) -- "Great Square Root" 4688
kjohnson3macOS 13.7.7 Venturaarm644.5.1 Patched (2025-09-10 r88807) -- "Great Square Root" 4634
taishanLinux (openEuler 24.03 LTS)aarch644.5.0 (2025-04-11) -- "How About a Twenty-Six" 4658
Click on any hostname to see more info about the system (e.g. compilers)      (*) as reported by 'uname -p', except on Windows and Mac OS X

Package 1121/2359HostnameOS / ArchINSTALLBUILDCHECKBUILD BIN
knowYourCG 1.5.2  (landing page)
Goldberg David
Snapshot Date: 2025-10-23 14:17 -0400 (Thu, 23 Oct 2025)
git_url: https://git.bioconductor.org/packages/knowYourCG
git_branch: devel
git_last_commit: 1226e88
git_last_commit_date: 2025-06-14 22:15:52 -0400 (Sat, 14 Jun 2025)
nebbiolo2Linux (Ubuntu 24.04.3 LTS) / x86_64  OK    ERROR  skipped
lconwaymacOS 12.7.6 Monterey / x86_64  OK    ERROR  skippedskipped
kjohnson3macOS 13.7.7 Ventura / arm64  OK    OK    OK    OK  UNNEEDED, same version is already published
taishanLinux (openEuler 24.03 LTS) / aarch64  OK    OK    NA  


BUILD results for knowYourCG on nebbiolo2

To the developers/maintainers of the knowYourCG package:
- Allow up to 24 hours (and sometimes 48 hours) for your latest push to git@git.bioconductor.org:packages/knowYourCG.git to reflect on this report. See Troubleshooting Build Report for more information.
- Use the following Renviron settings to reproduce errors and warnings.
- If 'R CMD check' started to fail recently on the Linux builder(s) over a missing dependency, add the missing dependency to 'Suggests:' in your DESCRIPTION file. See Renviron.bioc for more information.

raw results


Summary

Package: knowYourCG
Version: 1.5.2
Command: /home/biocbuild/bbs-3.22-bioc/R/bin/R CMD build --keep-empty-dirs --no-resave-data --md5 knowYourCG
StartedAt: 2025-10-23 18:24:26 -0400 (Thu, 23 Oct 2025)
EndedAt: 2025-10-23 18:26:08 -0400 (Thu, 23 Oct 2025)
EllapsedTime: 101.2 seconds
RetCode: 1
Status:   ERROR  
PackageFile: None
PackageFileSize: NA

Command output

##############################################################################
##############################################################################
###
### Running command:
###
###   /home/biocbuild/bbs-3.22-bioc/R/bin/R CMD build --keep-empty-dirs --no-resave-data --md5 knowYourCG
###
##############################################################################
##############################################################################


* checking for file ‘knowYourCG/DESCRIPTION’ ... OK
* preparing ‘knowYourCG’:
* checking DESCRIPTION meta-information ... OK
* cleaning src
* installing the package to build vignettes
* creating vignettes ... ERROR
--- re-building ‘Array.Rmd’ using rmarkdown

Quitting from Array.Rmd:243-256 [ky18]
~~~~~~~~~~~~~~~~~~~~~~~~~~~~~~~~~~~~~~~~~~~~~~~~~~~~~~~~~~~~~~~~~~~~~~~~~~~~~~~~
<error/rlang_error>
Error in `gprofiler_request()`:
! There's an issue with your request to g:Profiler.
Error code: 503.
Please double check your input. If this doesn't help, then check your internet connection or contact us with a reproducible example on biit.support@ut.ee
---
Backtrace:
    ▆
 1. └─gprofiler2::gost(genes, organism = "mmusculus")
 2.   └─gprofiler2::get_version_info(organism = organism)
 3.     └─gprofiler2:::gprofiler_request(url, body)
~~~~~~~~~~~~~~~~~~~~~~~~~~~~~~~~~~~~~~~~~~~~~~~~~~~~~~~~~~~~~~~~~~~~~~~~~~~~~~~~

Error: processing vignette 'Array.Rmd' failed with diagnostics:
There's an issue with your request to g:Profiler.
Error code: 503.
Please double check your input. If this doesn't help, then check your internet connection or contact us with a reproducible example on biit.support@ut.ee
--- failed re-building ‘Array.Rmd’

--- re-building ‘Continuous.Rmd’ using rmarkdown
--- finished re-building ‘Continuous.Rmd’

--- re-building ‘Sequencing.Rmd’ using rmarkdown
trying URL 'https://github.com/zhou-lab/KYCGKB_mm10/raw/refs/heads/main/ChromHMM.20220414.cm'
Content type 'application/octet-stream' length 877986 bytes (857 KB)
==================================================
downloaded 857 KB

trying URL 'https://github.com/zhou-lab/YAME/raw/refs/heads/main/test/input/single_cell_10_samples.cg'
Content type 'application/octet-stream' length 11610328 bytes (11.1 MB)
==================================================
downloaded 11.1 MB

--- finished re-building ‘Sequencing.Rmd’

SUMMARY: processing the following file failed:
  ‘Array.Rmd’

Error: Vignette re-building failed.
Execution halted