| Back to Multiple platform build/check report for BioC 3.22: simplified long |
|
This page was generated on 2025-04-09 11:55 -0400 (Wed, 09 Apr 2025).
| Hostname | OS | Arch (*) | R version | Installed pkgs |
|---|---|---|---|---|
| nebbiolo2 | Linux (Ubuntu 24.04.1 LTS) | x86_64 | 4.5.0 beta (2025-04-02 r88102) -- "How About a Twenty-Six" | 4737 |
| palomino8 | Windows Server 2022 Datacenter | x64 | 4.5.0 RC (2025-04-03 r88103 ucrt) -- "How About a Twenty-Six" | 4524 |
| Click on any hostname to see more info about the system (e.g. compilers) (*) as reported by 'uname -p', except on Windows and Mac OS X | ||||
| Package 1063/2335 | Hostname | OS / Arch | INSTALL | BUILD | CHECK | BUILD BIN | ||||||||
Gregory Ryslik
| nebbiolo2 | Linux (Ubuntu 24.04.1 LTS) / x86_64 | OK | OK | ERROR | |||||||||
| palomino8 | Windows Server 2022 Datacenter / x64 | OK | OK | OK | NA | |||||||||
|
To the developers/maintainers of the iPAC package: - Allow up to 24 hours (and sometimes 48 hours) for your latest push to git@git.bioconductor.org:packages/iPAC.git to reflect on this report. See Troubleshooting Build Report for more information. - Use the following Renviron settings to reproduce errors and warnings. - If 'R CMD check' started to fail recently on the Linux builder(s) over a missing dependency, add the missing dependency to 'Suggests:' in your DESCRIPTION file. See Renviron.bioc for more information. |
| Package: iPAC |
| Version: 1.51.1 |
| Command: /home/biocbuild/bbs-3.22-bioc/R/bin/R CMD check --install=check:iPAC.install-out.txt --library=/home/biocbuild/bbs-3.22-bioc/R/site-library --timings iPAC_1.51.1.tar.gz |
| StartedAt: 2025-04-08 23:30:51 -0400 (Tue, 08 Apr 2025) |
| EndedAt: 2025-04-08 23:33:53 -0400 (Tue, 08 Apr 2025) |
| EllapsedTime: 182.1 seconds |
| RetCode: 1 |
| Status: ERROR |
| CheckDir: iPAC.Rcheck |
| Warnings: NA |
##############################################################################
##############################################################################
###
### Running command:
###
### /home/biocbuild/bbs-3.22-bioc/R/bin/R CMD check --install=check:iPAC.install-out.txt --library=/home/biocbuild/bbs-3.22-bioc/R/site-library --timings iPAC_1.51.1.tar.gz
###
##############################################################################
##############################################################################
* using log directory ‘/home/biocbuild/bbs-3.22-bioc/meat/iPAC.Rcheck’
* using R version 4.5.0 beta (2025-04-02 r88102)
* using platform: x86_64-pc-linux-gnu
* R was compiled by
gcc (Ubuntu 13.3.0-6ubuntu2~24.04) 13.3.0
GNU Fortran (Ubuntu 13.3.0-6ubuntu2~24.04) 13.3.0
* running under: Ubuntu 24.04.2 LTS
* using session charset: UTF-8
* checking for file ‘iPAC/DESCRIPTION’ ... OK
* checking extension type ... Package
* this is package ‘iPAC’ version ‘1.51.1’
* checking package namespace information ... OK
* checking package dependencies ... OK
* checking if this is a source package ... OK
* checking if there is a namespace ... OK
* checking for hidden files and directories ... OK
* checking for portable file names ... OK
* checking for sufficient/correct file permissions ... OK
* checking whether package ‘iPAC’ can be installed ... OK
* checking installed package size ... OK
* checking package directory ... OK
* checking ‘build’ directory ... OK
* checking DESCRIPTION meta-information ... OK
* checking top-level files ... OK
* checking for left-over files ... OK
* checking index information ... OK
* checking package subdirectories ... OK
* checking code files for non-ASCII characters ... OK
* checking R files for syntax errors ... OK
* checking whether the package can be loaded ... OK
* checking whether the package can be loaded with stated dependencies ... OK
* checking whether the package can be unloaded cleanly ... OK
* checking whether the namespace can be loaded with stated dependencies ... OK
* checking whether the namespace can be unloaded cleanly ... OK
* checking loading without being on the library search path ... OK
* checking whether startup messages can be suppressed ... OK
* checking dependencies in R code ... OK
* checking S3 generic/method consistency ... OK
* checking replacement functions ... OK
* checking foreign function calls ... OK
* checking R code for possible problems ... OK
* checking Rd files ... OK
* checking Rd metadata ... OK
* checking Rd cross-references ... OK
* checking for missing documentation entries ... OK
* checking for code/documentation mismatches ... OK
* checking Rd \usage sections ... OK
* checking Rd contents ... OK
* checking for unstated dependencies in examples ... OK
* checking contents of ‘data’ directory ... OK
* checking data for non-ASCII characters ... OK
* checking data for ASCII and uncompressed saves ... OK
* checking files in ‘vignettes’ ... OK
* checking examples ... ERROR
Running examples in ‘iPAC-Ex.R’ failed
The error most likely occurred in:
> base::assign(".ptime", proc.time(), pos = "CheckExEnv")
> ### Name: get.Positions
> ### Title: get.Positions
> ### Aliases: get.Positions
> ### Keywords: Amino Acids Positions CIF
>
> ### ** Examples
>
> ###################################################
> #Observe that the final result from the code below is "OK". That is because the only
> #mismatched residue at position 61, was documented in the CIF file as well.
> #Thus it is considered a "reconciled" mismatch. It is up to the user to decide if
> #they want to include it in the position sequence or remove it.
>
> CIF<-"https://files.rcsb.org/view/3GFT.cif"
> Fasta<-"https://www.uniprot.org/uniprot/P01116-2.fasta"
> KRAS.extracted.positions<- get.Positions(CIF, Fasta, "A")
> ###################################################
>
> ###################################################
> #Observe that the final result from the code below is "FAILURE". For PIK3CA there were
> #10 mismatched residues between the CIF file and the canonical sequence.
> #However, none of these residues are explained within the actual CIF file.
>
> CIF<- "https://files.rcsb.org/view/2RD0.cif"
> Fasta<-"https://cancer.sanger.ac.uk/cosmic/sequence?width=700&ln=PIK3CA&type=protein&height=500"
> PIK3CA.extracted.positions<- get.Positions(CIF,Fasta , "A")
Warning in file(con, "r") :
cannot open URL 'https://cancer.sanger.ac.uk/cosmic/sequence?width=700&ln=PIK3CA&type=protein&height=500': HTTP status was '403 Forbidden'
Error in file(con, "r") :
cannot open the connection to 'https://cancer.sanger.ac.uk/cosmic/sequence?width=700&ln=PIK3CA&type=protein&height=500'
Calls: get.Positions -> get.AASeq -> readLines -> file
Execution halted
Examples with CPU (user + system) or elapsed time > 5s
user system elapsed
ClusterFind 64.638 0.668 67.508
* checking for unstated dependencies in vignettes ... OK
* checking package vignettes ... OK
* checking re-building of vignette outputs ... OK
* checking PDF version of manual ... OK
* DONE
Status: 1 ERROR
See
‘/home/biocbuild/bbs-3.22-bioc/meat/iPAC.Rcheck/00check.log’
for details.
iPAC.Rcheck/00install.out
############################################################################## ############################################################################## ### ### Running command: ### ### /home/biocbuild/bbs-3.22-bioc/R/bin/R CMD INSTALL iPAC ### ############################################################################## ############################################################################## * installing to library ‘/home/biocbuild/bbs-3.22-bioc/R/site-library’ * installing *source* package ‘iPAC’ ... ** this is package ‘iPAC’ version ‘1.51.1’ ** using staged installation ** R ** data ** inst ** byte-compile and prepare package for lazy loading ** help *** installing help indices ** building package indices ** installing vignettes ** testing if installed package can be loaded from temporary location Warning in fun(libname, pkgname) : Package 'iPAC' is deprecated and will be removed from Bioconductor version 3.22 ** testing if installed package can be loaded from final location Warning in fun(libname, pkgname) : Package 'iPAC' is deprecated and will be removed from Bioconductor version 3.22 ** testing if installed package keeps a record of temporary installation path * DONE (iPAC)
iPAC.Rcheck/iPAC-Ex.timings
| name | user | system | elapsed | |
| ClusterFind | 64.638 | 0.668 | 67.508 | |
| KRAS.Mutations | 0.002 | 0.002 | 0.003 | |
| PIK3CA.Mutations | 0.009 | 0.006 | 0.015 | |
| Plot.Protein.Linear | 1.904 | 0.102 | 3.101 | |
| get.AASeq | 0.140 | 0.002 | 1.029 | |
| get.AlignedPositions | 1.645 | 0.030 | 2.679 | |