| Back to Multiple platform build/check report for BioC 3.22: simplified long |
|
This page was generated on 2025-10-21 12:07 -0400 (Tue, 21 Oct 2025).
| Hostname | OS | Arch (*) | R version | Installed pkgs |
|---|---|---|---|---|
| nebbiolo2 | Linux (Ubuntu 24.04.3 LTS) | x86_64 | 4.5.1 Patched (2025-08-23 r88802) -- "Great Square Root" | 4887 |
| lconway | macOS 12.7.6 Monterey | x86_64 | 4.5.1 Patched (2025-09-10 r88807) -- "Great Square Root" | 4677 |
| kjohnson3 | macOS 13.7.7 Ventura | arm64 | 4.5.1 Patched (2025-09-10 r88807) -- "Great Square Root" | 4622 |
| taishan | Linux (openEuler 24.03 LTS) | aarch64 | 4.5.0 (2025-04-11) -- "How About a Twenty-Six" | 4642 |
| Click on any hostname to see more info about the system (e.g. compilers) (*) as reported by 'uname -p', except on Windows and Mac OS X | ||||
| Package 881/2353 | Hostname | OS / Arch | INSTALL | BUILD | CHECK | BUILD BIN | ||||||||
| ggtreeSpace 1.5.0 (landing page) Guangchuang Yu
| nebbiolo2 | Linux (Ubuntu 24.04.3 LTS) / x86_64 | OK | OK | WARNINGS | |||||||||
| lconway | macOS 12.7.6 Monterey / x86_64 | OK | OK | WARNINGS | OK | |||||||||
| kjohnson3 | macOS 13.7.7 Ventura / arm64 | OK | OK | WARNINGS | OK | |||||||||
| taishan | Linux (openEuler 24.03 LTS) / aarch64 | OK | OK | WARNINGS | ||||||||||
|
To the developers/maintainers of the ggtreeSpace package: - Allow up to 24 hours (and sometimes 48 hours) for your latest push to git@git.bioconductor.org:packages/ggtreeSpace.git to reflect on this report. See Troubleshooting Build Report for more information. - Use the following Renviron settings to reproduce errors and warnings. - If 'R CMD check' started to fail recently on the Linux builder(s) over a missing dependency, add the missing dependency to 'Suggests:' in your DESCRIPTION file. See Renviron.bioc for more information. - See Martin Grigorov's blog post for how to debug Linux ARM64 related issues on a x86_64 host. |
| Package: ggtreeSpace |
| Version: 1.5.0 |
| Command: /home/biocbuild/R/R/bin/R CMD check --install=check:ggtreeSpace.install-out.txt --library=/home/biocbuild/R/R/site-library --no-vignettes --timings ggtreeSpace_1.5.0.tar.gz |
| StartedAt: 2025-10-17 09:39:00 -0000 (Fri, 17 Oct 2025) |
| EndedAt: 2025-10-17 09:40:49 -0000 (Fri, 17 Oct 2025) |
| EllapsedTime: 109.1 seconds |
| RetCode: 0 |
| Status: WARNINGS |
| CheckDir: ggtreeSpace.Rcheck |
| Warnings: 2 |
##############################################################################
##############################################################################
###
### Running command:
###
### /home/biocbuild/R/R/bin/R CMD check --install=check:ggtreeSpace.install-out.txt --library=/home/biocbuild/R/R/site-library --no-vignettes --timings ggtreeSpace_1.5.0.tar.gz
###
##############################################################################
##############################################################################
* using log directory ‘/home/biocbuild/bbs-3.22-bioc/meat/ggtreeSpace.Rcheck’
* using R version 4.5.0 (2025-04-11)
* using platform: aarch64-unknown-linux-gnu
* R was compiled by
aarch64-unknown-linux-gnu-gcc (GCC) 14.2.0
GNU Fortran (GCC) 14.2.0
* running under: openEuler 24.03 (LTS)
* using session charset: UTF-8
* using option ‘--no-vignettes’
* checking for file ‘ggtreeSpace/DESCRIPTION’ ... OK
* this is package ‘ggtreeSpace’ version ‘1.5.0’
* package encoding: UTF-8
* checking package namespace information ... OK
* checking package dependencies ... OK
* checking if this is a source package ... OK
* checking if there is a namespace ... OK
* checking for hidden files and directories ... OK
* checking for portable file names ... OK
* checking for sufficient/correct file permissions ... OK
* checking whether package ‘ggtreeSpace’ can be installed ... OK
* checking installed package size ... OK
* checking package directory ... OK
* checking ‘build’ directory ... OK
* checking DESCRIPTION meta-information ... OK
* checking top-level files ... OK
* checking for left-over files ... OK
* checking index information ... OK
* checking package subdirectories ... OK
* checking code files for non-ASCII characters ... OK
* checking R files for syntax errors ... OK
* checking whether the package can be loaded ... OK
* checking whether the package can be loaded with stated dependencies ... OK
* checking whether the package can be unloaded cleanly ... OK
* checking whether the namespace can be loaded with stated dependencies ... OK
* checking whether the namespace can be unloaded cleanly ... OK
* checking loading without being on the library search path ... OK
* checking dependencies in R code ... OK
* checking S3 generic/method consistency ... WARNING
ggplot_add:
function(object, plot, ...)
ggplot_add.tsheatmap:
function(object, plot, object_name)
ggplot_add:
function(object, plot, ...)
ggplot_add.treespace:
function(object, plot, object_name)
See section ‘Generic functions and methods’ in the ‘Writing R
Extensions’ manual.
* checking replacement functions ... OK
* checking foreign function calls ... OK
* checking R code for possible problems ... NOTE
intern_call: no visible binding for global variable ‘dat’
Undefined global functions or variables:
dat
* checking Rd files ... OK
* checking Rd metadata ... OK
* checking Rd cross-references ... OK
* checking for missing documentation entries ... OK
* checking for code/documentation mismatches ... WARNING
Codoc mismatches from Rd file 'geom_treespace.Rd':
geom_treespace
Code: function(tr, trait, mapping = NULL, ...)
Docs: function(tr, data, mapping = NULL, ...)
Argument names in code not in docs:
trait
Argument names in docs not in code:
data
Mismatches in argument names:
Position: 2 Code: trait Docs: data
Codoc mismatches from Rd file 'ggtreespace.Rd':
ggtreespace
Code: function(tr, trait, mapping = NULL, ...)
Docs: function(tr, data, mapping = NULL, ...)
Argument names in code not in docs:
trait
Argument names in docs not in code:
data
Mismatches in argument names:
Position: 2 Code: trait Docs: data
Codoc mismatches from Rd file 'make_ts_data.Rd':
make_ts_data
Code: function(tr, trait)
Docs: function(tr, data)
Argument names in code not in docs:
trait
Argument names in docs not in code:
data
Mismatches in argument names:
Position: 2 Code: trait Docs: data
* checking Rd \usage sections ... OK
* checking Rd contents ... OK
* checking for unstated dependencies in examples ... OK
* checking files in ‘vignettes’ ... OK
* checking examples ... OK
Examples with CPU (user + system) or elapsed time > 5s
user system elapsed
phylospm 13.269 0.131 13.443
* checking for unstated dependencies in ‘tests’ ... OK
* checking tests ...
Running ‘testthat.R’
OK
* checking for unstated dependencies in vignettes ... OK
* checking package vignettes ... OK
* checking running R code from vignettes ... SKIPPED
* checking re-building of vignette outputs ... SKIPPED
* checking PDF version of manual ... OK
* DONE
Status: 2 WARNINGs, 1 NOTE
See
‘/home/biocbuild/bbs-3.22-bioc/meat/ggtreeSpace.Rcheck/00check.log’
for details.
ggtreeSpace.Rcheck/00install.out
############################################################################## ############################################################################## ### ### Running command: ### ### /home/biocbuild/R/R/bin/R CMD INSTALL ggtreeSpace ### ############################################################################## ############################################################################## * installing to library ‘/home/biocbuild/R/R-4.5.0/site-library’ * installing *source* package ‘ggtreeSpace’ ... ** this is package ‘ggtreeSpace’ version ‘1.5.0’ ** using staged installation ** R ** byte-compile and prepare package for lazy loading ** help *** installing help indices ** building package indices ** installing vignettes ** testing if installed package can be loaded from temporary location ** testing if installed package can be loaded from final location ** testing if installed package keeps a record of temporary installation path * DONE (ggtreeSpace)
ggtreeSpace.Rcheck/tests/testthat.Rout
R version 4.5.0 (2025-04-11) -- "How About a Twenty-Six"
Copyright (C) 2025 The R Foundation for Statistical Computing
Platform: aarch64-unknown-linux-gnu
R is free software and comes with ABSOLUTELY NO WARRANTY.
You are welcome to redistribute it under certain conditions.
Type 'license()' or 'licence()' for distribution details.
R is a collaborative project with many contributors.
Type 'contributors()' for more information and
'citation()' on how to cite R or R packages in publications.
Type 'demo()' for some demos, 'help()' for on-line help, or
'help.start()' for an HTML browser interface to help.
Type 'q()' to quit R.
> library(testthat)
> library(ggtreeSpace)
>
> test_check("ggtreeSpace")
ggtree v3.99.1 Learn more at https://yulab-smu.top/contribution-tree-data/
Please cite:
Shuangbin Xu, Lin Li, Xiao Luo, Meijun Chen, Wenli Tang, Li Zhan, Zehan
Dai, Tommy T. Lam, Yi Guan, Guangchuang Yu. Ggtree: A serialized data
object for visualization of a phylogenetic tree and annotation data.
iMeta 2022, 1(4):e56. doi:10.1002/imt2.56
Loading required package: ape
Attaching package: 'ape'
The following object is masked from 'package:ggtree':
rotate
Loading required package: maps
Attaching package: 'dplyr'
The following object is masked from 'package:ape':
where
The following object is masked from 'package:testthat':
matches
The following objects are masked from 'package:stats':
filter, lag
The following objects are masked from 'package:base':
intersect, setdiff, setequal, union
Joining with `by = join_by(node)`
[ FAIL 0 | WARN 2 | SKIP 0 | PASS 4 ]
[ FAIL 0 | WARN 2 | SKIP 0 | PASS 4 ]
>
> proc.time()
user system elapsed
5.752 0.283 6.035
ggtreeSpace.Rcheck/ggtreeSpace-Ex.timings
| name | user | system | elapsed | |
| geom_treespace | 0.187 | 0.000 | 0.188 | |
| geom_tsheatmap | 1.595 | 0.048 | 1.651 | |
| ggtreespace | 0.743 | 0.032 | 0.778 | |
| make_ts_data | 0.099 | 0.004 | 0.103 | |
| phylospm | 13.269 | 0.131 | 13.443 | |
| theme_treespace | 0.768 | 0.020 | 0.790 | |
| theme_treespace2 | 0.746 | 0.000 | 0.748 | |