Back to Multiple platform build/check report for BioC 3.22:   simplified   long
ABCDEF[G]HIJKLMNOPQRSTUVWXYZ

This page was generated on 2025-10-24 12:07 -0400 (Fri, 24 Oct 2025).

HostnameOSArch (*)R versionInstalled pkgs
nebbiolo2Linux (Ubuntu 24.04.3 LTS)x86_644.5.1 Patched (2025-08-23 r88802) -- "Great Square Root" 4898
lconwaymacOS 12.7.6 Montereyx86_644.5.1 Patched (2025-09-10 r88807) -- "Great Square Root" 4688
kjohnson3macOS 13.7.7 Venturaarm644.5.1 Patched (2025-09-10 r88807) -- "Great Square Root" 4634
taishanLinux (openEuler 24.03 LTS)aarch644.5.0 (2025-04-11) -- "How About a Twenty-Six" 4658
Click on any hostname to see more info about the system (e.g. compilers)      (*) as reported by 'uname -p', except on Windows and Mac OS X

Package 874/2359HostnameOS / ArchINSTALLBUILDCHECKBUILD BIN
ggkegg 1.7.2  (landing page)
Noriaki Sato
Snapshot Date: 2025-10-23 14:17 -0400 (Thu, 23 Oct 2025)
git_url: https://git.bioconductor.org/packages/ggkegg
git_branch: devel
git_last_commit: 9668270
git_last_commit_date: 2025-09-29 23:09:00 -0400 (Mon, 29 Sep 2025)
nebbiolo2Linux (Ubuntu 24.04.3 LTS) / x86_64  OK    OK    OK  UNNEEDED, same version is already published
lconwaymacOS 12.7.6 Monterey / x86_64  OK    OK    OK    OK  UNNEEDED, same version is already published
kjohnson3macOS 13.7.7 Ventura / arm64  OK    OK    OK    OK  UNNEEDED, same version is already published
taishanLinux (openEuler 24.03 LTS) / aarch64  OK    ERROR  skipped


BUILD results for ggkegg on taishan

To the developers/maintainers of the ggkegg package:
- Allow up to 24 hours (and sometimes 48 hours) for your latest push to git@git.bioconductor.org:packages/ggkegg.git to reflect on this report. See Troubleshooting Build Report for more information.
- Use the following Renviron settings to reproduce errors and warnings.
- If 'R CMD check' started to fail recently on the Linux builder(s) over a missing dependency, add the missing dependency to 'Suggests:' in your DESCRIPTION file. See Renviron.bioc for more information.
- See Martin Grigorov's blog post for how to debug Linux ARM64 related issues on a x86_64 host.

raw results


Summary

Package: ggkegg
Version: 1.7.2
Command: /home/biocbuild/R/R/bin/R CMD build --keep-empty-dirs --no-resave-data ggkegg
StartedAt: 2025-10-21 00:05:49 -0000 (Tue, 21 Oct 2025)
EndedAt: 2025-10-21 00:08:45 -0000 (Tue, 21 Oct 2025)
EllapsedTime: 176.1 seconds
RetCode: 1
Status:   ERROR  
PackageFile: None
PackageFileSize: NA

Command output

##############################################################################
##############################################################################
###
### Running command:
###
###   /home/biocbuild/R/R/bin/R CMD build --keep-empty-dirs --no-resave-data ggkegg
###
##############################################################################
##############################################################################


* checking for file ‘ggkegg/DESCRIPTION’ ... OK
* preparing ‘ggkegg’:
* checking DESCRIPTION meta-information ... OK
* installing the package to build vignettes
* creating vignettes ... ERROR
--- re-building ‘usage_of_ggkegg.Rmd’ using rmarkdown
trying URL 'https://rest.kegg.jp/get/bpsp00270/kgml'

Quitting from usage_of_ggkegg.Rmd:193-196 [ggkegg]
~~~~~~~~~~~~~~~~~~~~~~~~~~~~~~~~~~~~~~~~~~~~~~~~~~~~~~~~~~~~~~~~~~~~~~~~~~~~~~~~
<error/rlang_error>
Error in `download.file()`:
! cannot open URL 'https://rest.kegg.jp/get/bpsp00270/kgml'
---
Backtrace:
    ▆
 1. └─ggkegg::ggkegg("bpsp00270")
 2.   └─ggkegg::pathway(...)
 3.     └─utils::download.file(...)
~~~~~~~~~~~~~~~~~~~~~~~~~~~~~~~~~~~~~~~~~~~~~~~~~~~~~~~~~~~~~~~~~~~~~~~~~~~~~~~~

Error: processing vignette 'usage_of_ggkegg.Rmd' failed with diagnostics:
cannot open URL 'https://rest.kegg.jp/get/bpsp00270/kgml'
--- failed re-building ‘usage_of_ggkegg.Rmd’

SUMMARY: processing the following file failed:
  ‘usage_of_ggkegg.Rmd’

Error: Vignette re-building failed.
Execution halted