Back to Multiple platform build/check report for BioC 3.22:   simplified   long
ABCDEF[G]HIJKLMNOPQRSTUVWXYZ

This page was generated on 2025-11-20 12:04 -0500 (Thu, 20 Nov 2025).

HostnameOSArch (*)R versionInstalled pkgs
nebbiolo2Linux (Ubuntu 24.04.3 LTS)x86_644.5.2 (2025-10-31) -- "[Not] Part in a Rumble" 4615
merida1macOS 12.7.6 Montereyx86_644.5.2 Patched (2025-11-05 r88990) -- "[Not] Part in a Rumble" 4610
kjohnson1macOS 13.7.5 Venturaarm644.5.2 Patched (2025-11-04 r88984) -- "[Not] Part in a Rumble" 4598
taishanLinux (openEuler 24.03 LTS)aarch644.5.0 (2025-04-11) -- "How About a Twenty-Six" 4668
Click on any hostname to see more info about the system (e.g. compilers)      (*) as reported by 'uname -p', except on Windows and Mac OS X

Package 803/2361HostnameOS / ArchINSTALLBUILDCHECKBUILD BIN
gDRcore 1.8.0  (landing page)
Arkadiusz Gladki
Snapshot Date: 2025-11-17 13:45 -0500 (Mon, 17 Nov 2025)
git_url: https://git.bioconductor.org/packages/gDRcore
git_branch: RELEASE_3_22
git_last_commit: 632e500
git_last_commit_date: 2025-10-29 11:24:07 -0500 (Wed, 29 Oct 2025)
nebbiolo2Linux (Ubuntu 24.04.3 LTS) / x86_64  OK    OK    WARNINGS  UNNEEDED, same version is already published
merida1macOS 12.7.6 Monterey / x86_64  OK    OK    WARNINGS    OK  UNNEEDED, same version is already published
kjohnson1macOS 13.7.5 Ventura / arm64  OK    OK    WARNINGS    OK  UNNEEDED, same version is already published
taishanLinux (openEuler 24.03 LTS) / aarch64  OK    OK    WARNINGS  


CHECK results for gDRcore on merida1

To the developers/maintainers of the gDRcore package:
- Allow up to 24 hours (and sometimes 48 hours) for your latest push to git@git.bioconductor.org:packages/gDRcore.git to reflect on this report. See Troubleshooting Build Report for more information.
- Use the following Renviron settings to reproduce errors and warnings.
- If 'R CMD check' started to fail recently on the Linux builder(s) over a missing dependency, add the missing dependency to 'Suggests:' in your DESCRIPTION file. See Renviron.bioc for more information.

raw results


Summary

Package: gDRcore
Version: 1.8.0
Command: /Library/Frameworks/R.framework/Resources/bin/R CMD check --install=check:gDRcore.install-out.txt --library=/Library/Frameworks/R.framework/Resources/library --no-vignettes --timings gDRcore_1.8.0.tar.gz
StartedAt: 2025-11-18 07:50:28 -0500 (Tue, 18 Nov 2025)
EndedAt: 2025-11-18 08:03:39 -0500 (Tue, 18 Nov 2025)
EllapsedTime: 790.7 seconds
RetCode: 0
Status:   WARNINGS  
CheckDir: gDRcore.Rcheck
Warnings: 1

Command output

##############################################################################
##############################################################################
###
### Running command:
###
###   /Library/Frameworks/R.framework/Resources/bin/R CMD check --install=check:gDRcore.install-out.txt --library=/Library/Frameworks/R.framework/Resources/library --no-vignettes --timings gDRcore_1.8.0.tar.gz
###
##############################################################################
##############################################################################


* using log directory ‘/Users/biocbuild/bbs-3.22-bioc/meat/gDRcore.Rcheck’
* using R version 4.5.2 Patched (2025-11-05 r88990)
* using platform: x86_64-apple-darwin20
* R was compiled by
    Apple clang version 14.0.0 (clang-1400.0.29.202)
    GNU Fortran (GCC) 14.2.0
* running under: macOS Monterey 12.7.6
* using session charset: UTF-8
* using option ‘--no-vignettes’
* checking for file ‘gDRcore/DESCRIPTION’ ... OK
* checking extension type ... Package
* this is package ‘gDRcore’ version ‘1.8.0’
* package encoding: UTF-8
* checking package namespace information ... OK
* checking package dependencies ... OK
* checking if this is a source package ... OK
* checking if there is a namespace ... OK
* checking for hidden files and directories ... OK
* checking for portable file names ... OK
* checking for sufficient/correct file permissions ... OK
* checking whether package ‘gDRcore’ can be installed ... WARNING
Found the following significant warnings:
  Warning: stack imbalance in '::', 33 then 34
  Warning: stack imbalance in 'sprintf', 29 then 30
  Warning: stack imbalance in '<-', 25 then 26
See ‘/Users/biocbuild/bbs-3.22-bioc/meat/gDRcore.Rcheck/00install.out’ for details.
* used C++ compiler: ‘Apple clang version 14.0.0 (clang-1400.0.29.202)’
* used SDK: ‘MacOSX11.3.1.sdk’
* checking installed package size ... OK
* checking package directory ... OK
* checking ‘build’ directory ... OK
* checking DESCRIPTION meta-information ... OK
* checking top-level files ... OK
* checking for left-over files ... OK
* checking index information ... OK
* checking package subdirectories ... OK
* checking code files for non-ASCII characters ... OK
* checking R files for syntax errors ... OK
* checking whether the package can be loaded ... OK
* checking whether the package can be loaded with stated dependencies ... OK
* checking whether the package can be unloaded cleanly ... OK
* checking whether the namespace can be loaded with stated dependencies ... OK
* checking whether the namespace can be unloaded cleanly ... OK
* checking whether startup messages can be suppressed ... OK
* checking dependencies in R code ... OK
* checking S3 generic/method consistency ... OK
* checking replacement functions ... OK
* checking foreign function calls ... OK
* checking R code for possible problems ... NOTE
fit_SE.combinations : <anonymous>: no visible binding for global
  variable ‘hsa_score’
fit_SE.combinations : <anonymous>: no visible binding for global
  variable ‘bliss_score’
Undefined global functions or variables:
  bliss_score hsa_score
* checking Rd files ... OK
* checking Rd metadata ... OK
* checking Rd cross-references ... NOTE
Found the following Rd file(s) with Rd \link{} targets missing package
anchors:
  fit_SE.combinations.Rd: SummarizedExperiment-class
  runDrugResponseProcessingPipelineFxns.Rd: SummarizedExperiment-class
Please provide package anchors for all Rd \link{} targets not in the
package itself and the base packages.
* checking for missing documentation entries ... OK
* checking for code/documentation mismatches ... OK
* checking Rd \usage sections ... OK
* checking Rd contents ... OK
* checking for unstated dependencies in examples ... OK
* checking line endings in C/C++/Fortran sources/headers ... OK
* checking compiled code ... NOTE
Note: information on .o files is not available
File ‘gDRcore/libs/gDRcore.so’:
  Found non-API call to R: ‘STRING_PTR’

Compiled code should not call non-API entry points in R.

See ‘Writing portable packages’ in the ‘Writing R Extensions’ manual,
and section ‘Moving into C API compliance’ for issues with the use of
non-API entry points.
* checking files in ‘vignettes’ ... OK
* checking examples ... OK
Examples with CPU (user + system) or elapsed time > 5s
                                        user system elapsed
runDrugResponseProcessingPipelineFxns 44.804  1.114  48.938
annotate_dt_with_cell_line            10.749  0.562  12.323
fit_SE.combinations                    6.912  0.194   7.349
merge_data                             4.392  0.276   5.068
* checking for unstated dependencies in ‘tests’ ... OK
* checking tests ...
  Running ‘testthat.R’
 OK
* checking for unstated dependencies in vignettes ... OK
* checking package vignettes ... OK
* checking running R code from vignettes ... SKIPPED
* checking re-building of vignette outputs ... SKIPPED
* checking PDF version of manual ... OK
* DONE

Status: 1 WARNING, 3 NOTEs
See
  ‘/Users/biocbuild/bbs-3.22-bioc/meat/gDRcore.Rcheck/00check.log’
for details.


Installation output

gDRcore.Rcheck/00install.out

##############################################################################
##############################################################################
###
### Running command:
###
###   /Library/Frameworks/R.framework/Resources/bin/R CMD INSTALL gDRcore
###
##############################################################################
##############################################################################


* installing to library ‘/Library/Frameworks/R.framework/Versions/4.5-x86_64/Resources/library’
* installing *source* package ‘gDRcore’ ...
** this is package ‘gDRcore’ version ‘1.8.0’
** using staged installation
** libs
using C++ compiler: ‘Apple clang version 14.0.0 (clang-1400.0.29.202)’
using SDK: ‘MacOSX11.3.1.sdk’
clang++ -arch x86_64 -std=gnu++17 -I"/Library/Frameworks/R.framework/Resources/include" -DNDEBUG   -I/opt/R/x86_64/include    -fPIC  -falign-functions=64 -Wall -g -O2   -c gDRcore.cpp -o gDRcore.o
clang++ -arch x86_64 -std=gnu++17 -dynamiclib -Wl,-headerpad_max_install_names -undefined dynamic_lookup -L/Library/Frameworks/R.framework/Resources/lib -L/opt/R/x86_64/lib -o gDRcore.so gDRcore.o -F/Library/Frameworks/R.framework/.. -framework R
installing to /Library/Frameworks/R.framework/Versions/4.5-x86_64/Resources/library/00LOCK-gDRcore/00new/gDRcore/libs
** R
** inst
** byte-compile and prepare package for lazy loading
Warning: stack imbalance in '::', 33 then 34
Warning: stack imbalance in 'sprintf', 29 then 30
Warning: stack imbalance in '<-', 25 then 26
** help
*** installing help indices
** building package indices
** installing vignettes
** testing if installed package can be loaded from temporary location
** checking absolute paths in shared objects and dynamic libraries
** testing if installed package can be loaded from final location
** testing if installed package keeps a record of temporary installation path
* DONE (gDRcore)

Tests output

gDRcore.Rcheck/tests/testthat.Rout


R version 4.5.2 Patched (2025-11-05 r88990) -- "[Not] Part in a Rumble"
Copyright (C) 2025 The R Foundation for Statistical Computing
Platform: x86_64-apple-darwin20

R is free software and comes with ABSOLUTELY NO WARRANTY.
You are welcome to redistribute it under certain conditions.
Type 'license()' or 'licence()' for distribution details.

R is a collaborative project with many contributors.
Type 'contributors()' for more information and
'citation()' on how to cite R or R packages in publications.

Type 'demo()' for some demos, 'help()' for on-line help, or
'help.start()' for an HTML browser interface to help.
Type 'q()' to quit R.

> library("gDRcore")
> library("testthat")
> 
> test_check("gDRcore")
Warning: stack imbalance in '<-', 77 then 78
Warning: stack imbalance in '{', 73 then 74
INFO [2025-11-18 07:57:12] 
INFO [2025-11-18 07:57:12] 
INFO [2025-11-18 07:57:14] 
INFO [2025-11-18 07:57:14] 
INFO [2025-11-18 08:02:53] 
INFO [2025-11-18 08:02:53] 
INFO [2025-11-18 08:02:53] 
INFO [2025-11-18 08:02:53] Manifest loaded successfully
INFO [2025-11-18 08:02:53] Reading Template_7daytreated.xlsx with load_templates_xlsx
INFO [2025-11-18 08:02:53] Loading Template_7daytreated.xlsx
INFO [2025-11-18 08:02:54] Loading Template_Untreated.xlsx
INFO [2025-11-18 08:02:54] Templates loaded successfully!
INFO [2025-11-18 08:02:54] Reading file /Library/Frameworks/R.framework/Versions/4.5-x86_64/Resources/library/gDRimport/extdata/data1/RawData_day0.xlsx, sheet Readout_0077vs0068_day7
INFO [2025-11-18 08:02:55] Plate 201904190a read; 384 wells
INFO [2025-11-18 08:02:55] Plate 201904190b read; 384 wells
INFO [2025-11-18 08:02:55] Plate 201904190c read; 384 wells
INFO [2025-11-18 08:02:55] Plate 201904190d read; 384 wells
INFO [2025-11-18 08:02:55] Plate 201904190e read; 384 wells
INFO [2025-11-18 08:02:55] Plate 201904190f read; 384 wells
INFO [2025-11-18 08:02:55] File done
INFO [2025-11-18 08:02:55] Reading file /Library/Frameworks/R.framework/Versions/4.5-x86_64/Resources/library/gDRimport/extdata/data1/RawData_day7.xlsx, sheet Readout_0077vs0068_day7
INFO [2025-11-18 08:02:56] Plate 201904197a read; 384 wells
INFO [2025-11-18 08:02:56] Plate 201904197b read; 384 wells
INFO [2025-11-18 08:02:56] Plate 201904197c read; 384 wells
INFO [2025-11-18 08:02:56] Plate 201904197d read; 384 wells
INFO [2025-11-18 08:02:56] Plate 201904197e read; 384 wells
INFO [2025-11-18 08:02:56] Plate 201904197f read; 384 wells
INFO [2025-11-18 08:02:56] File done
INFO [2025-11-18 08:02:57] Manifest loaded successfully
INFO [2025-11-18 08:02:57] Reading Template_7daytreated.xlsx with load_templates_xlsx
INFO [2025-11-18 08:02:57] Loading Template_7daytreated.xlsx
INFO [2025-11-18 08:02:57] Loading Template_Untreated.xlsx
INFO [2025-11-18 08:02:57] Templates loaded successfully!
INFO [2025-11-18 08:02:58] Reading file /Library/Frameworks/R.framework/Versions/4.5-x86_64/Resources/library/gDRimport/extdata/data1/RawData_day0.xlsx, sheet Readout_0077vs0068_day7
INFO [2025-11-18 08:02:59] Plate 201904190a read; 384 wells
INFO [2025-11-18 08:02:59] Plate 201904190b read; 384 wells
INFO [2025-11-18 08:02:59] Plate 201904190c read; 384 wells
INFO [2025-11-18 08:02:59] Plate 201904190d read; 384 wells
INFO [2025-11-18 08:02:59] Plate 201904190e read; 384 wells
INFO [2025-11-18 08:02:59] Plate 201904190f read; 384 wells
INFO [2025-11-18 08:02:59] File done
INFO [2025-11-18 08:02:59] Reading file /Library/Frameworks/R.framework/Versions/4.5-x86_64/Resources/library/gDRimport/extdata/data1/RawData_day7.xlsx, sheet Readout_0077vs0068_day7
INFO [2025-11-18 08:03:00] Plate 201904197a read; 384 wells
INFO [2025-11-18 08:03:00] Plate 201904197b read; 384 wells
INFO [2025-11-18 08:03:00] Plate 201904197c read; 384 wells
INFO [2025-11-18 08:03:00] Plate 201904197d read; 384 wells
INFO [2025-11-18 08:03:00] Plate 201904197e read; 384 wells
INFO [2025-11-18 08:03:00] Plate 201904197f read; 384 wells
INFO [2025-11-18 08:03:00] File done
[ FAIL 0 | WARN 0 | SKIP 0 | PASS 235 ]
> 
> proc.time()
   user  system elapsed 
514.998   6.460 560.528 

Example timings

gDRcore.Rcheck/gDRcore-Ex.timings

nameusersystemelapsed
annotate_dt_with_cell_line10.749 0.56212.323
annotate_dt_with_drug0.0490.0570.111
annotate_mae_with_cell_line1.9750.1512.240
annotate_mae_with_drug0.3940.0730.498
annotate_se_with_cell_line0.0790.0580.146
annotate_se_with_drug0.0640.0570.129
calculate_GR_value0.0040.0020.007
calculate_excess0.0820.0020.093
calculate_matrix_metric0.0390.0170.056
calculate_score0.0710.0020.074
cleanup_metadata0.7360.1870.973
convert_mae_to_raw_data1.5150.1451.763
convert_se_to_raw_data0.1970.0070.214
data_model0.0020.0010.002
fit_SE.combinations6.9120.1947.349
get_cell_line_annotation0.0310.0530.089
get_cellline_annotation_from_dt0.0290.0010.031
get_default_nested_identifiers0.0010.0010.004
get_drug_annotation0.0310.0530.088
get_drug_annotation_from_dt0.0090.0010.011
grr_matches0.0290.0020.032
identify_data_type0.0900.0030.096
identify_keys0.4890.0060.509
map_df0.5510.0200.600
map_ids_to_fits0.0030.0000.004
merge_data4.3920.2765.068
prepare_input3.3290.2263.580
process_perturbations0.0140.0010.015
replace_conc_with_standardized_conc0.0020.0000.002
runDrugResponseProcessingPipelineFxns44.804 1.11448.938
split_raw_data0.6310.0260.672
test_synthetic_data1.8970.0292.024