Back to Multiple platform build/check report for BioC 3.22:   simplified   long
ABCDE[F]GHIJKLMNOPQRSTUVWXYZ

This page was generated on 2025-11-20 12:06 -0500 (Thu, 20 Nov 2025).

HostnameOSArch (*)R versionInstalled pkgs
nebbiolo2Linux (Ubuntu 24.04.3 LTS)x86_644.5.2 (2025-10-31) -- "[Not] Part in a Rumble" 4615
merida1macOS 12.7.6 Montereyx86_644.5.2 Patched (2025-11-05 r88990) -- "[Not] Part in a Rumble" 4610
kjohnson1macOS 13.7.5 Venturaarm644.5.2 Patched (2025-11-04 r88984) -- "[Not] Part in a Rumble" 4598
taishanLinux (openEuler 24.03 LTS)aarch644.5.0 (2025-04-11) -- "How About a Twenty-Six" 4668
Click on any hostname to see more info about the system (e.g. compilers)      (*) as reported by 'uname -p', except on Windows and Mac OS X

Package 782/2361HostnameOS / ArchINSTALLBUILDCHECKBUILD BIN
funtooNorm 1.34.0  (landing page)
Kathleen Klein
Snapshot Date: 2025-11-17 13:45 -0500 (Mon, 17 Nov 2025)
git_url: https://git.bioconductor.org/packages/funtooNorm
git_branch: RELEASE_3_22
git_last_commit: c99650b
git_last_commit_date: 2025-10-29 10:36:21 -0500 (Wed, 29 Oct 2025)
nebbiolo2Linux (Ubuntu 24.04.3 LTS) / x86_64  OK    OK    WARNINGS  UNNEEDED, same version is already published
merida1macOS 12.7.6 Monterey / x86_64  OK    OK    WARNINGS    OK  UNNEEDED, same version is already published
kjohnson1macOS 13.7.5 Ventura / arm64  OK    OK    WARNINGS    OK  UNNEEDED, same version is already published
taishanLinux (openEuler 24.03 LTS) / aarch64  OK    OK    WARNINGS  


CHECK results for funtooNorm on kjohnson1

To the developers/maintainers of the funtooNorm package:
- Allow up to 24 hours (and sometimes 48 hours) for your latest push to git@git.bioconductor.org:packages/funtooNorm.git to reflect on this report. See Troubleshooting Build Report for more information.
- Use the following Renviron settings to reproduce errors and warnings.
- If 'R CMD check' started to fail recently on the Linux builder(s) over a missing dependency, add the missing dependency to 'Suggests:' in your DESCRIPTION file. See Renviron.bioc for more information.

raw results


Summary

Package: funtooNorm
Version: 1.34.0
Command: /Library/Frameworks/R.framework/Resources/bin/R CMD check --install=check:funtooNorm.install-out.txt --library=/Library/Frameworks/R.framework/Resources/library --no-vignettes --timings funtooNorm_1.34.0.tar.gz
StartedAt: 2025-11-18 06:36:12 -0500 (Tue, 18 Nov 2025)
EndedAt: 2025-11-18 06:39:31 -0500 (Tue, 18 Nov 2025)
EllapsedTime: 198.6 seconds
RetCode: 0
Status:   WARNINGS  
CheckDir: funtooNorm.Rcheck
Warnings: 2

Command output

##############################################################################
##############################################################################
###
### Running command:
###
###   /Library/Frameworks/R.framework/Resources/bin/R CMD check --install=check:funtooNorm.install-out.txt --library=/Library/Frameworks/R.framework/Resources/library --no-vignettes --timings funtooNorm_1.34.0.tar.gz
###
##############################################################################
##############################################################################


* using log directory ‘/Users/biocbuild/bbs-3.22-bioc/meat/funtooNorm.Rcheck’
* using R version 4.5.2 Patched (2025-11-04 r88984)
* using platform: aarch64-apple-darwin20
* R was compiled by
    Apple clang version 16.0.0 (clang-1600.0.26.6)
    GNU Fortran (GCC) 14.2.0
* running under: macOS Ventura 13.7.8
* using session charset: UTF-8
* using option ‘--no-vignettes’
* checking for file ‘funtooNorm/DESCRIPTION’ ... OK
* checking extension type ... Package
* this is package ‘funtooNorm’ version ‘1.34.0’
* checking package namespace information ... OK
* checking package dependencies ... OK
* checking if this is a source package ... OK
* checking if there is a namespace ... OK
* checking for hidden files and directories ... OK
* checking for portable file names ... OK
* checking for sufficient/correct file permissions ... OK
* checking whether package ‘funtooNorm’ can be installed ... OK
* checking installed package size ... OK
* checking package directory ... OK
* checking DESCRIPTION meta-information ... OK
* checking top-level files ... OK
* checking for left-over files ... OK
* checking index information ... OK
* checking package subdirectories ... OK
* checking code files for non-ASCII characters ... OK
* checking R files for syntax errors ... OK
* checking whether the package can be loaded ... OK
* checking whether the package can be loaded with stated dependencies ... OK
* checking whether the package can be unloaded cleanly ... OK
* checking whether the namespace can be loaded with stated dependencies ... OK
* checking whether the namespace can be unloaded cleanly ... OK
* checking dependencies in R code ... OK
* checking S3 generic/method consistency ... OK
* checking replacement functions ... OK
* checking foreign function calls ... OK
* checking R code for possible problems ... OK
* checking Rd files ... NOTE
checkRd: (-1) fromRGChannelSet.Rd:5: Lost braces; missing escapes or markup?
     5 | \title{Creates an object of class SampleSet from a RGChannelSet {minfi}}
       |                                                                 ^
* checking Rd metadata ... OK
* checking Rd cross-references ... OK
* checking for missing documentation entries ... OK
* checking for code/documentation mismatches ... OK
* checking Rd \usage sections ... WARNING
Documented arguments not in \usage in Rd file 'show-SampleSet-method.Rd':
  ‘...’

Functions with \usage entries need to have the appropriate \alias
entries, and all their arguments documented.
The \usage entries must correspond to syntactically valid R code.
See chapter ‘Writing R documentation files’ in the ‘Writing R
Extensions’ manual.
* checking Rd contents ... OK
* checking for unstated dependencies in examples ... OK
* checking R/sysdata.rda ... OK
* checking files in ‘vignettes’ ... WARNING
Files in the 'vignettes' directory but no files in 'inst/doc':
  ‘MyEndnoteLibrary.bib’ ‘funtooNorm.Rmd’ ‘funtooNorm.pdf’
  ‘validationcurvesPCRlow.jpg’
Files named as vignettes but with no recognized vignette engine:
   ‘vignettes/funtooNorm.Rmd’
(Is a VignetteBuilder field missing?)
* checking examples ... OK
Examples with CPU (user + system) or elapsed time > 5s
                     user system elapsed
getNormBeta         8.869  0.370  10.986
funtooNorm          8.342  0.341  10.342
getNormM            8.178  0.319   9.767
getSnpM             7.602  0.308   9.082
plotValidationGraph 6.085  0.203   7.062
fromRGChannelSet    5.478  0.183   6.305
* checking package vignettes ... NOTE
Package has ‘vignettes’ subdirectory but apparently no vignettes.
Perhaps the ‘VignetteBuilder’ information is missing from the
DESCRIPTION file?
* checking PDF version of manual ... OK
* DONE

Status: 2 WARNINGs, 2 NOTEs
See
  ‘/Users/biocbuild/bbs-3.22-bioc/meat/funtooNorm.Rcheck/00check.log’
for details.


Installation output

funtooNorm.Rcheck/00install.out

##############################################################################
##############################################################################
###
### Running command:
###
###   /Library/Frameworks/R.framework/Resources/bin/R CMD INSTALL funtooNorm
###
##############################################################################
##############################################################################


* installing to library ‘/Library/Frameworks/R.framework/Versions/4.5-arm64/Resources/library’
* installing *source* package ‘funtooNorm’ ...
** this is package ‘funtooNorm’ version ‘1.34.0’
** using staged installation
** R
** inst
** byte-compile and prepare package for lazy loading
** help
*** installing help indices
** building package indices
** installing vignettes
** testing if installed package can be loaded from temporary location
** testing if installed package can be loaded from final location
** testing if installed package keeps a record of temporary installation path
* DONE (funtooNorm)

Tests output


Example timings

funtooNorm.Rcheck/funtooNorm-Ex.timings

nameusersystemelapsed
SampleSet-class000
agreement0.0010.0000.010
fromRGChannelSet5.4780.1836.305
funtooNorm 8.342 0.34110.342
getGRanges2.6440.1573.242
getNormBeta 8.869 0.37010.986
getNormM8.1780.3199.767
getRawBeta2.1270.1472.693
getSnpM7.6020.3089.082
plotValidationGraph6.0850.2037.062
show-SampleSet-method2.2640.1272.660