| Back to Multiple platform build/check report for BioC 3.22: simplified long |
|
This page was generated on 2025-10-24 12:03 -0400 (Fri, 24 Oct 2025).
| Hostname | OS | Arch (*) | R version | Installed pkgs |
|---|---|---|---|---|
| nebbiolo2 | Linux (Ubuntu 24.04.3 LTS) | x86_64 | 4.5.1 Patched (2025-08-23 r88802) -- "Great Square Root" | 4898 |
| lconway | macOS 12.7.6 Monterey | x86_64 | 4.5.1 Patched (2025-09-10 r88807) -- "Great Square Root" | 4688 |
| kjohnson3 | macOS 13.7.7 Ventura | arm64 | 4.5.1 Patched (2025-09-10 r88807) -- "Great Square Root" | 4634 |
| taishan | Linux (openEuler 24.03 LTS) | aarch64 | 4.5.0 (2025-04-11) -- "How About a Twenty-Six" | 4658 |
| Click on any hostname to see more info about the system (e.g. compilers) (*) as reported by 'uname -p', except on Windows and Mac OS X | ||||
| Package 687/2359 | Hostname | OS / Arch | INSTALL | BUILD | CHECK | BUILD BIN | ||||||||
| epistasisGA 1.11.2 (landing page) Michael Nodzenski
| nebbiolo2 | Linux (Ubuntu 24.04.3 LTS) / x86_64 | OK | OK | WARNINGS | |||||||||
| lconway | macOS 12.7.6 Monterey / x86_64 | OK | OK | WARNINGS | OK | |||||||||
| kjohnson3 | macOS 13.7.7 Ventura / arm64 | OK | OK | WARNINGS | OK | |||||||||
| taishan | Linux (openEuler 24.03 LTS) / aarch64 | OK | OK | NA | ||||||||||
|
To the developers/maintainers of the epistasisGA package: - Allow up to 24 hours (and sometimes 48 hours) for your latest push to git@git.bioconductor.org:packages/epistasisGA.git to reflect on this report. See Troubleshooting Build Report for more information. - Use the following Renviron settings to reproduce errors and warnings. - If 'R CMD check' started to fail recently on the Linux builder(s) over a missing dependency, add the missing dependency to 'Suggests:' in your DESCRIPTION file. See Renviron.bioc for more information. |
| Package: epistasisGA |
| Version: 1.11.2 |
| Command: /home/biocbuild/bbs-3.22-bioc/R/bin/R CMD check --install=check:epistasisGA.install-out.txt --library=/home/biocbuild/bbs-3.22-bioc/R/site-library --timings epistasisGA_1.11.2.tar.gz |
| StartedAt: 2025-10-23 23:22:48 -0400 (Thu, 23 Oct 2025) |
| EndedAt: 2025-10-23 23:29:02 -0400 (Thu, 23 Oct 2025) |
| EllapsedTime: 374.4 seconds |
| RetCode: 0 |
| Status: WARNINGS |
| CheckDir: epistasisGA.Rcheck |
| Warnings: 1 |
##############################################################################
##############################################################################
###
### Running command:
###
### /home/biocbuild/bbs-3.22-bioc/R/bin/R CMD check --install=check:epistasisGA.install-out.txt --library=/home/biocbuild/bbs-3.22-bioc/R/site-library --timings epistasisGA_1.11.2.tar.gz
###
##############################################################################
##############################################################################
* using log directory ‘/home/biocbuild/bbs-3.22-bioc/meat/epistasisGA.Rcheck’
* using R version 4.5.1 Patched (2025-08-23 r88802)
* using platform: x86_64-pc-linux-gnu
* R was compiled by
gcc (Ubuntu 13.3.0-6ubuntu2~24.04) 13.3.0
GNU Fortran (Ubuntu 13.3.0-6ubuntu2~24.04) 13.3.0
* running under: Ubuntu 24.04.3 LTS
* using session charset: UTF-8
* checking for file ‘epistasisGA/DESCRIPTION’ ... OK
* checking extension type ... Package
* this is package ‘epistasisGA’ version ‘1.11.2’
* package encoding: UTF-8
* checking package namespace information ... OK
* checking package dependencies ... OK
* checking if this is a source package ... OK
* checking if there is a namespace ... OK
* checking for hidden files and directories ... OK
* checking for portable file names ... OK
* checking for sufficient/correct file permissions ... OK
* checking whether package ‘epistasisGA’ can be installed ... WARNING
Found the following significant warnings:
epistasisGA.cpp:970:26: warning: ‘bool arma::is_finite(eT, const typename arma_scalar_only<eT>::result*) [with eT = double; typename arma_scalar_only<eT>::result = double]’ is deprecated: change arma::is_finite(val) to std::isfinite(val) [-Wdeprecated-declarations]
epistasisGA.cpp:970:63: warning: ‘bool arma::is_finite(eT, const typename arma_scalar_only<eT>::result*) [with eT = double; typename arma_scalar_only<eT>::result = double]’ is deprecated: change arma::is_finite(val) to std::isfinite(val) [-Wdeprecated-declarations]
epistasisGA.cpp:1045:77: warning: ‘bool arma::is_finite(eT, const typename arma_scalar_only<eT>::result*) [with eT = double; typename arma_scalar_only<eT>::result = double]’ is deprecated: change arma::is_finite(val) to std::isfinite(val) [-Wdeprecated-declarations]
epistasisGA.cpp:1399:64: warning: ‘bool arma::is_finite(eT, const typename arma_scalar_only<eT>::result*) [with eT = double; typename arma_scalar_only<eT>::result = double]’ is deprecated: change arma::is_finite(val) to std::isfinite(val) [-Wdeprecated-declarations]
See ‘/home/biocbuild/bbs-3.22-bioc/meat/epistasisGA.Rcheck/00install.out’ for details.
* used C++ compiler: ‘g++ (Ubuntu 13.3.0-6ubuntu2~24.04) 13.3.0’
* checking installed package size ... INFO
installed size is 8.8Mb
sub-directories of 1Mb or more:
libs 8.4Mb
* checking package directory ... OK
* checking ‘build’ directory ... OK
* checking DESCRIPTION meta-information ... OK
* checking top-level files ... OK
* checking for left-over files ... OK
* checking index information ... OK
* checking package subdirectories ... OK
* checking code files for non-ASCII characters ... OK
* checking R files for syntax errors ... OK
* checking whether the package can be loaded ... OK
* checking whether the package can be loaded with stated dependencies ... OK
* checking whether the package can be unloaded cleanly ... OK
* checking whether the namespace can be loaded with stated dependencies ... OK
* checking whether the namespace can be unloaded cleanly ... OK
* checking loading without being on the library search path ... OK
* checking dependencies in R code ... OK
* checking S3 generic/method consistency ... OK
* checking replacement functions ... OK
* checking foreign function calls ... OK
* checking R code for possible problems ... OK
* checking Rd files ... OK
* checking Rd metadata ... OK
* checking Rd cross-references ... OK
* checking for missing documentation entries ... OK
* checking for code/documentation mismatches ... OK
* checking Rd \usage sections ... OK
* checking Rd contents ... OK
* checking for unstated dependencies in examples ... OK
* checking contents of ‘data’ directory ... OK
* checking data for non-ASCII characters ... OK
* checking data for ASCII and uncompressed saves ... OK
* checking line endings in C/C++/Fortran sources/headers ... OK
* checking line endings in Makefiles ... OK
* checking compilation flags in Makevars ... OK
* checking for GNU extensions in Makefiles ... OK
* checking for portable use of $(BLAS_LIBS) and $(LAPACK_LIBS) ... OK
* checking use of PKG_*FLAGS in Makefiles ... OK
* checking compiled code ... NOTE
Note: information on .o files is not available
* checking files in ‘vignettes’ ... OK
* checking examples ... OK
Examples with CPU (user + system) or elapsed time > 5s
user system elapsed
network.plot 46.977 1.762 41.698
compute.graphical.scores 26.071 1.071 17.611
GxE.test 12.226 0.883 12.203
epistasis.test 9.730 0.882 9.167
global.test 7.467 1.635 7.579
* checking for unstated dependencies in ‘tests’ ... OK
* checking tests ...
Running ‘testthat.R’
OK
* checking for unstated dependencies in vignettes ... OK
* checking package vignettes ... OK
* checking re-building of vignette outputs ... OK
* checking PDF version of manual ... OK
* DONE
Status: 1 WARNING, 1 NOTE
See
‘/home/biocbuild/bbs-3.22-bioc/meat/epistasisGA.Rcheck/00check.log’
for details.
epistasisGA.Rcheck/00install.out
##############################################################################
##############################################################################
###
### Running command:
###
### /home/biocbuild/bbs-3.22-bioc/R/bin/R CMD INSTALL epistasisGA
###
##############################################################################
##############################################################################
* installing to library ‘/home/biocbuild/bbs-3.22-bioc/R/site-library’
* installing *source* package ‘epistasisGA’ ...
** this is package ‘epistasisGA’ version ‘1.11.2’
** using staged installation
** libs
using C++ compiler: ‘g++ (Ubuntu 13.3.0-6ubuntu2~24.04) 13.3.0’
g++ -std=gnu++17 -I"/home/biocbuild/bbs-3.22-bioc/R/include" -DNDEBUG -I'/home/biocbuild/bbs-3.22-bioc/R/site-library/Rcpp/include' -I'/home/biocbuild/bbs-3.22-bioc/R/site-library/RcppArmadillo/include' -I'/home/biocbuild/bbs-3.22-bioc/R/site-library/BH/include' -I'/home/biocbuild/bbs-3.22-bioc/R/site-library/bigmemory/include' -I/usr/local/include -fpic -g -O2 -Wall -Werror=format-security -c RcppExports.cpp -o RcppExports.o
g++ -std=gnu++17 -I"/home/biocbuild/bbs-3.22-bioc/R/include" -DNDEBUG -I'/home/biocbuild/bbs-3.22-bioc/R/site-library/Rcpp/include' -I'/home/biocbuild/bbs-3.22-bioc/R/site-library/RcppArmadillo/include' -I'/home/biocbuild/bbs-3.22-bioc/R/site-library/BH/include' -I'/home/biocbuild/bbs-3.22-bioc/R/site-library/bigmemory/include' -I/usr/local/include -fpic -g -O2 -Wall -Werror=format-security -c epistasisGA.cpp -o epistasisGA.o
In file included from /home/biocbuild/bbs-3.22-bioc/R/site-library/BH/include/boost/smart_ptr/shared_ptr.hpp:17,
from /home/biocbuild/bbs-3.22-bioc/R/site-library/BH/include/boost/shared_ptr.hpp:17,
from /home/biocbuild/bbs-3.22-bioc/R/site-library/bigmemory/include/bigmemory/BigMatrix.h:10,
from epistasisGA.cpp:7:
/home/biocbuild/bbs-3.22-bioc/R/site-library/BH/include/boost/smart_ptr/detail/shared_count.hpp:326:33: warning: ‘template<class> class std::auto_ptr’ is deprecated: use 'std::unique_ptr' instead [-Wdeprecated-declarations]
326 | explicit shared_count( std::auto_ptr<Y> & r ): pi_( new sp_counted_impl_p<Y>( r.get() ) )
| ^~~~~~~~
In file included from /usr/include/c++/13/memory:78,
from /home/biocbuild/bbs-3.22-bioc/R/site-library/RcppArmadillo/include/current/armadillo:38,
from /home/biocbuild/bbs-3.22-bioc/R/site-library/RcppArmadillo/include/RcppArmadillo/interface/RcppArmadilloForward.h:57,
from /home/biocbuild/bbs-3.22-bioc/R/site-library/RcppArmadillo/include/RcppArmadillo.h:32,
from epistasisGA.cpp:1:
/usr/include/c++/13/bits/unique_ptr.h:65:28: note: declared here
65 | template<typename> class auto_ptr;
| ^~~~~~~~
/home/biocbuild/bbs-3.22-bioc/R/site-library/BH/include/boost/smart_ptr/shared_ptr.hpp:354:31: warning: ‘template<class> class std::auto_ptr’ is deprecated: use 'std::unique_ptr' instead [-Wdeprecated-declarations]
354 | explicit shared_ptr( std::auto_ptr<Y> & r ): px(r.get()), pn()
| ^~~~~~~~
/usr/include/c++/13/bits/unique_ptr.h:65:28: note: declared here
65 | template<typename> class auto_ptr;
| ^~~~~~~~
/home/biocbuild/bbs-3.22-bioc/R/site-library/BH/include/boost/smart_ptr/shared_ptr.hpp:365:22: warning: ‘template<class> class std::auto_ptr’ is deprecated: use 'std::unique_ptr' instead [-Wdeprecated-declarations]
365 | shared_ptr( std::auto_ptr<Y> && r ): px(r.get()), pn()
| ^~~~~~~~
/usr/include/c++/13/bits/unique_ptr.h:65:28: note: declared here
65 | template<typename> class auto_ptr;
| ^~~~~~~~
/home/biocbuild/bbs-3.22-bioc/R/site-library/BH/include/boost/smart_ptr/shared_ptr.hpp:423:34: warning: ‘template<class> class std::auto_ptr’ is deprecated: use 'std::unique_ptr' instead [-Wdeprecated-declarations]
423 | shared_ptr & operator=( std::auto_ptr<Y> & r )
| ^~~~~~~~
/usr/include/c++/13/bits/unique_ptr.h:65:28: note: declared here
65 | template<typename> class auto_ptr;
| ^~~~~~~~
/home/biocbuild/bbs-3.22-bioc/R/site-library/BH/include/boost/smart_ptr/shared_ptr.hpp:430:34: warning: ‘template<class> class std::auto_ptr’ is deprecated: use 'std::unique_ptr' instead [-Wdeprecated-declarations]
430 | shared_ptr & operator=( std::auto_ptr<Y> && r )
| ^~~~~~~~
/usr/include/c++/13/bits/unique_ptr.h:65:28: note: declared here
65 | template<typename> class auto_ptr;
| ^~~~~~~~
/home/biocbuild/bbs-3.22-bioc/R/site-library/BH/include/boost/smart_ptr/shared_ptr.hpp: In member function ‘boost::shared_ptr<T>& boost::shared_ptr<T>::operator=(std::auto_ptr<_Up>&&)’:
/home/biocbuild/bbs-3.22-bioc/R/site-library/BH/include/boost/smart_ptr/shared_ptr.hpp:432:38: warning: ‘template<class> class std::auto_ptr’ is deprecated: use 'std::unique_ptr' instead [-Wdeprecated-declarations]
432 | this_type( static_cast< std::auto_ptr<Y> && >( r ) ).swap( *this );
| ^~~~~~~~
/usr/include/c++/13/bits/unique_ptr.h:65:28: note: declared here
65 | template<typename> class auto_ptr;
| ^~~~~~~~
epistasisGA.cpp: In function ‘Rcpp::List chrom_fitness_score(Rcpp::IntegerMatrix, Rcpp::IntegerMatrix, Rcpp::IntegerVector, Rcpp::IntegerVector, Rcpp::IntegerVector, int, int, double, double, bool)’:
epistasisGA.cpp:970:26: warning: ‘bool arma::is_finite(eT, const typename arma_scalar_only<eT>::result*) [with eT = double; typename arma_scalar_only<eT>::result = double]’ is deprecated: change arma::is_finite(val) to std::isfinite(val) [-Wdeprecated-declarations]
970 | !arma::is_finite(n_case_high_risk) | !arma::is_finite(n_comp_high_risk)){
| ~~~~~~~~~~~~~~~^~~~~~~~~~~~~~~~~~
In file included from /home/biocbuild/bbs-3.22-bioc/R/site-library/RcppArmadillo/include/current/armadillo:518:
/home/biocbuild/bbs-3.22-bioc/R/site-library/RcppArmadillo/include/current/armadillo_bits/fn_misc.hpp:167:1: note: declared here
167 | is_finite(const eT x, const typename arma_scalar_only<eT>::result* junk = nullptr)
| ^~~~~~~~~
epistasisGA.cpp:970:63: warning: ‘bool arma::is_finite(eT, const typename arma_scalar_only<eT>::result*) [with eT = double; typename arma_scalar_only<eT>::result = double]’ is deprecated: change arma::is_finite(val) to std::isfinite(val) [-Wdeprecated-declarations]
970 | !arma::is_finite(n_case_high_risk) | !arma::is_finite(n_comp_high_risk)){
| ~~~~~~~~~~~~~~~^~~~~~~~~~~~~~~~~~
/home/biocbuild/bbs-3.22-bioc/R/site-library/RcppArmadillo/include/current/armadillo_bits/fn_misc.hpp:167:1: note: declared here
167 | is_finite(const eT x, const typename arma_scalar_only<eT>::result* junk = nullptr)
| ^~~~~~~~~
epistasisGA.cpp:1045:77: warning: ‘bool arma::is_finite(eT, const typename arma_scalar_only<eT>::result*) [with eT = double; typename arma_scalar_only<eT>::result = double]’ is deprecated: change arma::is_finite(val) to std::isfinite(val) [-Wdeprecated-declarations]
1045 | if ( (fitness_score <= 0) | R_isnancpp(fitness_score) | !arma::is_finite(fitness_score) ){
| ~~~~~~~~~~~~~~~^~~~~~~~~~~~~~~
/home/biocbuild/bbs-3.22-bioc/R/site-library/RcppArmadillo/include/current/armadillo_bits/fn_misc.hpp:167:1: note: declared here
167 | is_finite(const eT x, const typename arma_scalar_only<eT>::result* junk = nullptr)
| ^~~~~~~~~
epistasisGA.cpp: In function ‘Rcpp::List GxE_fitness_score_mvlm(Rcpp::NumericMatrix, Rcpp::NumericMatrix, Rcpp::NumericMatrix, Rcpp::NumericMatrix, arma::uvec, arma::vec, arma::vec, arma::vec, bool, Rcpp::NumericVector, int, int, bool)’:
epistasisGA.cpp:1115:27: warning: comparison of integer expressions of different signedness: ‘int’ and ‘const arma::uword’ {aka ‘const unsigned int’} [-Wsign-compare]
1115 | for (int i = 0; i < exposure_mat.n_rows; i++){
| ~~^~~~~~~~~~~~~~~~~~~~~
epistasisGA.cpp:1212:27: warning: comparison of integer expressions of different signedness: ‘int’ and ‘const arma::uword’ {aka ‘const unsigned int’} [-Wsign-compare]
1212 | for (int i = 1; i < beta_full.n_rows; i++){
| ~~^~~~~~~~~~~~~~~~~~
epistasisGA.cpp:1399:64: warning: ‘bool arma::is_finite(eT, const typename arma_scalar_only<eT>::result*) [with eT = double; typename arma_scalar_only<eT>::result = double]’ is deprecated: change arma::is_finite(val) to std::isfinite(val) [-Wdeprecated-declarations]
1399 | if ( (s <= 0) | (R_isnancpp(s)) | (!arma::is_finite(s)) | any(H_Einv_diag <= 0)){
| ~~~~~~~~~~~~~~~^~~
/home/biocbuild/bbs-3.22-bioc/R/site-library/RcppArmadillo/include/current/armadillo_bits/fn_misc.hpp:167:1: note: declared here
167 | is_finite(const eT x, const typename arma_scalar_only<eT>::result* junk = nullptr)
| ^~~~~~~~~
g++ -std=gnu++17 -shared -L/home/biocbuild/bbs-3.22-bioc/R/lib -L/usr/local/lib -o epistasisGA.so RcppExports.o epistasisGA.o -llapack -L/home/biocbuild/bbs-3.22-bioc/R/lib -lRblas -lgfortran -lm -lquadmath -L/home/biocbuild/bbs-3.22-bioc/R/lib -lR
installing to /home/biocbuild/bbs-3.22-bioc/R/site-library/00LOCK-epistasisGA/00new/epistasisGA/libs
** R
** data
** byte-compile and prepare package for lazy loading
** help
*** installing help indices
** building package indices
** installing vignettes
** testing if installed package can be loaded from temporary location
** checking absolute paths in shared objects and dynamic libraries
** testing if installed package can be loaded from final location
** testing if installed package keeps a record of temporary installation path
* DONE (epistasisGA)
epistasisGA.Rcheck/tests/testthat.Rout
R version 4.5.1 Patched (2025-08-23 r88802) -- "Great Square Root"
Copyright (C) 2025 The R Foundation for Statistical Computing
Platform: x86_64-pc-linux-gnu
R is free software and comes with ABSOLUTELY NO WARRANTY.
You are welcome to redistribute it under certain conditions.
Type 'license()' or 'licence()' for distribution details.
R is a collaborative project with many contributors.
Type 'contributors()' for more information and
'citation()' on how to cite R or R packages in publications.
Type 'demo()' for some demos, 'help()' for on-line help, or
'help.start()' for an HTML browser interface to help.
Type 'q()' to quit R.
> library(testthat)
> library(epistasisGA)
>
> test_check("epistasisGA")
[ FAIL 0 | WARN 0 | SKIP 0 | PASS 1 ]
>
> proc.time()
user system elapsed
2.980 0.235 3.236
epistasisGA.Rcheck/epistasisGA-Ex.timings
| name | user | system | elapsed | |
| GADGETS | 3.201 | 0.327 | 3.176 | |
| GxE.fitness.score | 0.008 | 0.000 | 0.009 | |
| GxE.test | 12.226 | 0.883 | 12.203 | |
| chrom.fitness.score | 0.012 | 0.001 | 0.012 | |
| combine.islands | 2.073 | 0.376 | 2.124 | |
| compute.graphical.scores | 26.071 | 1.071 | 17.611 | |
| epistasis.test | 9.730 | 0.882 | 9.167 | |
| global.test | 7.467 | 1.635 | 7.579 | |
| network.plot | 46.977 | 1.762 | 41.698 | |
| permute.dataset | 4.185 | 0.739 | 4.511 | |
| preprocess.genetic.data | 2.349 | 0.719 | 2.539 | |
| run.gadgets | 2.252 | 0.336 | 2.211 | |