Back to Multiple platform build/check report for BioC 3.22:   simplified   long
AB[C]DEFGHIJKLMNOPQRSTUVWXYZ

This page was generated on 2025-10-24 12:07 -0400 (Fri, 24 Oct 2025).

HostnameOSArch (*)R versionInstalled pkgs
nebbiolo2Linux (Ubuntu 24.04.3 LTS)x86_644.5.1 Patched (2025-08-23 r88802) -- "Great Square Root" 4898
lconwaymacOS 12.7.6 Montereyx86_644.5.1 Patched (2025-09-10 r88807) -- "Great Square Root" 4688
kjohnson3macOS 13.7.7 Venturaarm644.5.1 Patched (2025-09-10 r88807) -- "Great Square Root" 4634
taishanLinux (openEuler 24.03 LTS)aarch644.5.0 (2025-04-11) -- "How About a Twenty-Six" 4658
Click on any hostname to see more info about the system (e.g. compilers)      (*) as reported by 'uname -p', except on Windows and Mac OS X

Package 305/2359HostnameOS / ArchINSTALLBUILDCHECKBUILD BIN
celda 1.25.0  (landing page)
Joshua Campbell
Snapshot Date: 2025-10-23 14:17 -0400 (Thu, 23 Oct 2025)
git_url: https://git.bioconductor.org/packages/celda
git_branch: devel
git_last_commit: b623680
git_last_commit_date: 2025-04-15 11:46:22 -0400 (Tue, 15 Apr 2025)
nebbiolo2Linux (Ubuntu 24.04.3 LTS) / x86_64  OK    OK    OK  UNNEEDED, same version is already published
lconwaymacOS 12.7.6 Monterey / x86_64  OK    OK    OK    OK  UNNEEDED, same version is already published
kjohnson3macOS 13.7.7 Ventura / arm64  OK    OK    OK    OK  UNNEEDED, same version is already published
taishanLinux (openEuler 24.03 LTS) / aarch64  OK    OK    WARNINGS  


CHECK results for celda on taishan

To the developers/maintainers of the celda package:
- Allow up to 24 hours (and sometimes 48 hours) for your latest push to git@git.bioconductor.org:packages/celda.git to reflect on this report. See Troubleshooting Build Report for more information.
- Use the following Renviron settings to reproduce errors and warnings.
- If 'R CMD check' started to fail recently on the Linux builder(s) over a missing dependency, add the missing dependency to 'Suggests:' in your DESCRIPTION file. See Renviron.bioc for more information.
- See Martin Grigorov's blog post for how to debug Linux ARM64 related issues on a x86_64 host.

raw results


Summary

Package: celda
Version: 1.25.0
Command: /home/biocbuild/R/R/bin/R CMD check --install=check:celda.install-out.txt --library=/home/biocbuild/R/R/site-library --no-vignettes --timings celda_1.25.0.tar.gz
StartedAt: 2025-10-21 06:18:09 -0000 (Tue, 21 Oct 2025)
EndedAt: 2025-10-21 06:30:38 -0000 (Tue, 21 Oct 2025)
EllapsedTime: 748.7 seconds
RetCode: 0
Status:   WARNINGS  
CheckDir: celda.Rcheck
Warnings: 1

Command output

##############################################################################
##############################################################################
###
### Running command:
###
###   /home/biocbuild/R/R/bin/R CMD check --install=check:celda.install-out.txt --library=/home/biocbuild/R/R/site-library --no-vignettes --timings celda_1.25.0.tar.gz
###
##############################################################################
##############################################################################


* using log directory ‘/home/biocbuild/bbs-3.22-bioc/meat/celda.Rcheck’
* using R version 4.5.0 (2025-04-11)
* using platform: aarch64-unknown-linux-gnu
* R was compiled by
    aarch64-unknown-linux-gnu-gcc (GCC) 14.2.0
    GNU Fortran (GCC) 14.2.0
* running under: openEuler 24.03 (LTS)
* using session charset: UTF-8
* using option ‘--no-vignettes’
* checking for file ‘celda/DESCRIPTION’ ... OK
* this is package ‘celda’ version ‘1.25.0’
* package encoding: UTF-8
* checking package namespace information ... OK
* checking package dependencies ... INFO
Imports includes 32 non-default packages.
Importing from so many packages makes the package vulnerable to any of
them becoming unavailable.  Move as many as possible to Suggests and
use conditionally.
* checking if this is a source package ... OK
* checking if there is a namespace ... OK
* checking for hidden files and directories ... OK
* checking for portable file names ... OK
* checking for sufficient/correct file permissions ... OK
* checking whether package ‘celda’ can be installed ... WARNING
Found the following significant warnings:
  /home/biocbuild/R/R-4.5.0/site-library/RcppEigen/include/Eigen/src/Core/arch/NEON/PacketMath.h:1671:9: warning: ‘void* memcpy(void*, const void*, size_t)’ copying an object of non-trivial type ‘Eigen::internal::Packet4c’ {aka ‘struct Eigen::internal::eigen_packet_wrapper<int, 2>’} from an array of ‘const int8_t’ {aka ‘const signed char’} [-Wclass-memaccess]
  /home/biocbuild/R/R-4.5.0/site-library/RcppEigen/include/Eigen/src/Core/arch/NEON/PacketMath.h:1716:9: warning: ‘void* memcpy(void*, const void*, size_t)’ copying an object of non-trivial type ‘Eigen::internal::Packet4c’ {aka ‘struct Eigen::internal::eigen_packet_wrapper<int, 2>’} from an array of ‘const int8_t’ {aka ‘const signed char’} [-Wclass-memaccess]
See ‘/home/biocbuild/bbs-3.22-bioc/meat/celda.Rcheck/00install.out’ for details.
* used C compiler: ‘aarch64-unknown-linux-gnu-gcc (GCC) 14.2.0’
* used C++ compiler: ‘aarch64-unknown-linux-gnu-g++ (GCC) 14.2.0’
* checking installed package size ... INFO
  installed size is 10.5Mb
  sub-directories of 1Mb or more:
    libs   8.9Mb
* checking package directory ... OK
* checking ‘build’ directory ... OK
* checking DESCRIPTION meta-information ... OK
* checking top-level files ... OK
* checking for left-over files ... OK
* checking index information ... OK
* checking package subdirectories ... OK
* checking code files for non-ASCII characters ... OK
* checking R files for syntax errors ... OK
* checking whether the package can be loaded ... OK
* checking whether the package can be loaded with stated dependencies ... OK
* checking whether the package can be unloaded cleanly ... OK
* checking whether the namespace can be loaded with stated dependencies ... OK
* checking whether the namespace can be unloaded cleanly ... OK
* checking loading without being on the library search path ... OK
* checking dependencies in R code ... OK
* checking S3 generic/method consistency ... OK
* checking replacement functions ... OK
* checking foreign function calls ... OK
* checking R code for possible problems ... NOTE
.removeZeroVariance: no visible global function definition for
  ‘complete.cases’
.splitMetricIGpIGd: no visible global function definition for
  ‘model.matrix’
.splitMetricModF1: no visible global function definition for
  ‘model.matrix’
findMarkersTree: no visible global function definition for ‘Idents’
findMarkersTree: no visible global function definition for ‘RunUMAP’
findMarkersTree: no visible global function definition for ‘dendrapply’
plotDendro: no visible binding for global variable ‘xend’
plotDendro: no visible binding for global variable ‘y’
plotDendro: no visible binding for global variable ‘label’
plotMarkerHeatmap: no visible global function definition for ‘head’
plotMarkerHeatmap: no visible global function definition for ‘setNames’
Undefined global functions or variables:
  Idents RunUMAP complete.cases dendrapply head label model.matrix
  setNames xend y
Consider adding
  importFrom("stats", "complete.cases", "dendrapply", "model.matrix",
             "setNames")
  importFrom("utils", "head")
to your NAMESPACE file.
* checking Rd files ... OK
* checking Rd metadata ... OK
* checking Rd cross-references ... NOTE
Found the following Rd file(s) with Rd \link{} targets missing package
anchors:
  bestLogLikelihood.Rd: SingleCellExperiment-class, altExp
  celdaClusters.Rd: SingleCellExperiment-class, altExp
  celdaGridSearch.Rd: SingleCellExperiment-class, assay, altExp,
    metadata
  celdaHeatmap.Rd: assay, altExp
  celdaModel.Rd: altExp
  celdaModules.Rd: SingleCellExperiment-class, altExp
  celdaProbabilityMap.Rd: assay, altExp
  celdaTsne.Rd: SingleCellExperiment-class, assay, altExp, reducedDim
  celdaUmap.Rd: assay, altExp, reducedDim
  celda_C.Rd: assay, altExp, SingleCellExperiment-class, metadata,
    colData
  celda_CG.Rd: assay, altExp, SingleCellExperiment-class, metadata,
    colData, rowData
  celda_G.Rd: assay, altExp, SingleCellExperiment-class, metadata,
    rowData
  celdatosce.Rd: SingleCellExperiment-class, assay, altExp, metadata,
    colData, rowData
  clusterProbability.Rd: SingleCellExperiment-class, assay, altExp
  decontX.Rd: SingleCellExperiment-class, Matrix
  decontXcounts.Rd: SingleCellExperiment-class, assay, assay<-
  factorizeMatrix.Rd: SingleCellExperiment-class, assay, altExp
  featureModuleLookup.Rd: SingleCellExperiment-class, altExp
  featureModuleTable.Rd: SingleCellExperiment-class, assay, altExp
  geneSetEnrich.Rd: SingleCellExperiment-class, assay, altExp
  logLikelihood.Rd: SingleCellExperiment-class, assay, altExp
  logLikelihoodHistory.Rd: SingleCellExperiment-class, altExp
  moduleHeatmap.Rd: SingleCellExperiment-class, assay, altExp
  perplexity.Rd: SingleCellExperiment-class, assay, altExp
  plotCeldaViolin.Rd: SingleCellExperiment-class, assay, altExp
  plotDecontXContamination.Rd: SingleCellExperiment-class
  plotDecontXMarkerExpression.Rd: SingleCellExperiment-class
  plotDecontXMarkerPercentage.Rd: SingleCellExperiment-class
  plotDimReduceCluster.Rd: SingleCellExperiment-class, altExp
  plotDimReduceFeature.Rd: SingleCellExperiment-class, assay, altExp,
    scale_colour_gradient2
  plotDimReduceGrid.Rd: SingleCellExperiment-class, assay, altExp,
    scale_colour_gradient2
  plotDimReduceModule.Rd: SingleCellExperiment-class, assay, altExp,
    scale_colour_gradient
  plotGridSearchPerplexity.Rd: SingleCellExperiment-class, altExp,
    geom_jitter
  plotRPC.Rd: SingleCellExperiment-class, altExp, geom_jitter
  recodeClusterY.Rd: SingleCellExperiment-class, rowData, altExp
  recodeClusterZ.Rd: SingleCellExperiment-class, colData, altExp
  recursiveSplitCell.Rd: SingleCellExperiment-class, assay, altExp,
    metadata
  recursiveSplitModule.Rd: SingleCellExperiment-class, assay, altExp,
    metadata
  reorderCelda.Rd: SingleCellExperiment-class, assay, altExp
  reportceldaCG.Rd: SingleCellExperiment-class, altExp, assay
  resList.Rd: SingleCellExperiment-class, altExp
  resamplePerplexity.Rd: SingleCellExperiment-class, assay, altExp
  retrieveFeatureIndex.Rd: SummarizedExperiment-class,
    SingleCellExperiment-class
  runParams.Rd: SingleCellExperiment-class, altExp
  sampleLabel.Rd: SingleCellExperiment-class, altExp
  sceCeldaC.Rd: SingleCellExperiment-class
  sceCeldaCG.Rd: SingleCellExperiment-class
  sceCeldaCGGridSearch.Rd: SingleCellExperiment-class
  sceCeldaG.Rd: SingleCellExperiment-class
  selectBestModel.Rd: SingleCellExperiment-class, altExp, metadata
  selectFeatures.Rd: SingleCellExperiment-class, altExp, assay,
    metadata
  simulateCells.Rd: SingleCellExperiment-class, metadata, colData,
    rowData
  splitModule.Rd: SingleCellExperiment-class, assay, altExp, rowData
  subsetCeldaList.Rd: SingleCellExperiment-class, altExp, metadata
Please provide package anchors for all Rd \link{} targets not in the
package itself and the base packages.
* checking for missing documentation entries ... OK
* checking for code/documentation mismatches ... OK
* checking Rd \usage sections ... OK
* checking Rd contents ... OK
* checking for unstated dependencies in examples ... OK
* checking contents of ‘data’ directory ... OK
* checking data for non-ASCII characters ... OK
* checking LazyData ... OK
* checking data for ASCII and uncompressed saves ... OK
* checking line endings in C/C++/Fortran sources/headers ... OK
* checking line endings in Makefiles ... OK
* checking compilation flags in Makevars ... OK
* checking for GNU extensions in Makefiles ... OK
* checking for portable use of $(BLAS_LIBS) and $(LAPACK_LIBS) ... OK
* checking use of PKG_*FLAGS in Makefiles ... OK
* checking compiled code ... NOTE
Note: information on .o files is not available
* checking files in ‘vignettes’ ... OK
* checking examples ... OK
Examples with CPU (user + system) or elapsed time > 5s
                       user system elapsed
geneSetEnrich        44.705  0.554  79.367
plotDimReduceGrid    30.666  0.259  31.002
plotDendro           22.401  0.504  23.360
findMarkersTree      21.401  0.287  22.151
plotMarkerHeatmap    21.208  0.259  21.916
recursiveSplitCell   19.280  0.161  19.426
decontX              14.515  0.220  14.787
recursiveSplitModule 12.919  0.216  13.161
plotDimReduceModule  12.023  0.137  12.191
plotDimReduceFeature 10.510  0.113  10.651
plotDimReduceCluster 10.177  0.120  10.327
moduleHeatmap         6.827  0.710   7.565
celda_CG              6.400  0.072   6.495
sceCeldaCG            5.445  0.048   5.490
sceCeldaCGGridSearch  0.417  0.004  64.323
* checking for unstated dependencies in ‘tests’ ... OK
* checking tests ...
  Running ‘testthat.R’
 OK
* checking for unstated dependencies in vignettes ... OK
* checking package vignettes ... OK
* checking running R code from vignettes ... SKIPPED
* checking re-building of vignette outputs ... SKIPPED
* checking PDF version of manual ... OK
* DONE

Status: 1 WARNING, 3 NOTEs
See
  ‘/home/biocbuild/bbs-3.22-bioc/meat/celda.Rcheck/00check.log’
for details.


Installation output

celda.Rcheck/00install.out

##############################################################################
##############################################################################
###
### Running command:
###
###   /home/biocbuild/R/R/bin/R CMD INSTALL celda
###
##############################################################################
##############################################################################


* installing to library ‘/home/biocbuild/R/R-4.5.0/site-library’
* installing *source* package ‘celda’ ...
** this is package ‘celda’ version ‘1.25.0’
** using staged installation
** libs
using C compiler: ‘aarch64-unknown-linux-gnu-gcc (GCC) 14.2.0’
using C++ compiler: ‘aarch64-unknown-linux-gnu-g++ (GCC) 14.2.0’
/opt/ohpc/pub/compiler/gcc/14.2.0/bin/aarch64-unknown-linux-gnu-g++ -std=gnu++17 -I"/home/biocbuild/R/R-4.5.0/include" -DNDEBUG  -I'/home/biocbuild/R/R-4.5.0/site-library/Rcpp/include' -I'/home/biocbuild/R/R-4.5.0/site-library/RcppEigen/include' -I/usr/local/include   -fopenmp  -fPIC  -g -O2  -Wall -Werror=format-security  -c DecontX.cpp -o DecontX.o
In file included from /home/biocbuild/R/R-4.5.0/site-library/RcppEigen/include/Eigen/Core:214,
                 from /home/biocbuild/R/R-4.5.0/site-library/RcppEigen/include/Eigen/Dense:1,
                 from /home/biocbuild/R/R-4.5.0/site-library/RcppEigen/include/RcppEigenForward.h:28,
                 from /home/biocbuild/R/R-4.5.0/site-library/RcppEigen/include/RcppEigen.h:25,
                 from DecontX.cpp:1:
/home/biocbuild/R/R-4.5.0/site-library/RcppEigen/include/Eigen/src/Core/arch/NEON/PacketMath.h: In function ‘Packet Eigen::internal::pload(const typename unpacket_traits<T>::type*) [with Packet = eigen_packet_wrapper<int, 2>; typename unpacket_traits<T>::type = signed char]’:
/home/biocbuild/R/R-4.5.0/site-library/RcppEigen/include/Eigen/src/Core/arch/NEON/PacketMath.h:1671:9: warning: ‘void* memcpy(void*, const void*, size_t)’ copying an object of non-trivial type ‘Eigen::internal::Packet4c’ {aka ‘struct Eigen::internal::eigen_packet_wrapper<int, 2>’} from an array of ‘const int8_t’ {aka ‘const signed char’} [-Wclass-memaccess]
 1671 |   memcpy(&res, from, sizeof(Packet4c));
      |   ~~~~~~^~~~~~~~~~~~~~~~~~~~~~~~~~~~~~
In file included from /home/biocbuild/R/R-4.5.0/site-library/RcppEigen/include/Eigen/Core:172:
/home/biocbuild/R/R-4.5.0/site-library/RcppEigen/include/Eigen/src/Core/GenericPacketMath.h:159:8: note: ‘Eigen::internal::Packet4c’ {aka ‘struct Eigen::internal::eigen_packet_wrapper<int, 2>’} declared here
  159 | struct eigen_packet_wrapper
      |        ^~~~~~~~~~~~~~~~~~~~
/home/biocbuild/R/R-4.5.0/site-library/RcppEigen/include/Eigen/src/Core/arch/NEON/PacketMath.h: In function ‘Packet Eigen::internal::ploadu(const typename unpacket_traits<T>::type*) [with Packet = eigen_packet_wrapper<int, 2>; typename unpacket_traits<T>::type = signed char]’:
/home/biocbuild/R/R-4.5.0/site-library/RcppEigen/include/Eigen/src/Core/arch/NEON/PacketMath.h:1716:9: warning: ‘void* memcpy(void*, const void*, size_t)’ copying an object of non-trivial type ‘Eigen::internal::Packet4c’ {aka ‘struct Eigen::internal::eigen_packet_wrapper<int, 2>’} from an array of ‘const int8_t’ {aka ‘const signed char’} [-Wclass-memaccess]
 1716 |   memcpy(&res, from, sizeof(Packet4c));
      |   ~~~~~~^~~~~~~~~~~~~~~~~~~~~~~~~~~~~~
/home/biocbuild/R/R-4.5.0/site-library/RcppEigen/include/Eigen/src/Core/GenericPacketMath.h:159:8: note: ‘Eigen::internal::Packet4c’ {aka ‘struct Eigen::internal::eigen_packet_wrapper<int, 2>’} declared here
  159 | struct eigen_packet_wrapper
      |        ^~~~~~~~~~~~~~~~~~~~
DecontX.cpp: In function ‘Eigen::SparseMatrix<double, 0, int> calculateNativeMatrix(const Eigen::MappedSparseMatrix<double>&, const Rcpp::NumericVector&, const Rcpp::NumericMatrix&, const Rcpp::NumericMatrix&, const Rcpp::IntegerVector&, const double&)’:
DecontX.cpp:321:10: warning: variable ‘x’ set but not used [-Wunused-but-set-variable]
  321 |   double x;
      |          ^
/opt/ohpc/pub/compiler/gcc/14.2.0/bin/aarch64-unknown-linux-gnu-g++ -std=gnu++17 -I"/home/biocbuild/R/R-4.5.0/include" -DNDEBUG  -I'/home/biocbuild/R/R-4.5.0/site-library/Rcpp/include' -I'/home/biocbuild/R/R-4.5.0/site-library/RcppEigen/include' -I/usr/local/include   -fopenmp  -fPIC  -g -O2  -Wall -Werror=format-security  -c RcppExports.cpp -o RcppExports.o
In file included from /home/biocbuild/R/R-4.5.0/site-library/RcppEigen/include/Eigen/Core:214,
                 from /home/biocbuild/R/R-4.5.0/site-library/RcppEigen/include/Eigen/Dense:1,
                 from /home/biocbuild/R/R-4.5.0/site-library/RcppEigen/include/RcppEigenForward.h:28,
                 from /home/biocbuild/R/R-4.5.0/site-library/RcppEigen/include/RcppEigen.h:25,
                 from RcppExports.cpp:4:
/home/biocbuild/R/R-4.5.0/site-library/RcppEigen/include/Eigen/src/Core/arch/NEON/PacketMath.h: In function ‘Packet Eigen::internal::pload(const typename unpacket_traits<T>::type*) [with Packet = eigen_packet_wrapper<int, 2>; typename unpacket_traits<T>::type = signed char]’:
/home/biocbuild/R/R-4.5.0/site-library/RcppEigen/include/Eigen/src/Core/arch/NEON/PacketMath.h:1671:9: warning: ‘void* memcpy(void*, const void*, size_t)’ copying an object of non-trivial type ‘Eigen::internal::Packet4c’ {aka ‘struct Eigen::internal::eigen_packet_wrapper<int, 2>’} from an array of ‘const int8_t’ {aka ‘const signed char’} [-Wclass-memaccess]
 1671 |   memcpy(&res, from, sizeof(Packet4c));
      |   ~~~~~~^~~~~~~~~~~~~~~~~~~~~~~~~~~~~~
In file included from /home/biocbuild/R/R-4.5.0/site-library/RcppEigen/include/Eigen/Core:172:
/home/biocbuild/R/R-4.5.0/site-library/RcppEigen/include/Eigen/src/Core/GenericPacketMath.h:159:8: note: ‘Eigen::internal::Packet4c’ {aka ‘struct Eigen::internal::eigen_packet_wrapper<int, 2>’} declared here
  159 | struct eigen_packet_wrapper
      |        ^~~~~~~~~~~~~~~~~~~~
/home/biocbuild/R/R-4.5.0/site-library/RcppEigen/include/Eigen/src/Core/arch/NEON/PacketMath.h: In function ‘Packet Eigen::internal::ploadu(const typename unpacket_traits<T>::type*) [with Packet = eigen_packet_wrapper<int, 2>; typename unpacket_traits<T>::type = signed char]’:
/home/biocbuild/R/R-4.5.0/site-library/RcppEigen/include/Eigen/src/Core/arch/NEON/PacketMath.h:1716:9: warning: ‘void* memcpy(void*, const void*, size_t)’ copying an object of non-trivial type ‘Eigen::internal::Packet4c’ {aka ‘struct Eigen::internal::eigen_packet_wrapper<int, 2>’} from an array of ‘const int8_t’ {aka ‘const signed char’} [-Wclass-memaccess]
 1716 |   memcpy(&res, from, sizeof(Packet4c));
      |   ~~~~~~^~~~~~~~~~~~~~~~~~~~~~~~~~~~~~
/home/biocbuild/R/R-4.5.0/site-library/RcppEigen/include/Eigen/src/Core/GenericPacketMath.h:159:8: note: ‘Eigen::internal::Packet4c’ {aka ‘struct Eigen::internal::eigen_packet_wrapper<int, 2>’} declared here
  159 | struct eigen_packet_wrapper
      |        ^~~~~~~~~~~~~~~~~~~~
/opt/ohpc/pub/compiler/gcc/14.2.0/bin/aarch64-unknown-linux-gnu-g++ -std=gnu++17 -I"/home/biocbuild/R/R-4.5.0/include" -DNDEBUG  -I'/home/biocbuild/R/R-4.5.0/site-library/Rcpp/include' -I'/home/biocbuild/R/R-4.5.0/site-library/RcppEigen/include' -I/usr/local/include   -fopenmp  -fPIC  -g -O2  -Wall -Werror=format-security  -c cG_calcGibbsProbY.cpp -o cG_calcGibbsProbY.o
/opt/ohpc/pub/compiler/gcc/14.2.0/bin/aarch64-unknown-linux-gnu-g++ -std=gnu++17 -I"/home/biocbuild/R/R-4.5.0/include" -DNDEBUG  -I'/home/biocbuild/R/R-4.5.0/site-library/Rcpp/include' -I'/home/biocbuild/R/R-4.5.0/site-library/RcppEigen/include' -I/usr/local/include   -fopenmp  -fPIC  -g -O2  -Wall -Werror=format-security  -c eigenMatMultInt.cpp -o eigenMatMultInt.o
In file included from /home/biocbuild/R/R-4.5.0/site-library/RcppEigen/include/Eigen/Core:214,
                 from /home/biocbuild/R/R-4.5.0/site-library/RcppEigen/include/Eigen/Dense:1,
                 from /home/biocbuild/R/R-4.5.0/site-library/RcppEigen/include/RcppEigenForward.h:28,
                 from /home/biocbuild/R/R-4.5.0/site-library/RcppEigen/include/RcppEigen.h:25,
                 from eigenMatMultInt.cpp:3:
/home/biocbuild/R/R-4.5.0/site-library/RcppEigen/include/Eigen/src/Core/arch/NEON/PacketMath.h: In function ‘Packet Eigen::internal::pload(const typename unpacket_traits<T>::type*) [with Packet = eigen_packet_wrapper<int, 2>; typename unpacket_traits<T>::type = signed char]’:
/home/biocbuild/R/R-4.5.0/site-library/RcppEigen/include/Eigen/src/Core/arch/NEON/PacketMath.h:1671:9: warning: ‘void* memcpy(void*, const void*, size_t)’ copying an object of non-trivial type ‘Eigen::internal::Packet4c’ {aka ‘struct Eigen::internal::eigen_packet_wrapper<int, 2>’} from an array of ‘const int8_t’ {aka ‘const signed char’} [-Wclass-memaccess]
 1671 |   memcpy(&res, from, sizeof(Packet4c));
      |   ~~~~~~^~~~~~~~~~~~~~~~~~~~~~~~~~~~~~
In file included from /home/biocbuild/R/R-4.5.0/site-library/RcppEigen/include/Eigen/Core:172:
/home/biocbuild/R/R-4.5.0/site-library/RcppEigen/include/Eigen/src/Core/GenericPacketMath.h:159:8: note: ‘Eigen::internal::Packet4c’ {aka ‘struct Eigen::internal::eigen_packet_wrapper<int, 2>’} declared here
  159 | struct eigen_packet_wrapper
      |        ^~~~~~~~~~~~~~~~~~~~
/home/biocbuild/R/R-4.5.0/site-library/RcppEigen/include/Eigen/src/Core/arch/NEON/PacketMath.h: In function ‘Packet Eigen::internal::ploadu(const typename unpacket_traits<T>::type*) [with Packet = eigen_packet_wrapper<int, 2>; typename unpacket_traits<T>::type = signed char]’:
/home/biocbuild/R/R-4.5.0/site-library/RcppEigen/include/Eigen/src/Core/arch/NEON/PacketMath.h:1716:9: warning: ‘void* memcpy(void*, const void*, size_t)’ copying an object of non-trivial type ‘Eigen::internal::Packet4c’ {aka ‘struct Eigen::internal::eigen_packet_wrapper<int, 2>’} from an array of ‘const int8_t’ {aka ‘const signed char’} [-Wclass-memaccess]
 1716 |   memcpy(&res, from, sizeof(Packet4c));
      |   ~~~~~~^~~~~~~~~~~~~~~~~~~~~~~~~~~~~~
/home/biocbuild/R/R-4.5.0/site-library/RcppEigen/include/Eigen/src/Core/GenericPacketMath.h:159:8: note: ‘Eigen::internal::Packet4c’ {aka ‘struct Eigen::internal::eigen_packet_wrapper<int, 2>’} declared here
  159 | struct eigen_packet_wrapper
      |        ^~~~~~~~~~~~~~~~~~~~
/opt/ohpc/pub/compiler/gcc/14.2.0/bin/aarch64-unknown-linux-gnu-g++ -std=gnu++17 -I"/home/biocbuild/R/R-4.5.0/include" -DNDEBUG  -I'/home/biocbuild/R/R-4.5.0/site-library/Rcpp/include' -I'/home/biocbuild/R/R-4.5.0/site-library/RcppEigen/include' -I/usr/local/include   -fopenmp  -fPIC  -g -O2  -Wall -Werror=format-security  -c matrixNorm.cpp -o matrixNorm.o
/opt/ohpc/pub/compiler/gcc/14.2.0/bin/aarch64-unknown-linux-gnu-gcc -std=gnu23 -I"/home/biocbuild/R/R-4.5.0/include" -DNDEBUG  -I'/home/biocbuild/R/R-4.5.0/site-library/Rcpp/include' -I'/home/biocbuild/R/R-4.5.0/site-library/RcppEigen/include' -I/usr/local/include    -fPIC  -g -O2  -Wall -Werror=format-security -c matrixSums.c -o matrixSums.o
/opt/ohpc/pub/compiler/gcc/14.2.0/bin/aarch64-unknown-linux-gnu-g++ -std=gnu++17 -I"/home/biocbuild/R/R-4.5.0/include" -DNDEBUG  -I'/home/biocbuild/R/R-4.5.0/site-library/Rcpp/include' -I'/home/biocbuild/R/R-4.5.0/site-library/RcppEigen/include' -I/usr/local/include   -fopenmp  -fPIC  -g -O2  -Wall -Werror=format-security  -c matrixSumsSparse.cpp -o matrixSumsSparse.o
In file included from /home/biocbuild/R/R-4.5.0/site-library/RcppEigen/include/Eigen/Core:214,
                 from /home/biocbuild/R/R-4.5.0/site-library/RcppEigen/include/Eigen/Dense:1,
                 from /home/biocbuild/R/R-4.5.0/site-library/RcppEigen/include/RcppEigenForward.h:28,
                 from /home/biocbuild/R/R-4.5.0/site-library/RcppEigen/include/RcppEigen.h:25,
                 from matrixSumsSparse.cpp:1:
/home/biocbuild/R/R-4.5.0/site-library/RcppEigen/include/Eigen/src/Core/arch/NEON/PacketMath.h: In function ‘Packet Eigen::internal::pload(const typename unpacket_traits<T>::type*) [with Packet = eigen_packet_wrapper<int, 2>; typename unpacket_traits<T>::type = signed char]’:
/home/biocbuild/R/R-4.5.0/site-library/RcppEigen/include/Eigen/src/Core/arch/NEON/PacketMath.h:1671:9: warning: ‘void* memcpy(void*, const void*, size_t)’ copying an object of non-trivial type ‘Eigen::internal::Packet4c’ {aka ‘struct Eigen::internal::eigen_packet_wrapper<int, 2>’} from an array of ‘const int8_t’ {aka ‘const signed char’} [-Wclass-memaccess]
 1671 |   memcpy(&res, from, sizeof(Packet4c));
      |   ~~~~~~^~~~~~~~~~~~~~~~~~~~~~~~~~~~~~
In file included from /home/biocbuild/R/R-4.5.0/site-library/RcppEigen/include/Eigen/Core:172:
/home/biocbuild/R/R-4.5.0/site-library/RcppEigen/include/Eigen/src/Core/GenericPacketMath.h:159:8: note: ‘Eigen::internal::Packet4c’ {aka ‘struct Eigen::internal::eigen_packet_wrapper<int, 2>’} declared here
  159 | struct eigen_packet_wrapper
      |        ^~~~~~~~~~~~~~~~~~~~
/home/biocbuild/R/R-4.5.0/site-library/RcppEigen/include/Eigen/src/Core/arch/NEON/PacketMath.h: In function ‘Packet Eigen::internal::ploadu(const typename unpacket_traits<T>::type*) [with Packet = eigen_packet_wrapper<int, 2>; typename unpacket_traits<T>::type = signed char]’:
/home/biocbuild/R/R-4.5.0/site-library/RcppEigen/include/Eigen/src/Core/arch/NEON/PacketMath.h:1716:9: warning: ‘void* memcpy(void*, const void*, size_t)’ copying an object of non-trivial type ‘Eigen::internal::Packet4c’ {aka ‘struct Eigen::internal::eigen_packet_wrapper<int, 2>’} from an array of ‘const int8_t’ {aka ‘const signed char’} [-Wclass-memaccess]
 1716 |   memcpy(&res, from, sizeof(Packet4c));
      |   ~~~~~~^~~~~~~~~~~~~~~~~~~~~~~~~~~~~~
/home/biocbuild/R/R-4.5.0/site-library/RcppEigen/include/Eigen/src/Core/GenericPacketMath.h:159:8: note: ‘Eigen::internal::Packet4c’ {aka ‘struct Eigen::internal::eigen_packet_wrapper<int, 2>’} declared here
  159 | struct eigen_packet_wrapper
      |        ^~~~~~~~~~~~~~~~~~~~
/opt/ohpc/pub/compiler/gcc/14.2.0/bin/aarch64-unknown-linux-gnu-gcc -std=gnu23 -I"/home/biocbuild/R/R-4.5.0/include" -DNDEBUG  -I'/home/biocbuild/R/R-4.5.0/site-library/Rcpp/include' -I'/home/biocbuild/R/R-4.5.0/site-library/RcppEigen/include' -I/usr/local/include    -fPIC  -g -O2  -Wall -Werror=format-security -c perplexity.c -o perplexity.o
/opt/ohpc/pub/compiler/gcc/14.2.0/bin/aarch64-unknown-linux-gnu-g++ -std=gnu++17 -shared -L/home/biocbuild/R/R-4.5.0/lib -L/usr/local/lib -o celda.so DecontX.o RcppExports.o cG_calcGibbsProbY.o eigenMatMultInt.o matrixNorm.o matrixSums.o matrixSumsSparse.o perplexity.o -fopenmp -lopenblas -lgfortran -lm -L/home/biocbuild/R/R-4.5.0/lib -lR
installing to /home/biocbuild/R/R-4.5.0/site-library/00LOCK-celda/00new/celda/libs
** R
** data
*** moving datasets to lazyload DB
** inst
** byte-compile and prepare package for lazy loading
** help
*** installing help indices
** building package indices
** installing vignettes
** testing if installed package can be loaded from temporary location
** checking absolute paths in shared objects and dynamic libraries
** testing if installed package can be loaded from final location
** testing if installed package keeps a record of temporary installation path
* DONE (celda)

Tests output

celda.Rcheck/tests/testthat.Rout


R version 4.5.0 (2025-04-11) -- "How About a Twenty-Six"
Copyright (C) 2025 The R Foundation for Statistical Computing
Platform: aarch64-unknown-linux-gnu

R is free software and comes with ABSOLUTELY NO WARRANTY.
You are welcome to redistribute it under certain conditions.
Type 'license()' or 'licence()' for distribution details.

R is a collaborative project with many contributors.
Type 'contributors()' for more information and
'citation()' on how to cite R or R packages in publications.

Type 'demo()' for some demos, 'help()' for on-line help, or
'help.start()' for an HTML browser interface to help.
Type 'q()' to quit R.

> Sys.unsetenv("R_TESTS")
> library(testthat)
> test_check("celda")
Loading required package: celda
Loading required package: SingleCellExperiment
Loading required package: SummarizedExperiment
Loading required package: MatrixGenerics
Loading required package: matrixStats

Attaching package: 'MatrixGenerics'

The following objects are masked from 'package:matrixStats':

    colAlls, colAnyNAs, colAnys, colAvgsPerRowSet, colCollapse,
    colCounts, colCummaxs, colCummins, colCumprods, colCumsums,
    colDiffs, colIQRDiffs, colIQRs, colLogSumExps, colMadDiffs,
    colMads, colMaxs, colMeans2, colMedians, colMins, colOrderStats,
    colProds, colQuantiles, colRanges, colRanks, colSdDiffs, colSds,
    colSums2, colTabulates, colVarDiffs, colVars, colWeightedMads,
    colWeightedMeans, colWeightedMedians, colWeightedSds,
    colWeightedVars, rowAlls, rowAnyNAs, rowAnys, rowAvgsPerColSet,
    rowCollapse, rowCounts, rowCummaxs, rowCummins, rowCumprods,
    rowCumsums, rowDiffs, rowIQRDiffs, rowIQRs, rowLogSumExps,
    rowMadDiffs, rowMads, rowMaxs, rowMeans2, rowMedians, rowMins,
    rowOrderStats, rowProds, rowQuantiles, rowRanges, rowRanks,
    rowSdDiffs, rowSds, rowSums2, rowTabulates, rowVarDiffs, rowVars,
    rowWeightedMads, rowWeightedMeans, rowWeightedMedians,
    rowWeightedSds, rowWeightedVars

Loading required package: GenomicRanges
Loading required package: stats4
Loading required package: BiocGenerics
Loading required package: generics

Attaching package: 'generics'

The following objects are masked from 'package:base':

    as.difftime, as.factor, as.ordered, intersect, is.element, setdiff,
    setequal, union


Attaching package: 'BiocGenerics'

The following objects are masked from 'package:stats':

    IQR, mad, sd, var, xtabs

The following objects are masked from 'package:base':

    Filter, Find, Map, Position, Reduce, anyDuplicated, aperm, append,
    as.data.frame, basename, cbind, colnames, dirname, do.call,
    duplicated, eval, evalq, get, grep, grepl, is.unsorted, lapply,
    mapply, match, mget, order, paste, pmax, pmax.int, pmin, pmin.int,
    rank, rbind, rownames, sapply, saveRDS, table, tapply, unique,
    unsplit, which.max, which.min

Loading required package: S4Vectors

Attaching package: 'S4Vectors'

The following object is masked from 'package:utils':

    findMatches

The following objects are masked from 'package:base':

    I, expand.grid, unname

Loading required package: IRanges
Loading required package: Seqinfo
Loading required package: Biobase
Welcome to Bioconductor

    Vignettes contain introductory material; view with
    'browseVignettes()'. To cite Bioconductor, see
    'citation("Biobase")', and for packages 'citation("pkgname")'.


Attaching package: 'Biobase'

The following object is masked from 'package:MatrixGenerics':

    rowMedians

The following objects are masked from 'package:matrixStats':

    anyMissing, rowMedians

Loading required package: Matrix

Attaching package: 'Matrix'

The following object is masked from 'package:S4Vectors':

    expand


Attaching package: 'celda'

The following object is masked from 'package:S4Vectors':

    params

[ FAIL 0 | WARN 1 | SKIP 2 | PASS 101 ]

══ Skipped tests (2) ═══════════════════════════════════════════════════════════
• empty test (2): 'test-decon.R:27:1', 'test-decon.R:48:1'

[ FAIL 0 | WARN 1 | SKIP 2 | PASS 101 ]
> 
> proc.time()
   user  system elapsed 
 76.790   2.195  91.960 

Example timings

celda.Rcheck/celda-Ex.timings

nameusersystemelapsed
appendCeldaList0.0040.0030.007
bestLogLikelihood0.2570.0160.273
celda0.0000.0010.001
celdaClusters0.0640.0100.075
celdaGridSearch000
celdaHeatmap0.7500.0200.773
celdaModel0.1200.0030.124
celdaModules0.0810.0000.082
celdaPerplexity-celdaList-method0.0000.0030.003
celdaPerplexity0.0000.0030.002
celdaProbabilityMap4.1600.4244.598
celdaTsne4.7430.0404.797
celdaUmap3.0450.2013.874
celda_C0.5930.0000.596
celda_CG6.4000.0726.495
celda_G4.0880.0304.133
celdatosce1.0080.0001.012
clusterProbability0.5010.0080.512
compareCountMatrix0.010.000.01
countChecksum-celdaList-method0.0000.0030.003
countChecksum0.0000.0030.003
decontX14.515 0.22014.787
distinctColors0.0010.0000.000
factorizeMatrix0.3470.0000.348
featureModuleLookup0.2580.0000.259
featureModuleTable0.3520.0080.361
findMarkersTree21.401 0.28722.151
geneSetEnrich44.705 0.55479.367
logLikelihood0.9810.1681.154
logLikelihoodHistory0.0660.0240.091
matrixNames0.0020.0020.004
moduleHeatmap6.8270.7107.565
normalizeCounts0.0040.0000.005
params0.0020.0000.002
perplexity0.8580.0950.955
plotCeldaViolin2.2200.1432.370
plotDendro22.401 0.50423.360
plotDimReduceCluster10.177 0.12010.327
plotDimReduceFeature10.510 0.11310.651
plotDimReduceGrid30.666 0.25931.002
plotDimReduceModule12.023 0.13712.191
plotGridSearchPerplexity1.4180.0241.440
plotHeatmap0.1670.0000.168
plotMarkerHeatmap21.208 0.25921.916
plotRPC1.3180.0241.341
recodeClusterY0.2990.0000.300
recodeClusterZ0.2760.0160.294
recursiveSplitCell19.280 0.16119.426
recursiveSplitModule12.919 0.21613.161
reorderCelda1.6250.0041.634
reportceldaCG0.0010.0000.001
resList0.0720.0000.073
resamplePerplexity1.3030.0001.302
retrieveFeatureIndex0.0030.0000.003
runParams0.0680.0000.068
sampleLabel0.0670.0040.070
sceCeldaC0.4740.0000.472
sceCeldaCG5.4450.0485.490
sceCeldaCGGridSearch 0.417 0.00464.323
sceCeldaG1.0630.0281.094
selectBestModel0.2120.0000.213
selectFeatures0.2910.0000.292
simulateCells0.2870.0000.287
simulateContamination0.0200.0000.021
splitModule0.2930.0000.294
subsetCeldaList0.4580.0000.459
topRank0.0020.0000.002