| Back to Multiple platform build/check report for BioC 3.22: simplified long |
|
This page was generated on 2025-04-18 11:58 -0400 (Fri, 18 Apr 2025).
| Hostname | OS | Arch (*) | R version | Installed pkgs |
|---|---|---|---|---|
| nebbiolo2 | Linux (Ubuntu 24.04.1 LTS) | x86_64 | 4.5.0 beta (2025-04-02 r88102) -- "How About a Twenty-Six" | 4798 |
| palomino8 | Windows Server 2022 Datacenter | x64 | 4.5.0 RC (2025-04-03 r88103 ucrt) -- "How About a Twenty-Six" | 4574 |
| Click on any hostname to see more info about the system (e.g. compilers) (*) as reported by 'uname -p', except on Windows and Mac OS X | ||||
| Package 290/2302 | Hostname | OS / Arch | INSTALL | BUILD | CHECK | BUILD BIN | ||||||||
| ccmap 1.35.0 (landing page) Alex Pickering
| nebbiolo2 | Linux (Ubuntu 24.04.1 LTS) / x86_64 | OK | OK | WARNINGS | |||||||||
| palomino8 | Windows Server 2022 Datacenter / x64 | OK | OK | WARNINGS | OK | |||||||||
|
To the developers/maintainers of the ccmap package: - Allow up to 24 hours (and sometimes 48 hours) for your latest push to git@git.bioconductor.org:packages/ccmap.git to reflect on this report. See Troubleshooting Build Report for more information. - Use the following Renviron settings to reproduce errors and warnings. - If 'R CMD check' started to fail recently on the Linux builder(s) over a missing dependency, add the missing dependency to 'Suggests:' in your DESCRIPTION file. See Renviron.bioc for more information. |
| Package: ccmap |
| Version: 1.35.0 |
| Command: /home/biocbuild/bbs-3.22-bioc/R/bin/R CMD check --install=check:ccmap.install-out.txt --library=/home/biocbuild/bbs-3.22-bioc/R/site-library --timings ccmap_1.35.0.tar.gz |
| StartedAt: 2025-04-17 20:43:10 -0400 (Thu, 17 Apr 2025) |
| EndedAt: 2025-04-17 20:47:00 -0400 (Thu, 17 Apr 2025) |
| EllapsedTime: 230.4 seconds |
| RetCode: 0 |
| Status: WARNINGS |
| CheckDir: ccmap.Rcheck |
| Warnings: 1 |
##############################################################################
##############################################################################
###
### Running command:
###
### /home/biocbuild/bbs-3.22-bioc/R/bin/R CMD check --install=check:ccmap.install-out.txt --library=/home/biocbuild/bbs-3.22-bioc/R/site-library --timings ccmap_1.35.0.tar.gz
###
##############################################################################
##############################################################################
* using log directory ‘/home/biocbuild/bbs-3.22-bioc/meat/ccmap.Rcheck’
* using R version 4.5.0 beta (2025-04-02 r88102)
* using platform: x86_64-pc-linux-gnu
* R was compiled by
gcc (Ubuntu 13.3.0-6ubuntu2~24.04) 13.3.0
GNU Fortran (Ubuntu 13.3.0-6ubuntu2~24.04) 13.3.0
* running under: Ubuntu 24.04.2 LTS
* using session charset: UTF-8
* checking for file ‘ccmap/DESCRIPTION’ ... OK
* checking extension type ... Package
* this is package ‘ccmap’ version ‘1.35.0’
* package encoding: UTF-8
* checking package namespace information ... OK
* checking package dependencies ... OK
* checking if this is a source package ... OK
* checking if there is a namespace ... OK
* checking for hidden files and directories ... OK
* checking for portable file names ... OK
* checking for sufficient/correct file permissions ... OK
* checking whether package ‘ccmap’ can be installed ... OK
* checking installed package size ... OK
* checking package directory ... OK
* checking ‘build’ directory ... OK
* checking DESCRIPTION meta-information ... OK
* checking top-level files ... OK
* checking for left-over files ... OK
* checking index information ... OK
* checking package subdirectories ... OK
* checking code files for non-ASCII characters ... OK
* checking R files for syntax errors ... OK
* checking whether the package can be loaded ... OK
* checking whether the package can be loaded with stated dependencies ... OK
* checking whether the package can be unloaded cleanly ... OK
* checking whether the namespace can be loaded with stated dependencies ... OK
* checking whether the namespace can be unloaded cleanly ... OK
* checking loading without being on the library search path ... OK
* checking dependencies in R code ... NOTE
Namespace in Imports field not imported from: ‘lsa’
All declared Imports should be used.
Unexported object imported by a ':::' call: ‘xgboost:::predict.xgb.Booster’
See the note in ?`:::` about the use of this operator.
* checking S3 generic/method consistency ... OK
* checking replacement functions ... OK
* checking foreign function calls ... OK
* checking R code for possible problems ... OK
* checking Rd files ... OK
* checking Rd metadata ... OK
* checking Rd cross-references ... WARNING
Missing link(s) in Rd file 'query_drugs.Rd':
‘[crossmeta]{diff_path}’ ‘[crossmeta]{path_meta}’
See section 'Cross-references' in the 'Writing R Extensions' manual.
* checking for missing documentation entries ... OK
* checking for code/documentation mismatches ... OK
* checking Rd \usage sections ... OK
* checking Rd contents ... OK
* checking for unstated dependencies in examples ... OK
* checking files in ‘vignettes’ ... OK
* checking examples ... OK
Examples with CPU (user + system) or elapsed time > 5s
user system elapsed
query_combos 10.932 0.323 17.765
query_drugs 10.054 0.369 10.424
* checking for unstated dependencies in ‘tests’ ... OK
* checking tests ...
Running ‘testthat.R’
OK
* checking for unstated dependencies in vignettes ... OK
* checking package vignettes ... OK
* checking re-building of vignette outputs ... OK
* checking PDF version of manual ... OK
* DONE
Status: 1 WARNING, 1 NOTE
See
‘/home/biocbuild/bbs-3.22-bioc/meat/ccmap.Rcheck/00check.log’
for details.
ccmap.Rcheck/00install.out
############################################################################## ############################################################################## ### ### Running command: ### ### /home/biocbuild/bbs-3.22-bioc/R/bin/R CMD INSTALL ccmap ### ############################################################################## ############################################################################## * installing to library ‘/home/biocbuild/bbs-3.22-bioc/R/site-library’ * installing *source* package ‘ccmap’ ... ** this is package ‘ccmap’ version ‘1.35.0’ ** using staged installation ** R ** byte-compile and prepare package for lazy loading ** help *** installing help indices ** building package indices ** installing vignettes ** testing if installed package can be loaded from temporary location ** testing if installed package can be loaded from final location ** testing if installed package keeps a record of temporary installation path * DONE (ccmap)
ccmap.Rcheck/tests/testthat.Rout
R version 4.5.0 beta (2025-04-02 r88102) -- "How About a Twenty-Six"
Copyright (C) 2025 The R Foundation for Statistical Computing
Platform: x86_64-pc-linux-gnu
R is free software and comes with ABSOLUTELY NO WARRANTY.
You are welcome to redistribute it under certain conditions.
Type 'license()' or 'licence()' for distribution details.
R is a collaborative project with many contributors.
Type 'contributors()' for more information and
'citation()' on how to cite R or R packages in publications.
Type 'demo()' for some demos, 'help()' for on-line help, or
'help.start()' for an HTML browser interface to help.
Type 'q()' to quit R.
> library(testthat)
> library(ccmap)
>
> test_check("ccmap")
[ FAIL 0 | WARN 0 | SKIP 0 | PASS 126 ]
>
> proc.time()
user system elapsed
4.814 0.286 5.087
ccmap.Rcheck/ccmap-Ex.timings
| name | user | system | elapsed | |
| get_dprimes | 2.633 | 0.065 | 2.705 | |
| query_combos | 10.932 | 0.323 | 17.765 | |
| query_drugs | 10.054 | 0.369 | 10.424 | |
| sum_rowcolCumsum | 0 | 0 | 0 | |