| Back to Multiple platform build/check report for BioC 3.22: simplified long |
|
This page was generated on 2025-10-24 12:07 -0400 (Fri, 24 Oct 2025).
| Hostname | OS | Arch (*) | R version | Installed pkgs |
|---|---|---|---|---|
| nebbiolo2 | Linux (Ubuntu 24.04.3 LTS) | x86_64 | 4.5.1 Patched (2025-08-23 r88802) -- "Great Square Root" | 4898 |
| lconway | macOS 12.7.6 Monterey | x86_64 | 4.5.1 Patched (2025-09-10 r88807) -- "Great Square Root" | 4688 |
| kjohnson3 | macOS 13.7.7 Ventura | arm64 | 4.5.1 Patched (2025-09-10 r88807) -- "Great Square Root" | 4634 |
| taishan | Linux (openEuler 24.03 LTS) | aarch64 | 4.5.0 (2025-04-11) -- "How About a Twenty-Six" | 4658 |
| Click on any hostname to see more info about the system (e.g. compilers) (*) as reported by 'uname -p', except on Windows and Mac OS X | ||||
| Package 176/2359 | Hostname | OS / Arch | INSTALL | BUILD | CHECK | BUILD BIN | ||||||||
| bigmelon 1.35.0 (landing page) Leonard C. Schalkwyk
| nebbiolo2 | Linux (Ubuntu 24.04.3 LTS) / x86_64 | OK | OK | WARNINGS | |||||||||
| lconway | macOS 12.7.6 Monterey / x86_64 | OK | OK | WARNINGS | OK | |||||||||
| kjohnson3 | macOS 13.7.7 Ventura / arm64 | OK | OK | WARNINGS | OK | |||||||||
| taishan | Linux (openEuler 24.03 LTS) / aarch64 | OK | OK | TIMEOUT | ||||||||||
|
To the developers/maintainers of the bigmelon package: - Allow up to 24 hours (and sometimes 48 hours) for your latest push to git@git.bioconductor.org:packages/bigmelon.git to reflect on this report. See Troubleshooting Build Report for more information. - Use the following Renviron settings to reproduce errors and warnings. - If 'R CMD check' started to fail recently on the Linux builder(s) over a missing dependency, add the missing dependency to 'Suggests:' in your DESCRIPTION file. See Renviron.bioc for more information. - See Martin Grigorov's blog post for how to debug Linux ARM64 related issues on a x86_64 host. |
| Package: bigmelon |
| Version: 1.35.0 |
| Command: /home/biocbuild/R/R/bin/R CMD check --install=check:bigmelon.install-out.txt --library=/home/biocbuild/R/R/site-library --no-vignettes --timings bigmelon_1.35.0.tar.gz |
| StartedAt: 2025-10-21 04:52:11 -0000 (Tue, 21 Oct 2025) |
| EndedAt: 2025-10-21 06:02:20 -0000 (Tue, 21 Oct 2025) |
| EllapsedTime: 4209.4 seconds |
| RetCode: None |
| Status: TIMEOUT |
| CheckDir: bigmelon.Rcheck |
| Warnings: NA |
##############################################################################
##############################################################################
###
### Running command:
###
### /home/biocbuild/R/R/bin/R CMD check --install=check:bigmelon.install-out.txt --library=/home/biocbuild/R/R/site-library --no-vignettes --timings bigmelon_1.35.0.tar.gz
###
##############################################################################
##############################################################################
* using log directory ‘/home/biocbuild/bbs-3.22-bioc/meat/bigmelon.Rcheck’
* using R version 4.5.0 (2025-04-11)
* using platform: aarch64-unknown-linux-gnu
* R was compiled by
aarch64-unknown-linux-gnu-gcc (GCC) 14.2.0
GNU Fortran (GCC) 14.2.0
* running under: openEuler 24.03 (LTS)
* using session charset: UTF-8
* using option ‘--no-vignettes’
* checking for file ‘bigmelon/DESCRIPTION’ ... OK
* checking extension type ... Package
* this is package ‘bigmelon’ version ‘1.35.0’
* checking package namespace information ... OK
* checking package dependencies ... OK
* checking if this is a source package ... OK
* checking if there is a namespace ... OK
* checking for hidden files and directories ... OK
* checking for portable file names ... OK
* checking for sufficient/correct file permissions ... OK
* checking whether package ‘bigmelon’ can be installed ... WARNING
Found the following significant warnings:
Note: possible error in 'readPepo(barcodes = sets[!is.na(sets)], ': unused argument (barcodes = sets[!is.na(sets)])
See ‘/home/biocbuild/bbs-3.22-bioc/meat/bigmelon.Rcheck/00install.out’ for details.
Information on the location(s) of code generating the ‘Note’s can be
obtained by re-running with environment variable R_KEEP_PKG_SOURCE set
to ‘yes’.
* checking installed package size ... OK
* checking package directory ... OK
* checking ‘build’ directory ... OK
* checking DESCRIPTION meta-information ... NOTE
Package listed in more than one of Depends, Imports, Suggests, Enhances:
‘BiocGenerics’
A package should be listed in only one of these fields.
* checking top-level files ... OK
* checking for left-over files ... OK
* checking index information ... OK
* checking package subdirectories ... OK
* checking code files for non-ASCII characters ... OK
* checking R files for syntax errors ... OK
* checking whether the package can be loaded ... OK
* checking whether the package can be loaded with stated dependencies ... OK
* checking whether the package can be unloaded cleanly ... OK
* checking whether the namespace can be loaded with stated dependencies ... OK
* checking whether the namespace can be unloaded cleanly ... OK
* checking loading without being on the library search path ... OK
* checking whether startup messages can be suppressed ... NOTE
No methods found in package ‘RSQLite’ for request: ‘dbListFields’ when loading ‘lumi’
It looks like this package (or a package it requires) has a startup
message which cannot be suppressed: see ?packageStartupMessage.
* checking dependencies in R code ... WARNING
Missing or unexported object: ‘GEOquery::gunzip’
Unexported objects imported by ':::' calls:
‘bumphunter:::greaterOrEqual’ ‘minfi:::pickCompProbes’
‘minfi:::projectCellType’ ‘wateRmelon:::.impose’
‘wateRmelon:::.normalizeQuantiles2’
See the note in ?`:::` about the use of this operator.
* checking S3 generic/method consistency ... OK
* checking replacement functions ... OK
* checking foreign function calls ... OK
* checking R code for possible problems ... NOTE
bigpepo: possible error in readPepo(barcodes = sets[!is.na(sets)],
manifest = manifest, n = TRUE, oob = FALSE, idatdir = path, ): unused
argument (barcodes = sets[!is.na(sets)])
bumphunterEngine.gdsn: no visible binding for global variable
‘locfitByCluster’
bumphunterEngine.gdsn: no visible global function definition for
‘getDoParRegistered’
bumphunterEngine.gdsn: no visible global function definition for
‘registerDoSEQ’
bumphunterEngine.gdsn: no visible global function definition for
‘getDoParWorkers’
bumphunterEngine.gdsn: no visible global function definition for
‘getDoParName’
bumphunterEngine.gdsn: no visible global function definition for
‘getDoParVersion’
bumphunterEngine.gdsn: no visible global function definition for
‘smoother’
bumphunterEngine.gdsn: no visible global function definition for
‘regionFinder’
bumphunterEngine.gdsn: no visible global function definition for
‘%dorng%’
bumphunterEngine.gdsn: no visible global function definition for
‘foreach’
bumphunterEngine.gdsn: no visible global function definition for ‘iter’
bumphunterEngine.gdsn: no visible binding for global variable
‘regionFinder’
bumphunterEngine.gdsn : computation.tots: no visible global function
definition for ‘%dorng%’
bumphunterEngine.gdsn : computation.tots: no visible global function
definition for ‘foreach’
bumphunterEngine.gdsn : computation.tots: no visible global function
definition for ‘iter’
bumphunterEngine.gdsn : computation.tots2: no visible global function
definition for ‘%dorng%’
bumphunterEngine.gdsn : computation.tots2: no visible global function
definition for ‘foreach’
bumphunterEngine.gdsn : computation.tots2: no visible global function
definition for ‘iter’
es2gds: no visible global function definition for ‘colData’
estimateCellCounts.gds: no visible global function definition for
‘colData’
idats2gds: no visible binding for global variable ‘ChipType’
Undefined global functions or variables:
%dorng% ChipType colData foreach getDoParName getDoParRegistered
getDoParVersion getDoParWorkers iter locfitByCluster regionFinder
registerDoSEQ smoother
* checking Rd files ... OK
* checking Rd metadata ... OK
* checking Rd cross-references ... NOTE
Found the following Rd file(s) with Rd \link{} targets missing package
anchors:
bigmelon-normalization.Rd: wateRmelon
bigmelon-package.Rd: dasen, wateRmelon, gdsfmt
ecc.Rd: convertArray
getquantilesandranks.Rd: get.attr.gdsn
wm-port.Rd: wateRmelon
Please provide package anchors for all Rd \link{} targets not in the
package itself and the base packages.
* checking for missing documentation entries ... WARNING
Undocumented code objects:
‘bigpepo’ ‘dim.gdsn.class’ ‘dimnames.gds.class’ ‘dimnames.gdsn.class’
All user-level objects in a package should have documentation entries.
See chapter ‘Writing R documentation files’ in the ‘Writing R
Extensions’ manual.
* checking for code/documentation mismatches ... WARNING
Functions or methods with usage in Rd file 'bigPepo.Rd' but not in code:
‘bigPepo’
Codoc mismatches from Rd file 'iadd.Rd':
iadd
Code: function(bar, gds, n = TRUE, force = TRUE, target_cpgs = NULL,
idatpath = NULL, ...)
Docs: function(bar, gds, n = TRUE, force = TRUE, target_cpgs = NULL,
...)
Argument names in code not in docs:
idatpath
Mismatches in argument names:
Position: 6 Code: idatpath Docs: ...
* checking Rd \usage sections ... WARNING
Undocumented arguments in Rd file 'bigPepo.Rd'
‘path’ ‘gds’ ‘manifest’ ‘chunksize’ ‘force’ ‘...’
Undocumented arguments in Rd file 'dim.gds.class.Rd'
‘gfile’ ‘v’
Functions with \usage entries need to have the appropriate \alias
entries, and all their arguments documented.
The \usage entries must correspond to syntactically valid R code.
See chapter ‘Writing R documentation files’ in the ‘Writing R
Extensions’ manual.
* checking Rd contents ... OK
* checking for unstated dependencies in examples ... OK
* checking contents of ‘data’ directory ... OK
* checking data for non-ASCII characters ... OK
* checking data for ASCII and uncompressed saves ... OK
* checking files in ‘vignettes’ ... OK
* checking examples ... ERROR
Running examples in ‘bigmelon-Ex.R’ failed
The error most likely occurred in:
> base::assign(".ptime", proc.time(), pos = "CheckExEnv")
> ### Name: iadd
> ### Title: Add data from Illumina IDAT files to a gds file.
> ### Aliases: iadd iadd2 idats2gds
>
> ### ** Examples
>
> if(require('minfiData')){
+ bd <- system.file('extdata', package='minfiData')
+ gfile <- iadd2(file.path(bd, '5723646052'), gds = 'melon.gds')
+ closefn.gds(gfile)
+ unlink('melon.gds')
+ }
Loading required package: minfiData
Loading required package: IlluminaHumanMethylation450kmanifest
Reading in: 5723646052_R02C02_Grn.idat
Reading in: 5723646052_R02C02_Red.idat
Reading in: 5723646052_R04C01_Grn.idat
Reading in: 5723646052_R04C01_Red.idat
Reading in: 5723646052_R05C02_Grn.idat
Reading in: 5723646052_R05C02_Red.idat
0 HumanMethylationEpic / Epicv2 samples found
3 HumanMethylation450 samples found
0 HumanMethylation27 samples found
Attempting to extract protocolData() from list...
Determining chip type from IDAT protocolData...
* checking for unstated dependencies in ‘tests’ ... OK
* checking tests ...
Running ‘runTests.R’
bigmelon.Rcheck/00install.out
############################################################################## ############################################################################## ### ### Running command: ### ### /home/biocbuild/R/R/bin/R CMD INSTALL bigmelon ### ############################################################################## ############################################################################## * installing to library ‘/home/biocbuild/R/R-4.5.0/site-library’ * installing *source* package ‘bigmelon’ ... ** this is package ‘bigmelon’ version ‘1.35.0’ ** using staged installation ** R ** data ** inst ** byte-compile and prepare package for lazy loading No methods found in package ‘RSQLite’ for request: ‘dbListFields’ when loading ‘lumi’ Creating a new generic function for ‘fot’ in package ‘bigmelon’ Note: possible error in 'readPepo(barcodes = sets[!is.na(sets)], ': unused argument (barcodes = sets[!is.na(sets)]) ** help *** installing help indices ** building package indices ** installing vignettes ** testing if installed package can be loaded from temporary location No methods found in package ‘RSQLite’ for request: ‘dbListFields’ when loading ‘lumi’ ** testing if installed package can be loaded from final location No methods found in package ‘RSQLite’ for request: ‘dbListFields’ when loading ‘lumi’ ** testing if installed package keeps a record of temporary installation path * DONE (bigmelon)
bigmelon.Rcheck/tests/runTests.Rout
R version 4.5.0 (2025-04-11) -- "How About a Twenty-Six"
Copyright (C) 2025 The R Foundation for Statistical Computing
Platform: aarch64-unknown-linux-gnu
R is free software and comes with ABSOLUTELY NO WARRANTY.
You are welcome to redistribute it under certain conditions.
Type 'license()' or 'licence()' for distribution details.
R is a collaborative project with many contributors.
Type 'contributors()' for more information and
'citation()' on how to cite R or R packages in publications.
Type 'demo()' for some demos, 'help()' for on-line help, or
'help.start()' for an HTML browser interface to help.
Type 'q()' to quit R.
> BiocGenerics:::testPackage("bigmelon")
Attaching package: 'generics'
The following objects are masked from 'package:base':
as.difftime, as.factor, as.ordered, intersect, is.element, setdiff,
setequal, union
Attaching package: 'BiocGenerics'
The following objects are masked from 'package:stats':
IQR, mad, sd, var, xtabs
The following objects are masked from 'package:base':
Filter, Find, Map, Position, Reduce, anyDuplicated, aperm, append,
as.data.frame, basename, cbind, colnames, dirname, do.call,
duplicated, eval, evalq, get, grep, grepl, is.unsorted, lapply,
mapply, match, mget, order, paste, pmax, pmax.int, pmin, pmin.int,
rank, rbind, rownames, sapply, saveRDS, table, tapply, unique,
unsplit, which.max, which.min
Welcome to Bioconductor
Vignettes contain introductory material; view with
'browseVignettes()'. To cite Bioconductor, see
'citation("Biobase")', and for packages 'citation("pkgname")'.
Attaching package: 'limma'
The following object is masked from 'package:BiocGenerics':
plotMA
Attaching package: 'matrixStats'
The following objects are masked from 'package:Biobase':
anyMissing, rowMedians
Attaching package: 'S4Vectors'
The following object is masked from 'package:utils':
findMatches
The following objects are masked from 'package:base':
I, expand.grid, unname
bigmelon.Rcheck/bigmelon-Ex.timings
| name | user | system | elapsed | |
| GEOtoGDS | 0 | 0 | 0 | |
| app2gds | 0.396 | 0.020 | 0.476 | |
| backupGdsn | 0.176 | 0.005 | 0.188 | |
| bigmelon-accessors | 0.244 | 0.009 | 0.285 | |
| bigmelon-internal | 0.164 | 0.015 | 0.196 | |
| bigmelon-normalization | 2.751 | 0.116 | 2.916 | |
| combogds | 0.404 | 0.027 | 0.448 | |
| es2gds | 0.166 | 0.013 | 0.185 | |
| finalreport2gds | 0 | 0 | 0 | |
| gds2mlumi | 0.390 | 0.012 | 0.409 | |
| getquantilesandranks | 0.222 | 0.016 | 0.248 | |