| Back to Multiple platform build/check report for BioC 3.22: simplified long |
|
This page was generated on 2025-10-25 12:07 -0400 (Sat, 25 Oct 2025).
| Hostname | OS | Arch (*) | R version | Installed pkgs |
|---|---|---|---|---|
| nebbiolo2 | Linux (Ubuntu 24.04.3 LTS) | x86_64 | 4.5.1 Patched (2025-08-23 r88802) -- "Great Square Root" | 4901 |
| lconway | macOS 12.7.6 Monterey | x86_64 | 4.5.1 Patched (2025-09-10 r88807) -- "Great Square Root" | 4691 |
| kjohnson3 | macOS 13.7.7 Ventura | arm64 | 4.5.1 Patched (2025-09-10 r88807) -- "Great Square Root" | 4637 |
| taishan | Linux (openEuler 24.03 LTS) | aarch64 | 4.5.0 (2025-04-11) -- "How About a Twenty-Six" | 4658 |
| Click on any hostname to see more info about the system (e.g. compilers) (*) as reported by 'uname -p', except on Windows and Mac OS X | ||||
| Package 71/2361 | Hostname | OS / Arch | INSTALL | BUILD | CHECK | BUILD BIN | ||||||||
| anndataR 0.99.6 (landing page) Robrecht Cannoodt
| nebbiolo2 | Linux (Ubuntu 24.04.3 LTS) / x86_64 | OK | OK | OK | |||||||||
| lconway | macOS 12.7.6 Monterey / x86_64 | OK | OK | OK | OK | |||||||||
| kjohnson3 | macOS 13.7.7 Ventura / arm64 | OK | OK | OK | OK | |||||||||
| taishan | Linux (openEuler 24.03 LTS) / aarch64 | OK | ERROR | skipped | ||||||||||
|
To the developers/maintainers of the anndataR package: - Allow up to 24 hours (and sometimes 48 hours) for your latest push to git@git.bioconductor.org:packages/anndataR.git to reflect on this report. See Troubleshooting Build Report for more information. - Use the following Renviron settings to reproduce errors and warnings. - If 'R CMD check' started to fail recently on the Linux builder(s) over a missing dependency, add the missing dependency to 'Suggests:' in your DESCRIPTION file. See Renviron.bioc for more information. - See Martin Grigorov's blog post for how to debug Linux ARM64 related issues on a x86_64 host. |
| Package: anndataR |
| Version: 0.99.6 |
| Command: /home/biocbuild/R/R/bin/R CMD build --keep-empty-dirs --no-resave-data anndataR |
| StartedAt: 2025-10-23 21:41:26 -0000 (Thu, 23 Oct 2025) |
| EndedAt: 2025-10-23 21:45:14 -0000 (Thu, 23 Oct 2025) |
| EllapsedTime: 228.1 seconds |
| RetCode: 1 |
| Status: ERROR |
| PackageFile: None |
| PackageFileSize: NA |
##############################################################################
##############################################################################
###
### Running command:
###
### /home/biocbuild/R/R/bin/R CMD build --keep-empty-dirs --no-resave-data anndataR
###
##############################################################################
##############################################################################
* checking for file ‘anndataR/DESCRIPTION’ ... OK
* preparing ‘anndataR’:
* checking DESCRIPTION meta-information ... OK
* installing the package to build vignettes
* creating vignettes ... ERROR
--- re-building ‘anndataR.Rmd’ using rmarkdown
Warning: vignette 'usage_python' not found
--- finished re-building ‘anndataR.Rmd’
--- re-building ‘usage_python.Rmd’ using rmarkdown
Downloading scanpy (2.0MiB)
Downloaded scanpy
Installed 41 packages in 163ms
Quitting from usage_python.Rmd:59-62 [load_python_data]
~~~~~~~~~~~~~~~~~~~~~~~~~~~~~~~~~~~~~~~~~~~~~~~~~~~~~~~~~~~~~~~~~~~~~~~~~~~~~~~~
<error/rlang_error>
Error in `py_call_impl()`:
! ModuleNotFoundError: No module named 'certifi'
Failed to open the url with default certificates. Please install `certifi` and try again.
Run `reticulate::py_last_error()` for details.
---
Backtrace:
▆
1. └─sc$datasets$pbmc3k_processed()
2. └─reticulate:::py_call_impl(callable, call_args$unnamed, call_args$named)
~~~~~~~~~~~~~~~~~~~~~~~~~~~~~~~~~~~~~~~~~~~~~~~~~~~~~~~~~~~~~~~~~~~~~~~~~~~~~~~~
Error: processing vignette 'usage_python.Rmd' failed with diagnostics:
ModuleNotFoundError: No module named 'certifi'
Failed to open the url with default certificates. Please install `certifi` and try again.
Run `reticulate::py_last_error()` for details.
--- failed re-building ‘usage_python.Rmd’
--- re-building ‘usage_seurat.Rmd’ using rmarkdown
--- finished re-building ‘usage_seurat.Rmd’
--- re-building ‘usage_singlecellexperiment.Rmd’ using rmarkdown
--- finished re-building ‘usage_singlecellexperiment.Rmd’
SUMMARY: processing the following file failed:
‘usage_python.Rmd’
Error: Vignette re-building failed.
Execution halted