| Back to Multiple platform build/check report for BioC 3.22: simplified long |
|
This page was generated on 2025-10-24 12:07 -0400 (Fri, 24 Oct 2025).
| Hostname | OS | Arch (*) | R version | Installed pkgs |
|---|---|---|---|---|
| nebbiolo2 | Linux (Ubuntu 24.04.3 LTS) | x86_64 | 4.5.1 Patched (2025-08-23 r88802) -- "Great Square Root" | 4898 |
| lconway | macOS 12.7.6 Monterey | x86_64 | 4.5.1 Patched (2025-09-10 r88807) -- "Great Square Root" | 4688 |
| kjohnson3 | macOS 13.7.7 Ventura | arm64 | 4.5.1 Patched (2025-09-10 r88807) -- "Great Square Root" | 4634 |
| taishan | Linux (openEuler 24.03 LTS) | aarch64 | 4.5.0 (2025-04-11) -- "How About a Twenty-Six" | 4658 |
| Click on any hostname to see more info about the system (e.g. compilers) (*) as reported by 'uname -p', except on Windows and Mac OS X | ||||
| Package 41/2359 | Hostname | OS / Arch | INSTALL | BUILD | CHECK | BUILD BIN | ||||||||
| alabaster.base 1.9.5 (landing page) Aaron Lun
| nebbiolo2 | Linux (Ubuntu 24.04.3 LTS) / x86_64 | OK | OK | WARNINGS | |||||||||
| lconway | macOS 12.7.6 Monterey / x86_64 | OK | OK | WARNINGS | OK | |||||||||
| kjohnson3 | macOS 13.7.7 Ventura / arm64 | OK | OK | WARNINGS | OK | |||||||||
| taishan | Linux (openEuler 24.03 LTS) / aarch64 | OK | OK | WARNINGS | ||||||||||
|
To the developers/maintainers of the alabaster.base package: - Allow up to 24 hours (and sometimes 48 hours) for your latest push to git@git.bioconductor.org:packages/alabaster.base.git to reflect on this report. See Troubleshooting Build Report for more information. - Use the following Renviron settings to reproduce errors and warnings. - If 'R CMD check' started to fail recently on the Linux builder(s) over a missing dependency, add the missing dependency to 'Suggests:' in your DESCRIPTION file. See Renviron.bioc for more information. - See Martin Grigorov's blog post for how to debug Linux ARM64 related issues on a x86_64 host. |
| Package: alabaster.base |
| Version: 1.9.5 |
| Command: /home/biocbuild/R/R/bin/R CMD check --install=check:alabaster.base.install-out.txt --library=/home/biocbuild/R/R/site-library --no-vignettes --timings alabaster.base_1.9.5.tar.gz |
| StartedAt: 2025-10-21 04:22:38 -0000 (Tue, 21 Oct 2025) |
| EndedAt: 2025-10-21 04:25:12 -0000 (Tue, 21 Oct 2025) |
| EllapsedTime: 153.1 seconds |
| RetCode: 0 |
| Status: WARNINGS |
| CheckDir: alabaster.base.Rcheck |
| Warnings: 1 |
##############################################################################
##############################################################################
###
### Running command:
###
### /home/biocbuild/R/R/bin/R CMD check --install=check:alabaster.base.install-out.txt --library=/home/biocbuild/R/R/site-library --no-vignettes --timings alabaster.base_1.9.5.tar.gz
###
##############################################################################
##############################################################################
* using log directory ‘/home/biocbuild/bbs-3.22-bioc/meat/alabaster.base.Rcheck’
* using R version 4.5.0 (2025-04-11)
* using platform: aarch64-unknown-linux-gnu
* R was compiled by
aarch64-unknown-linux-gnu-gcc (GCC) 14.2.0
GNU Fortran (GCC) 14.2.0
* running under: openEuler 24.03 (LTS)
* using session charset: UTF-8
* using option ‘--no-vignettes’
* checking for file ‘alabaster.base/DESCRIPTION’ ... OK
* this is package ‘alabaster.base’ version ‘1.9.5’
* package encoding: UTF-8
* checking package namespace information ... OK
* checking package dependencies ... OK
* checking if this is a source package ... OK
* checking if there is a namespace ... OK
* checking for hidden files and directories ... OK
* checking for portable file names ... OK
* checking for sufficient/correct file permissions ... OK
* checking whether package ‘alabaster.base’ can be installed ... OK
* used C++ compiler: ‘aarch64-unknown-linux-gnu-g++ (GCC) 14.2.0’
* checking C++ specification ... OK
* checking installed package size ... INFO
installed size is 34.4Mb
sub-directories of 1Mb or more:
libs 33.9Mb
* checking package directory ... OK
* checking ‘build’ directory ... OK
* checking DESCRIPTION meta-information ... NOTE
Versioned 'LinkingTo' value for ‘assorthead’ is only usable in R >= 3.0.2
* checking top-level files ... OK
* checking for left-over files ... OK
* checking index information ... OK
* checking package subdirectories ... OK
* checking code files for non-ASCII characters ... OK
* checking R files for syntax errors ... OK
* checking whether the package can be loaded ... OK
* checking whether the package can be loaded with stated dependencies ... OK
* checking whether the package can be unloaded cleanly ... OK
* checking whether the namespace can be loaded with stated dependencies ... OK
* checking whether the namespace can be unloaded cleanly ... OK
* checking loading without being on the library search path ... OK
* checking whether startup messages can be suppressed ... OK
* checking dependencies in R code ... OK
* checking S3 generic/method consistency ... OK
* checking replacement functions ... OK
* checking foreign function calls ... OK
* checking R code for possible problems ... OK
* checking Rd files ... OK
* checking Rd metadata ... OK
* checking Rd cross-references ... OK
* checking for missing documentation entries ... OK
* checking for code/documentation mismatches ... OK
* checking Rd \usage sections ... OK
* checking Rd contents ... OK
* checking for unstated dependencies in examples ... OK
* checking line endings in C/C++/Fortran sources/headers ... OK
* checking line endings in Makefiles ... OK
* checking compilation flags in Makevars ... OK
* checking for GNU extensions in Makefiles ... INFO
GNU make is a SystemRequirements.
* checking for portable use of $(BLAS_LIBS) and $(LAPACK_LIBS) ... OK
* checking use of PKG_*FLAGS in Makefiles ... OK
* checking compiled code ... WARNING
Note: information on .o files is not available
File ‘/home/biocbuild/R/R-4.5.0/site-library/alabaster.base/libs/alabaster.base.so’:
Found ‘_ZSt4cerr’, possibly from ‘std::cerr’ (C++)
Found ‘abort’, possibly from ‘abort’ (C)
Found ‘exit’, possibly from ‘exit’ (C)
Found ‘rand_r’, possibly from ‘rand_r’ (C)
Found ‘sprintf’, possibly from ‘sprintf’ (C)
Found ‘stderr’, possibly from ‘stderr’ (C)
Found ‘stdout’, possibly from ‘stdout’ (C)
Compiled code should not call entry points which might terminate R nor
write to stdout/stderr instead of to the console, nor use Fortran I/O
nor system RNGs nor [v]sprintf. The detected symbols are linked into
the code but might come from libraries and not actually be called.
See ‘Writing portable packages’ in the ‘Writing R Extensions’ manual.
* checking files in ‘vignettes’ ... OK
* checking examples ... OK
* checking for unstated dependencies in ‘tests’ ... OK
* checking tests ...
Running ‘testthat.R’
OK
* checking for unstated dependencies in vignettes ... OK
* checking package vignettes ... OK
* checking running R code from vignettes ... SKIPPED
* checking re-building of vignette outputs ... SKIPPED
* checking PDF version of manual ... OK
* DONE
Status: 1 WARNING, 1 NOTE
See
‘/home/biocbuild/bbs-3.22-bioc/meat/alabaster.base.Rcheck/00check.log’
for details.
alabaster.base.Rcheck/00install.out
############################################################################## ############################################################################## ### ### Running command: ### ### /home/biocbuild/R/R/bin/R CMD INSTALL alabaster.base ### ############################################################################## ############################################################################## * installing to library ‘/home/biocbuild/R/R-4.5.0/site-library’ * installing *source* package ‘alabaster.base’ ... ** this is package ‘alabaster.base’ version ‘1.9.5’ ** using staged installation ** libs using C++ compiler: ‘aarch64-unknown-linux-gnu-g++ (GCC) 14.2.0’ using C++17 /opt/ohpc/pub/compiler/gcc/14.2.0/bin/aarch64-unknown-linux-gnu-g++ -std=gnu++17 -I"/home/biocbuild/R/R-4.5.0/include" -DNDEBUG -I../inst/include -I'/home/biocbuild/R/R-4.5.0/site-library/Rcpp/include' -I'/home/biocbuild/R/R-4.5.0/site-library/assorthead/include' -I'/home/biocbuild/R/R-4.5.0/site-library/Rhdf5lib/include' -I/usr/local/include -fPIC -g -O2 -Wall -Werror=format-security -c RcppExports.cpp -o RcppExports.o /opt/ohpc/pub/compiler/gcc/14.2.0/bin/aarch64-unknown-linux-gnu-g++ -std=gnu++17 -I"/home/biocbuild/R/R-4.5.0/include" -DNDEBUG -I../inst/include -I'/home/biocbuild/R/R-4.5.0/site-library/Rcpp/include' -I'/home/biocbuild/R/R-4.5.0/site-library/assorthead/include' -I'/home/biocbuild/R/R-4.5.0/site-library/Rhdf5lib/include' -I/usr/local/include -fPIC -g -O2 -Wall -Werror=format-security -c check_csv.cpp -o check_csv.o /opt/ohpc/pub/compiler/gcc/14.2.0/bin/aarch64-unknown-linux-gnu-g++ -std=gnu++17 -I"/home/biocbuild/R/R-4.5.0/include" -DNDEBUG -I../inst/include -I'/home/biocbuild/R/R-4.5.0/site-library/Rcpp/include' -I'/home/biocbuild/R/R-4.5.0/site-library/assorthead/include' -I'/home/biocbuild/R/R-4.5.0/site-library/Rhdf5lib/include' -I/usr/local/include -fPIC -g -O2 -Wall -Werror=format-security -c check_list.cpp -o check_list.o /opt/ohpc/pub/compiler/gcc/14.2.0/bin/aarch64-unknown-linux-gnu-g++ -std=gnu++17 -I"/home/biocbuild/R/R-4.5.0/include" -DNDEBUG -I../inst/include -I'/home/biocbuild/R/R-4.5.0/site-library/Rcpp/include' -I'/home/biocbuild/R/R-4.5.0/site-library/assorthead/include' -I'/home/biocbuild/R/R-4.5.0/site-library/Rhdf5lib/include' -I/usr/local/include -fPIC -g -O2 -Wall -Werror=format-security -c choose_numeric_missing_placeholder.cpp -o choose_numeric_missing_placeholder.o /opt/ohpc/pub/compiler/gcc/14.2.0/bin/aarch64-unknown-linux-gnu-g++ -std=gnu++17 -I"/home/biocbuild/R/R-4.5.0/include" -DNDEBUG -I../inst/include -I'/home/biocbuild/R/R-4.5.0/site-library/Rcpp/include' -I'/home/biocbuild/R/R-4.5.0/site-library/assorthead/include' -I'/home/biocbuild/R/R-4.5.0/site-library/Rhdf5lib/include' -I/usr/local/include -fPIC -g -O2 -Wall -Werror=format-security -c is_rfc3339.cpp -o is_rfc3339.o /opt/ohpc/pub/compiler/gcc/14.2.0/bin/aarch64-unknown-linux-gnu-g++ -std=gnu++17 -I"/home/biocbuild/R/R-4.5.0/include" -DNDEBUG -I../inst/include -I'/home/biocbuild/R/R-4.5.0/site-library/Rcpp/include' -I'/home/biocbuild/R/R-4.5.0/site-library/assorthead/include' -I'/home/biocbuild/R/R-4.5.0/site-library/Rhdf5lib/include' -I/usr/local/include -fPIC -g -O2 -Wall -Werror=format-security -c load_csv.cpp -o load_csv.o /opt/ohpc/pub/compiler/gcc/14.2.0/bin/aarch64-unknown-linux-gnu-g++ -std=gnu++17 -I"/home/biocbuild/R/R-4.5.0/include" -DNDEBUG -I../inst/include -I'/home/biocbuild/R/R-4.5.0/site-library/Rcpp/include' -I'/home/biocbuild/R/R-4.5.0/site-library/assorthead/include' -I'/home/biocbuild/R/R-4.5.0/site-library/Rhdf5lib/include' -I/usr/local/include -fPIC -g -O2 -Wall -Werror=format-security -c load_list.cpp -o load_list.o /opt/ohpc/pub/compiler/gcc/14.2.0/bin/aarch64-unknown-linux-gnu-g++ -std=gnu++17 -I"/home/biocbuild/R/R-4.5.0/include" -DNDEBUG -I../inst/include -I'/home/biocbuild/R/R-4.5.0/site-library/Rcpp/include' -I'/home/biocbuild/R/R-4.5.0/site-library/assorthead/include' -I'/home/biocbuild/R/R-4.5.0/site-library/Rhdf5lib/include' -I/usr/local/include -fPIC -g -O2 -Wall -Werror=format-security -c validate.cpp -o validate.o /opt/ohpc/pub/compiler/gcc/14.2.0/bin/aarch64-unknown-linux-gnu-g++ -std=gnu++17 -I"/home/biocbuild/R/R-4.5.0/include" -DNDEBUG -I../inst/include -I'/home/biocbuild/R/R-4.5.0/site-library/Rcpp/include' -I'/home/biocbuild/R/R-4.5.0/site-library/assorthead/include' -I'/home/biocbuild/R/R-4.5.0/site-library/Rhdf5lib/include' -I/usr/local/include -fPIC -g -O2 -Wall -Werror=format-security -c vls.cpp -o vls.o /opt/ohpc/pub/compiler/gcc/14.2.0/bin/aarch64-unknown-linux-gnu-g++ -std=gnu++17 -shared -L/home/biocbuild/R/R-4.5.0/lib -L/usr/local/lib -o alabaster.base.so RcppExports.o check_csv.o check_list.o choose_numeric_missing_placeholder.o is_rfc3339.o load_csv.o load_list.o validate.o vls.o /home/biocbuild/R/R-4.5.0/site-library/Rhdf5lib/lib/libhdf5_cpp.a /home/biocbuild/R/R-4.5.0/site-library/Rhdf5lib/lib/libhdf5.a -L/home/biocbuild/R/R-4.5.0/site-library/Rhdf5lib/lib -lsz -laec -lz -ldl -lm -lz -L/home/biocbuild/R/R-4.5.0/lib -lR installing to /home/biocbuild/R/R-4.5.0/site-library/00LOCK-alabaster.base/00new/alabaster.base/libs ** R ** inst ** byte-compile and prepare package for lazy loading ** help *** installing help indices ** building package indices ** installing vignettes ** testing if installed package can be loaded from temporary location ** checking absolute paths in shared objects and dynamic libraries ** testing if installed package can be loaded from final location ** testing if installed package keeps a record of temporary installation path * DONE (alabaster.base)
alabaster.base.Rcheck/tests/testthat.Rout
R version 4.5.0 (2025-04-11) -- "How About a Twenty-Six"
Copyright (C) 2025 The R Foundation for Statistical Computing
Platform: aarch64-unknown-linux-gnu
R is free software and comes with ABSOLUTELY NO WARRANTY.
You are welcome to redistribute it under certain conditions.
Type 'license()' or 'licence()' for distribution details.
R is a collaborative project with many contributors.
Type 'contributors()' for more information and
'citation()' on how to cite R or R packages in publications.
Type 'demo()' for some demos, 'help()' for on-line help, or
'help.start()' for an HTML browser interface to help.
Type 'q()' to quit R.
> library(testthat)
> library(alabaster.base)
> test_check("alabaster.base")
[ FAIL 0 | WARN 0 | SKIP 0 | PASS 741 ]
>
> proc.time()
user system elapsed
95.191 3.077 86.612
alabaster.base.Rcheck/alabaster.base-Ex.timings
| name | user | system | elapsed | |
| Rfc3339 | 0.003 | 0.001 | 0.004 | |
| absolutizePath | 0.001 | 0.000 | 0.001 | |
| acquireFile | 0.718 | 0.031 | 0.754 | |
| altReadObject | 0.128 | 0.009 | 0.289 | |
| altSaveObject | 0.097 | 0.004 | 0.101 | |
| anyMissing | 0.001 | 0.000 | 0.001 | |
| chooseMissingPlaceholderForHdf5 | 0.002 | 0.000 | 0.002 | |
| cloneDirectory | 0.002 | 0.000 | 0.002 | |
| createDedupSession | 0.074 | 0.000 | 0.074 | |
| createRedirection | 0.671 | 0.055 | 0.623 | |
| getSaveEnvironment | 0.019 | 0.012 | 0.031 | |
| listObjects | 0.154 | 0.056 | 0.210 | |
| loadDirectory | 1.153 | 0.067 | 1.061 | |
| moveObject | 1.343 | 0.038 | 1.166 | |
| quickLoadObject | 1.182 | 0.069 | 1.060 | |
| quickReadCsv | 0.054 | 0.004 | 0.059 | |
| readAtomicVector | 0.04 | 0.00 | 0.04 | |
| readBaseFactor | 0.023 | 0.008 | 0.032 | |
| readBaseList | 0.149 | 0.004 | 0.155 | |
| readDataFrame | 0.101 | 0.000 | 0.100 | |
| readDataFrameFactor | 0.382 | 0.024 | 0.408 | |
| readObject | 0.091 | 0.000 | 0.091 | |
| readObjectFile | 0.001 | 0.000 | 0.001 | |
| removeObject | 1.012 | 0.055 | 0.894 | |
| saveAtomicVector | 0.055 | 0.032 | 0.087 | |
| saveBaseFactor | 0.019 | 0.004 | 0.023 | |
| saveBaseList | 0.075 | 0.000 | 0.075 | |
| saveDataFrameFactor | 0.140 | 0.000 | 0.141 | |
| saveFormats | 0 | 0 | 0 | |
| saveObject | 0.079 | 0.000 | 0.079 | |
| stageDataFrame | 0.071 | 0.004 | 0.075 | |
| transformVectorForHdf5 | 0.000 | 0.000 | 0.001 | |
| validateDirectory | 0.114 | 0.011 | 0.130 | |
| validateObject | 0.077 | 0.008 | 0.085 | |
| writeMetadata | 0.357 | 0.011 | 0.315 | |