Back to Multiple platform build/check report for BioC 3.22:   simplified   long
ABCDEFGHIJKLMNOPQ[R]STUVWXYZ

This page was generated on 2025-11-20 12:05 -0500 (Thu, 20 Nov 2025).

HostnameOSArch (*)R versionInstalled pkgs
nebbiolo2Linux (Ubuntu 24.04.3 LTS)x86_644.5.2 (2025-10-31) -- "[Not] Part in a Rumble" 4615
merida1macOS 12.7.6 Montereyx86_644.5.2 Patched (2025-11-05 r88990) -- "[Not] Part in a Rumble" 4610
kjohnson1macOS 13.7.5 Venturaarm644.5.2 Patched (2025-11-04 r88984) -- "[Not] Part in a Rumble" 4598
taishanLinux (openEuler 24.03 LTS)aarch644.5.0 (2025-04-11) -- "How About a Twenty-Six" 4668
Click on any hostname to see more info about the system (e.g. compilers)      (*) as reported by 'uname -p', except on Windows and Mac OS X

Package 1796/2361HostnameOS / ArchINSTALLBUILDCHECKBUILD BIN
RiboDiPA 1.18.0  (landing page)
Ji-Ping Wang
Snapshot Date: 2025-11-17 13:45 -0500 (Mon, 17 Nov 2025)
git_url: https://git.bioconductor.org/packages/RiboDiPA
git_branch: RELEASE_3_22
git_last_commit: 44db22f
git_last_commit_date: 2025-10-29 11:05:49 -0500 (Wed, 29 Oct 2025)
nebbiolo2Linux (Ubuntu 24.04.3 LTS) / x86_64  OK    OK    OK  UNNEEDED, same version is already published
merida1macOS 12.7.6 Monterey / x86_64  OK    ERROR  skippedskipped
kjohnson1macOS 13.7.5 Ventura / arm64  OK    OK    OK    OK  UNNEEDED, same version is already published
taishanLinux (openEuler 24.03 LTS) / aarch64  OK    OK    OK  


BUILD results for RiboDiPA on merida1

To the developers/maintainers of the RiboDiPA package:
- Allow up to 24 hours (and sometimes 48 hours) for your latest push to git@git.bioconductor.org:packages/RiboDiPA.git to reflect on this report. See Troubleshooting Build Report for more information.
- Use the following Renviron settings to reproduce errors and warnings.
- If 'R CMD check' started to fail recently on the Linux builder(s) over a missing dependency, add the missing dependency to 'Suggests:' in your DESCRIPTION file. See Renviron.bioc for more information.

raw results


Summary

Package: RiboDiPA
Version: 1.18.0
Command: /Library/Frameworks/R.framework/Resources/bin/R CMD build --keep-empty-dirs --no-resave-data RiboDiPA
StartedAt: 2025-11-18 01:35:50 -0500 (Tue, 18 Nov 2025)
EndedAt: 2025-11-18 01:38:21 -0500 (Tue, 18 Nov 2025)
EllapsedTime: 150.6 seconds
RetCode: 1
Status:   ERROR  
PackageFile: None
PackageFileSize: NA

Command output

##############################################################################
##############################################################################
###
### Running command:
###
###   /Library/Frameworks/R.framework/Resources/bin/R CMD build --keep-empty-dirs --no-resave-data RiboDiPA
###
##############################################################################
##############################################################################


* checking for file ‘RiboDiPA/DESCRIPTION’ ... OK
* preparing ‘RiboDiPA’:
* checking DESCRIPTION meta-information ... OK
* cleaning src
* installing the package to build vignettes
* creating vignettes ... ERROR
--- re-building ‘RiboDiPA.Rmd’ using rmarkdown

Quitting from RiboDiPA.Rmd:158-165 [unnamed-chunk-2]
~~~~~~~~~~~~~~~~~~~~~~~~~~~~~~~~~~~~~~~~~~~~~~~~~~~~~~~~~~~~~~~~~~~~~~~~~~~~~~~~
<error/rlang_error>
Error in `bfcrpath()`:
! not all 'rnames' found or unique.
---
Backtrace:
    ▆
 1. ├─BiocFileCache::bfcrpath(bfc, paste0(url, file_names))
 2. └─BiocFileCache::bfcrpath(bfc, paste0(url, file_names))
~~~~~~~~~~~~~~~~~~~~~~~~~~~~~~~~~~~~~~~~~~~~~~~~~~~~~~~~~~~~~~~~~~~~~~~~~~~~~~~~

Error: processing vignette 'RiboDiPA.Rmd' failed with diagnostics:
not all 'rnames' found or unique.
--- failed re-building ‘RiboDiPA.Rmd’

SUMMARY: processing the following file failed:
  ‘RiboDiPA.Rmd’

Error: Vignette re-building failed.
Execution halted