Back to Multiple platform build/check report for BioC 3.22:   simplified   long
ABCDEFGHIJKLMNO[P]QRSTUVWXYZ

This page was generated on 2025-11-20 12:05 -0500 (Thu, 20 Nov 2025).

HostnameOSArch (*)R versionInstalled pkgs
nebbiolo2Linux (Ubuntu 24.04.3 LTS)x86_644.5.2 (2025-10-31) -- "[Not] Part in a Rumble" 4615
merida1macOS 12.7.6 Montereyx86_644.5.2 Patched (2025-11-05 r88990) -- "[Not] Part in a Rumble" 4610
kjohnson1macOS 13.7.5 Venturaarm644.5.2 Patched (2025-11-04 r88984) -- "[Not] Part in a Rumble" 4598
taishanLinux (openEuler 24.03 LTS)aarch644.5.0 (2025-04-11) -- "How About a Twenty-Six" 4668
Click on any hostname to see more info about the system (e.g. compilers)      (*) as reported by 'uname -p', except on Windows and Mac OS X

Package 1567/2361HostnameOS / ArchINSTALLBUILDCHECKBUILD BIN
PDATK 1.18.0  (landing page)
Benjamin Haibe-Kains
Snapshot Date: 2025-11-17 13:45 -0500 (Mon, 17 Nov 2025)
git_url: https://git.bioconductor.org/packages/PDATK
git_branch: RELEASE_3_22
git_last_commit: d15fa15
git_last_commit_date: 2025-10-29 11:06:35 -0500 (Wed, 29 Oct 2025)
nebbiolo2Linux (Ubuntu 24.04.3 LTS) / x86_64  OK    OK    WARNINGS  UNNEEDED, same version is already published
merida1macOS 12.7.6 Monterey / x86_64  OK    OK    WARNINGS    OK  UNNEEDED, same version is already published
kjohnson1macOS 13.7.5 Ventura / arm64  OK    OK    WARNINGS    OK  UNNEEDED, same version is already published
taishanLinux (openEuler 24.03 LTS) / aarch64  OK    TIMEOUT  skipped


CHECK results for PDATK on merida1

To the developers/maintainers of the PDATK package:
- Allow up to 24 hours (and sometimes 48 hours) for your latest push to git@git.bioconductor.org:packages/PDATK.git to reflect on this report. See Troubleshooting Build Report for more information.
- Use the following Renviron settings to reproduce errors and warnings.
- If 'R CMD check' started to fail recently on the Linux builder(s) over a missing dependency, add the missing dependency to 'Suggests:' in your DESCRIPTION file. See Renviron.bioc for more information.

raw results


Summary

Package: PDATK
Version: 1.18.0
Command: /Library/Frameworks/R.framework/Resources/bin/R CMD check --install=check:PDATK.install-out.txt --library=/Library/Frameworks/R.framework/Resources/library --no-vignettes --timings PDATK_1.18.0.tar.gz
StartedAt: 2025-11-18 11:50:58 -0500 (Tue, 18 Nov 2025)
EndedAt: 2025-11-18 12:02:13 -0500 (Tue, 18 Nov 2025)
EllapsedTime: 675.0 seconds
RetCode: 0
Status:   WARNINGS  
CheckDir: PDATK.Rcheck
Warnings: 2

Command output

##############################################################################
##############################################################################
###
### Running command:
###
###   /Library/Frameworks/R.framework/Resources/bin/R CMD check --install=check:PDATK.install-out.txt --library=/Library/Frameworks/R.framework/Resources/library --no-vignettes --timings PDATK_1.18.0.tar.gz
###
##############################################################################
##############################################################################


* using log directory ‘/Users/biocbuild/bbs-3.22-bioc/meat/PDATK.Rcheck’
* using R version 4.5.2 Patched (2025-11-05 r88990)
* using platform: x86_64-apple-darwin20
* R was compiled by
    Apple clang version 14.0.0 (clang-1400.0.29.202)
    GNU Fortran (GCC) 14.2.0
* running under: macOS Monterey 12.7.6
* using session charset: UTF-8
* using option ‘--no-vignettes’
* checking for file ‘PDATK/DESCRIPTION’ ... OK
* checking extension type ... Package
* this is package ‘PDATK’ version ‘1.18.0’
* package encoding: UTF-8
* checking package namespace information ... OK
* checking package dependencies ... INFO
Imports includes 28 non-default packages.
Importing from so many packages makes the package vulnerable to any of
them becoming unavailable.  Move as many as possible to Suggests and
use conditionally.
* checking if this is a source package ... OK
* checking if there is a namespace ... OK
* checking for hidden files and directories ... OK
* checking for portable file names ... OK
* checking for sufficient/correct file permissions ... OK
* checking whether package ‘PDATK’ can be installed ... WARNING
Found the following significant warnings:
  Warning: replacing previous import ‘survival::brier’ by ‘verification::brier’ when loading ‘PDATK’
See ‘/Users/biocbuild/bbs-3.22-bioc/meat/PDATK.Rcheck/00install.out’ for details.
* checking installed package size ... OK
* checking package directory ... OK
* checking ‘build’ directory ... OK
* checking DESCRIPTION meta-information ... NOTE
License stub is invalid DCF.
* checking top-level files ... OK
* checking for left-over files ... OK
* checking index information ... OK
* checking package subdirectories ... OK
* checking code files for non-ASCII characters ... OK
* checking R files for syntax errors ... OK
* checking whether the package can be loaded ... OK
* checking whether the package can be loaded with stated dependencies ... OK
* checking whether the package can be unloaded cleanly ... OK
* checking whether the namespace can be loaded with stated dependencies ... OK
* checking whether the namespace can be unloaded cleanly ... OK
* checking dependencies in R code ... OK
* checking S3 generic/method consistency ... OK
* checking replacement functions ... OK
* checking foreign function calls ... OK
* checking R code for possible problems ... NOTE
.calculateMSMthresholds: no visible binding for global variable
  ‘funContext’
.plotNetwork: no visible global function definition for ‘legend’
NCSModel: no visible binding for global variable ‘metric’
NCSModel: no visible binding for global variable ‘comparison’
NCSModel: no visible binding for global variable ‘centroid_K’
NCSModel: no visible binding for global variable ‘assay_K’
NetworkCommunitySearchModel: no visible binding for global variable
  ‘metric’
NetworkCommunitySearchModel: no visible binding for global variable
  ‘comparison’
NetworkCommunitySearchModel: no visible binding for global variable
  ‘centroid_K’
NetworkCommunitySearchModel: no visible binding for global variable
  ‘assay_K’
predictClasses,ConsensusMetaclusteringModel-ANY: no visible global
  function definition for ‘.error’
predictClasses,NCSModel-ANY: no visible binding for global variable
  ‘centroid_cohort’
predictClasses,NCSModel-ANY: no visible binding for global variable
  ‘centroid_K’
predictClasses,NCSModel-ANY: no visible binding for global variable
  ‘assay_cohort’
predictClasses,NCSModel-ANY: no visible binding for global variable
  ‘assay_K’
predictClasses,NCSModel-ANY: no visible binding for global variable
  ‘tmp’
predictClasses,NCSModel-ANY: no visible binding for global variable
  ‘cluster_label’
rankFeatures,MultiAssayExperiment: no visible binding for global
  variable ‘feature’
rankFeatures,MultiAssayExperiment: no visible binding for global
  variable ‘missignAssays’
rankFeatures,MultiAssayExperiment: no visible binding for global
  variable ‘feature_score’
rankFeatures,MultiAssayExperiment: no visible binding for global
  variable ‘feature_rank’
trainModel,ConsensusMetaclusteringModel: no visible global function
  definition for ‘pdf’
trainModel,ConsensusMetaclusteringModel: no visible global function
  definition for ‘dev.off’
trainModel,NCSModel: no visible binding for global variable
  ‘ingroup_proportion’
trainModel,NCSModel: no visible binding for global variable
  ‘cor_threshold’
Undefined global functions or variables:
  .error assay_K assay_cohort centroid_K centroid_cohort cluster_label
  comparison cor_threshold dev.off feature feature_rank feature_score
  funContext ingroup_proportion legend metric missignAssays pdf tmp
Consider adding
  importFrom("grDevices", "dev.off", "pdf")
  importFrom("graphics", "legend")
to your NAMESPACE file.
* checking Rd files ... OK
* checking Rd metadata ... OK
* checking Rd cross-references ... WARNING
Missing link(s) in Rd file 'rankFeatures-MultiAssayExperiment-method.Rd':
  ‘[dplyr:ranking]{dplyr::dense_rank}’

See section 'Cross-references' in the 'Writing R Extensions' manual.
* checking for missing documentation entries ... OK
* checking for code/documentation mismatches ... OK
* checking Rd \usage sections ... NOTE
Documented arguments not in \usage in Rd file 'dot-randomSampleIndex.Rd':
  ‘numSamples’

Functions with \usage entries need to have the appropriate \alias
entries, and all their arguments documented.
The \usage entries must correspond to syntactically valid R code.
See chapter ‘Writing R documentation files’ in the ‘Writing R
Extensions’ manual.
* checking Rd contents ... OK
* checking for unstated dependencies in examples ... OK
* checking contents of ‘data’ directory ... OK
* checking data for non-ASCII characters ... OK
* checking data for ASCII and uncompressed saves ... OK
* checking files in ‘vignettes’ ... OK
* checking examples ... OK
Examples with CPU (user + system) or elapsed time > 5s
                 user system elapsed
ModelComparison 5.367  0.113    5.86
* checking for unstated dependencies in ‘tests’ ... OK
* checking tests ...
  Running ‘testthat.R’
 OK
* checking for unstated dependencies in vignettes ... OK
* checking package vignettes ... OK
* checking running R code from vignettes ... SKIPPED
* checking re-building of vignette outputs ... SKIPPED
* checking PDF version of manual ... OK
* DONE

Status: 2 WARNINGs, 3 NOTEs
See
  ‘/Users/biocbuild/bbs-3.22-bioc/meat/PDATK.Rcheck/00check.log’
for details.


Installation output

PDATK.Rcheck/00install.out

##############################################################################
##############################################################################
###
### Running command:
###
###   /Library/Frameworks/R.framework/Resources/bin/R CMD INSTALL PDATK
###
##############################################################################
##############################################################################


* installing to library ‘/Library/Frameworks/R.framework/Versions/4.5-x86_64/Resources/library’
* installing *source* package ‘PDATK’ ...
** this is package ‘PDATK’ version ‘1.18.0’
** using staged installation
** R
** data
** byte-compile and prepare package for lazy loading
Warning: replacing previous import ‘survival::brier’ by ‘verification::brier’ when loading ‘PDATK’
Warning: replacing previous import ‘limma::logsumexp’ by ‘mclust::logsumexp’ when loading ‘genefu’
** help
*** installing help indices
** building package indices
** installing vignettes
** testing if installed package can be loaded from temporary location
Warning: replacing previous import ‘survival::brier’ by ‘verification::brier’ when loading ‘PDATK’
Warning: replacing previous import ‘limma::logsumexp’ by ‘mclust::logsumexp’ when loading ‘genefu’
** testing if installed package can be loaded from final location
Warning: replacing previous import ‘survival::brier’ by ‘verification::brier’ when loading ‘PDATK’
Warning: replacing previous import ‘limma::logsumexp’ by ‘mclust::logsumexp’ when loading ‘genefu’
** testing if installed package keeps a record of temporary installation path
* DONE (PDATK)

Tests output

PDATK.Rcheck/tests/testthat.Rout


R version 4.5.2 Patched (2025-11-05 r88990) -- "[Not] Part in a Rumble"
Copyright (C) 2025 The R Foundation for Statistical Computing
Platform: x86_64-apple-darwin20

R is free software and comes with ABSOLUTELY NO WARRANTY.
You are welcome to redistribute it under certain conditions.
Type 'license()' or 'licence()' for distribution details.

R is a collaborative project with many contributors.
Type 'contributors()' for more information and
'citation()' on how to cite R or R packages in publications.

Type 'demo()' for some demos, 'help()' for on-line help, or
'help.start()' for an HTML browser interface to help.
Type 'q()' to quit R.

> library(testthat)
> library(PDATK)
Loading required package: SummarizedExperiment
Loading required package: MatrixGenerics
Loading required package: matrixStats

Attaching package: 'MatrixGenerics'

The following objects are masked from 'package:matrixStats':

    colAlls, colAnyNAs, colAnys, colAvgsPerRowSet, colCollapse,
    colCounts, colCummaxs, colCummins, colCumprods, colCumsums,
    colDiffs, colIQRDiffs, colIQRs, colLogSumExps, colMadDiffs,
    colMads, colMaxs, colMeans2, colMedians, colMins, colOrderStats,
    colProds, colQuantiles, colRanges, colRanks, colSdDiffs, colSds,
    colSums2, colTabulates, colVarDiffs, colVars, colWeightedMads,
    colWeightedMeans, colWeightedMedians, colWeightedSds,
    colWeightedVars, rowAlls, rowAnyNAs, rowAnys, rowAvgsPerColSet,
    rowCollapse, rowCounts, rowCummaxs, rowCummins, rowCumprods,
    rowCumsums, rowDiffs, rowIQRDiffs, rowIQRs, rowLogSumExps,
    rowMadDiffs, rowMads, rowMaxs, rowMeans2, rowMedians, rowMins,
    rowOrderStats, rowProds, rowQuantiles, rowRanges, rowRanks,
    rowSdDiffs, rowSds, rowSums2, rowTabulates, rowVarDiffs, rowVars,
    rowWeightedMads, rowWeightedMeans, rowWeightedMedians,
    rowWeightedSds, rowWeightedVars

Loading required package: GenomicRanges
Loading required package: stats4
Loading required package: BiocGenerics
Loading required package: generics

Attaching package: 'generics'

The following objects are masked from 'package:base':

    as.difftime, as.factor, as.ordered, intersect, is.element, setdiff,
    setequal, union


Attaching package: 'BiocGenerics'

The following objects are masked from 'package:stats':

    IQR, mad, sd, var, xtabs

The following objects are masked from 'package:base':

    Filter, Find, Map, Position, Reduce, anyDuplicated, aperm, append,
    as.data.frame, basename, cbind, colnames, dirname, do.call,
    duplicated, eval, evalq, get, grep, grepl, is.unsorted, lapply,
    mapply, match, mget, order, paste, pmax, pmax.int, pmin, pmin.int,
    rank, rbind, rownames, sapply, saveRDS, table, tapply, unique,
    unsplit, which.max, which.min

Loading required package: S4Vectors

Attaching package: 'S4Vectors'

The following object is masked from 'package:utils':

    findMatches

The following objects are masked from 'package:base':

    I, expand.grid, unname

Loading required package: IRanges
Loading required package: Seqinfo
Loading required package: Biobase
Welcome to Bioconductor

    Vignettes contain introductory material; view with
    'browseVignettes()'. To cite Bioconductor, see
    'citation("Biobase")', and for packages 'citation("pkgname")'.


Attaching package: 'Biobase'

The following object is masked from 'package:MatrixGenerics':

    rowMedians

The following objects are masked from 'package:matrixStats':

    anyMissing, rowMedians

Warning messages:
1: replacing previous import 'survival::brier' by 'verification::brier' when loading 'PDATK' 
2: replacing previous import 'limma::logsumexp' by 'mclust::logsumexp' when loading 'genefu' 
> 
> test_check("PDATK")
[ FAIL 0 | WARN 2 | SKIP 0 | PASS 77 ]

[ FAIL 0 | WARN 2 | SKIP 0 | PASS 77 ]
> 
> proc.time()
   user  system elapsed 
 53.468  10.369  64.103 

Example timings

PDATK.Rcheck/PDATK-Ex.timings

nameusersystemelapsed
CSPC_MAE0.0070.0040.011
ClinicalModel-class0.1710.0070.185
ClinicalModel0.1460.0070.162
CohortList0.0480.0070.056
ConsensusMetaclusteringModel0.0230.0040.027
CoxModel0.5570.0130.599
GeneFuModel0.1960.0030.211
ModelComparison5.3670.1135.860
PCOSP0.1520.0270.189
RandomGeneAssignmentModel0.1500.0260.184
RandomLabelShufflingModel0.1470.0250.172
SurvivalExperiment0.1780.0320.212
SurvivalModel-class0.0780.0160.094
SurvivalModel0.0750.0160.093
assignColDataColumn0.0650.0090.075
assignSubtypes-CohortList-list-method1.0280.1261.187
assignSubtypes-SurvivalExperiment-data.frame-method0.0660.0120.081
assignSubtypes0.0630.0130.077
barPlotModelComparison-ClinicalModel-PCOSP_or_RLS_or_RGA-method1.4820.0271.587
barPlotModelComparison1.4830.0291.587
birnbaum0.0040.0070.010
chen0.0040.0060.010
cohortSubtypeDFs0.0050.0060.012
compareModels-ModelComparison-SurvivalModel-method1.4130.0301.526
compareModels-SurvivalModel-SurvivalModel-method1.3200.0281.418
compareModels1.3380.0291.441
dropNotCensored-CohortList-method0.9640.0091.027
dropNotCensored-SurvivalExperiment-method0.0860.0070.103
dropNotCensored0.0870.0060.093
existingClassifierData0.0030.0060.009
findCommonGenes-CohortList-method0.0340.0080.082
findCommonGenes0.0340.0060.041
findCommonSamples-CohortList-method0.0500.0070.059
findCommonSamples0.0470.0060.054
forestPlot-ModelComparison-method1.8320.0351.881
forestPlot-PCOSP_or_ClinicalModel-method0.2300.0080.239
forestPlot0.4120.0090.438
getModelSeed-SurvivalModel-method0.0100.0070.017
getModelSeed0.0100.0060.015
getTopFeatures-PCOSP-method0.0100.0070.017
getTopFeatures-SummarizedExperiment-method0.2540.0090.272
getTopFeatures0.0100.0060.017
haiderSigScores0.0040.0060.010
hasColDataColumns0.0270.0010.029
merge-SurvivalExperiment-SurvivalExperiment-method0.2500.0080.266
modelParams-set0.0220.0040.028
modelParams0.0230.0040.027
models-SurvivalModel-method0.0090.0070.022
models-set-SurvivalModel-SimpleList-method0.0110.0070.019
models-set0.0240.0040.028
models0.0140.0040.020
normalsMAE0.0030.0030.007
plotROC-PCOSP-method0.7210.0140.792
predictClasses-CohortList-ClinicalModel-method0.5240.0170.567
predictClasses-CohortList-PCOSP_or_RLS_or_RGA-method0.6750.0220.731
predictClasses-SurvivalExperiment-ClinicalModel-method0.2600.0160.291
predictClasses-SurvivalExperiment-PCOSP_or_RLS_or_RGA-method0.2540.0150.284
predictClasses0.2580.0160.283
rankFeatures-SummarizedExperiment-method0.2850.0070.306
rankFeatures0.2090.0070.228
removeColDataFactorColumns0.0320.0070.042
removeFactorColumns0.0050.0010.006
renameColDataColumns0.0340.0080.045
renameColumns0.0030.0000.004
sampleClinicalModel0.0080.0060.014
sampleCohortList0.0310.0070.038
sampleICGCmicro0.0090.0060.016
samplePCOSPmodel0.0080.0060.016
samplePCOSPpredList0.0460.0060.057
samplePCSIsurvExp0.0080.0060.015
sampleRGAmodel0.0090.0070.017
sampleRLSmodel0.0100.0060.018
sampleTrainedPCOSPmodel0.0100.0060.016
sampleValPCOSPmodel0.0510.0060.058
show-S4Model-method0.1150.0050.128
subset-CohortList-method0.2920.0070.315
trainData-set0.0230.0030.028
trainData0.0130.0030.021
trainModel-ClinicalModel-method0.0950.0070.108
trainModel-PCOSP-method1.2470.0431.392
trainModel-RGAModel-method1.2750.0111.398
trainModel-RLSModel-method1.1500.0141.350
trainModel1.3300.0171.472
validateModel-ClinicalModel-CohortList-method0.4810.0150.537
validateModel-ClinicalModel-SurvivalExperiment-method1.2510.0301.386
validateModel-GeneFuModel-CohortList-method2.1410.0632.342
validateModel-PCOSP_or_RLS_or_RGA-CohortList-method2.0340.0222.249
validateModel-PCOSP_or_RLS_or_RGA-SurvivalExperiment-method2.0790.0232.317
validateModel0.1630.0120.194
validationData-SurvivalModel-method0.0110.0060.017
validationData-set-SurvivalModel-CohortList-method0.0090.0060.018
validationData-set0.0140.0040.021
validationData0.0140.0040.023
validationStats-SurvivalModel-method0.0090.0060.016
validationStats-set-SurvivalModel-data.frame-method0.0110.0060.018
validationStats-set0.0140.0030.019
validationStats0.0140.0040.018