| Back to Multiple platform build/check report for BioC 3.22: simplified long |
|
This page was generated on 2025-10-24 12:04 -0400 (Fri, 24 Oct 2025).
| Hostname | OS | Arch (*) | R version | Installed pkgs |
|---|---|---|---|---|
| nebbiolo2 | Linux (Ubuntu 24.04.3 LTS) | x86_64 | 4.5.1 Patched (2025-08-23 r88802) -- "Great Square Root" | 4898 |
| lconway | macOS 12.7.6 Monterey | x86_64 | 4.5.1 Patched (2025-09-10 r88807) -- "Great Square Root" | 4688 |
| kjohnson3 | macOS 13.7.7 Ventura | arm64 | 4.5.1 Patched (2025-09-10 r88807) -- "Great Square Root" | 4634 |
| taishan | Linux (openEuler 24.03 LTS) | aarch64 | 4.5.0 (2025-04-11) -- "How About a Twenty-Six" | 4658 |
| Click on any hostname to see more info about the system (e.g. compilers) (*) as reported by 'uname -p', except on Windows and Mac OS X | ||||
| Package 1469/2359 | Hostname | OS / Arch | INSTALL | BUILD | CHECK | BUILD BIN | ||||||||
| NormalyzerDE 1.27.0 (landing page) Jakob Willforss
| nebbiolo2 | Linux (Ubuntu 24.04.3 LTS) / x86_64 | OK | OK | WARNINGS | |||||||||
| lconway | macOS 12.7.6 Monterey / x86_64 | OK | OK | WARNINGS | OK | |||||||||
| kjohnson3 | macOS 13.7.7 Ventura / arm64 | OK | OK | WARNINGS | OK | |||||||||
| taishan | Linux (openEuler 24.03 LTS) / aarch64 | OK | OK | NA | ||||||||||
|
To the developers/maintainers of the NormalyzerDE package: - Allow up to 24 hours (and sometimes 48 hours) for your latest push to git@git.bioconductor.org:packages/NormalyzerDE.git to reflect on this report. See Troubleshooting Build Report for more information. - Use the following Renviron settings to reproduce errors and warnings. - If 'R CMD check' started to fail recently on the Linux builder(s) over a missing dependency, add the missing dependency to 'Suggests:' in your DESCRIPTION file. See Renviron.bioc for more information. |
| Package: NormalyzerDE |
| Version: 1.27.0 |
| Command: /home/biocbuild/bbs-3.22-bioc/R/bin/R CMD check --install=check:NormalyzerDE.install-out.txt --library=/home/biocbuild/bbs-3.22-bioc/R/site-library --timings NormalyzerDE_1.27.0.tar.gz |
| StartedAt: 2025-10-24 02:06:03 -0400 (Fri, 24 Oct 2025) |
| EndedAt: 2025-10-24 02:10:33 -0400 (Fri, 24 Oct 2025) |
| EllapsedTime: 269.3 seconds |
| RetCode: 0 |
| Status: WARNINGS |
| CheckDir: NormalyzerDE.Rcheck |
| Warnings: 1 |
##############################################################################
##############################################################################
###
### Running command:
###
### /home/biocbuild/bbs-3.22-bioc/R/bin/R CMD check --install=check:NormalyzerDE.install-out.txt --library=/home/biocbuild/bbs-3.22-bioc/R/site-library --timings NormalyzerDE_1.27.0.tar.gz
###
##############################################################################
##############################################################################
* using log directory ‘/home/biocbuild/bbs-3.22-bioc/meat/NormalyzerDE.Rcheck’
* using R version 4.5.1 Patched (2025-08-23 r88802)
* using platform: x86_64-pc-linux-gnu
* R was compiled by
gcc (Ubuntu 13.3.0-6ubuntu2~24.04) 13.3.0
GNU Fortran (Ubuntu 13.3.0-6ubuntu2~24.04) 13.3.0
* running under: Ubuntu 24.04.3 LTS
* using session charset: UTF-8
* checking for file ‘NormalyzerDE/DESCRIPTION’ ... OK
* this is package ‘NormalyzerDE’ version ‘1.27.0’
* package encoding: UTF-8
* checking package namespace information ... OK
* checking package dependencies ... OK
* checking if this is a source package ... OK
* checking if there is a namespace ... OK
* checking for hidden files and directories ... NOTE
Found the following hidden files and directories:
.travis.yml
These were most likely included in error. See section ‘Package
structure’ in the ‘Writing R Extensions’ manual.
* checking for portable file names ... OK
* checking for sufficient/correct file permissions ... OK
* checking whether package ‘NormalyzerDE’ can be installed ... OK
* checking installed package size ... OK
* checking package directory ... OK
* checking ‘build’ directory ... OK
* checking DESCRIPTION meta-information ... OK
* checking top-level files ... OK
* checking for left-over files ... OK
* checking index information ... OK
* checking package subdirectories ... OK
* checking code files for non-ASCII characters ... OK
* checking R files for syntax errors ... OK
* checking whether the package can be loaded ... OK
* checking whether the package can be loaded with stated dependencies ... OK
* checking whether the package can be unloaded cleanly ... OK
* checking whether the namespace can be loaded with stated dependencies ... OK
* checking whether the namespace can be unloaded cleanly ... OK
* checking loading without being on the library search path ... OK
* checking dependencies in R code ... OK
* checking S3 generic/method consistency ... OK
* checking replacement functions ... OK
* checking foreign function calls ... OK
* checking R code for possible problems ... OK
* checking Rd files ... OK
* checking Rd metadata ... OK
* checking Rd cross-references ... OK
* checking for missing documentation entries ... OK
* checking for code/documentation mismatches ... WARNING
Codoc mismatches from Rd file 'NormalyzerEvaluationResults.Rd':
NormalyzerEvaluationResults
Code: function(nr, categoricalAnova = TRUE)
Docs: function(nr)
Argument names in code not in docs:
categoricalAnova
NormalyzerEvaluationResults
Code: function(nr, categoricalAnova = TRUE)
Docs: function(nr)
Argument names in code not in docs:
categoricalAnova
* checking Rd \usage sections ... NOTE
Documented arguments not in \usage in Rd file 'calculateFeatureCV.Rd':
‘sampleReplicateGroups’
Documented arguments not in \usage in Rd file 'verifySummarizedExperiment.Rd':
‘fullMatrix’ ‘designMatrix’
Functions with \usage entries need to have the appropriate \alias
entries, and all their arguments documented.
The \usage entries must correspond to syntactically valid R code.
See chapter ‘Writing R documentation files’ in the ‘Writing R
Extensions’ manual.
* checking Rd contents ... OK
* checking for unstated dependencies in examples ... OK
* checking contents of ‘data’ directory ... OK
* checking data for non-ASCII characters ... OK
* checking data for ASCII and uncompressed saves ... OK
* checking files in ‘vignettes’ ... OK
* checking examples ... OK
Examples with CPU (user + system) or elapsed time > 5s
user system elapsed
generatePlots 14.517 0.359 14.877
* checking for unstated dependencies in ‘tests’ ... OK
* checking tests ...
Running ‘testthat.R’
OK
* checking for unstated dependencies in vignettes ... OK
* checking package vignettes ... OK
* checking re-building of vignette outputs ... OK
* checking PDF version of manual ... OK
* DONE
Status: 1 WARNING, 2 NOTEs
See
‘/home/biocbuild/bbs-3.22-bioc/meat/NormalyzerDE.Rcheck/00check.log’
for details.
NormalyzerDE.Rcheck/00install.out
############################################################################## ############################################################################## ### ### Running command: ### ### /home/biocbuild/bbs-3.22-bioc/R/bin/R CMD INSTALL NormalyzerDE ### ############################################################################## ############################################################################## * installing to library ‘/home/biocbuild/bbs-3.22-bioc/R/site-library’ * installing *source* package ‘NormalyzerDE’ ... ** this is package ‘NormalyzerDE’ version ‘1.27.0’ ** using staged installation ** R ** data ** inst ** byte-compile and prepare package for lazy loading ** help *** installing help indices ** building package indices ** installing vignettes ** testing if installed package can be loaded from temporary location ** testing if installed package can be loaded from final location ** testing if installed package keeps a record of temporary installation path * DONE (NormalyzerDE)
NormalyzerDE.Rcheck/tests/testthat.Rout
R version 4.5.1 Patched (2025-08-23 r88802) -- "Great Square Root"
Copyright (C) 2025 The R Foundation for Statistical Computing
Platform: x86_64-pc-linux-gnu
R is free software and comes with ABSOLUTELY NO WARRANTY.
You are welcome to redistribute it under certain conditions.
Type 'license()' or 'licence()' for distribution details.
R is a collaborative project with many contributors.
Type 'contributors()' for more information and
'citation()' on how to cite R or R packages in publications.
Type 'demo()' for some demos, 'help()' for on-line help, or
'help.start()' for an HTML browser interface to help.
Type 'q()' to quit R.
> library(testthat)
> library(NormalyzerDE)
> test_check("NormalyzerDE")
[ FAIL 0 | WARN 0 | SKIP 0 | PASS 82 ]
>
> proc.time()
user system elapsed
18.675 0.682 19.352
NormalyzerDE.Rcheck/NormalyzerDE-Ex.timings
| name | user | system | elapsed | |
| NormalyzerEvaluationResults | 4.220 | 0.153 | 4.373 | |
| NormalyzerResults | 0.051 | 0.008 | 0.058 | |
| NormalyzerStatistics | 0.014 | 0.001 | 0.015 | |
| analyzeNormalizations | 2.968 | 0.037 | 3.004 | |
| calculateContrasts | 0.083 | 0.000 | 0.082 | |
| generateAnnotatedMatrix | 0.044 | 0.000 | 0.043 | |
| generatePlots | 14.517 | 0.359 | 14.877 | |
| generateStatsReport | 3.173 | 0.008 | 3.181 | |
| getRTNormalizedMatrix | 1.592 | 0.020 | 1.612 | |
| getSmoothedRTNormalizedMatrix | 3.208 | 0.016 | 3.225 | |
| getVerifiedNormalyzerObject | 0.042 | 0.003 | 0.045 | |
| globalIntensityNormalization | 0.003 | 0.001 | 0.004 | |
| loadData | 0 | 0 | 0 | |
| loadDesign | 0 | 0 | 0 | |
| meanNormalization | 0.004 | 0.000 | 0.004 | |
| medianNormalization | 0.002 | 0.000 | 0.003 | |
| normMethods | 1.691 | 0.023 | 1.714 | |
| normalyzer | 0.000 | 0.000 | 0.001 | |
| normalyzerDE | 1.408 | 0.008 | 1.416 | |
| performCyclicLoessNormalization | 0.007 | 0.000 | 0.006 | |
| performGlobalRLRNormalization | 0.014 | 0.000 | 0.014 | |
| performQuantileNormalization | 0.000 | 0.001 | 0.002 | |
| performSMADNormalization | 0.001 | 0.001 | 0.002 | |
| performVSNNormalization | 0.017 | 0.000 | 0.017 | |
| reduceTechnicalReplicates | 0.028 | 0.000 | 0.028 | |
| setupJobDir | 0 | 0 | 0 | |
| setupRawContrastObject | 0.013 | 0.000 | 0.013 | |
| setupRawDataObject | 0.016 | 0.000 | 0.016 | |
| setupTestData | 0.001 | 0.000 | 0.002 | |
| writeNormalizedDatasets | 2.918 | 0.078 | 2.997 | |