Back to Multiple platform build/check report for BioC 3.22:   simplified   long
ABCDEFGHIJKL[M]NOPQRSTUVWXYZ

This page was generated on 2025-10-24 12:04 -0400 (Fri, 24 Oct 2025).

HostnameOSArch (*)R versionInstalled pkgs
nebbiolo2Linux (Ubuntu 24.04.3 LTS)x86_644.5.1 Patched (2025-08-23 r88802) -- "Great Square Root" 4898
lconwaymacOS 12.7.6 Montereyx86_644.5.1 Patched (2025-09-10 r88807) -- "Great Square Root" 4688
kjohnson3macOS 13.7.7 Venturaarm644.5.1 Patched (2025-09-10 r88807) -- "Great Square Root" 4634
taishanLinux (openEuler 24.03 LTS)aarch644.5.0 (2025-04-11) -- "How About a Twenty-Six" 4658
Click on any hostname to see more info about the system (e.g. compilers)      (*) as reported by 'uname -p', except on Windows and Mac OS X

Package 1240/2359HostnameOS / ArchINSTALLBUILDCHECKBUILD BIN
MetaboDynamics 1.99.11  (landing page)
Katja Danielzik
Snapshot Date: 2025-10-23 14:17 -0400 (Thu, 23 Oct 2025)
git_url: https://git.bioconductor.org/packages/MetaboDynamics
git_branch: devel
git_last_commit: fabf07f
git_last_commit_date: 2025-10-22 08:32:36 -0400 (Wed, 22 Oct 2025)
nebbiolo2Linux (Ubuntu 24.04.3 LTS) / x86_64  OK    ERROR  skipped
lconwaymacOS 12.7.6 Monterey / x86_64  OK    ERROR  skippedskipped
kjohnson3macOS 13.7.7 Ventura / arm64  OK    ERROR  skippedskipped
taishanLinux (openEuler 24.03 LTS) / aarch64  OK    OK    NA  


BUILD results for MetaboDynamics on nebbiolo2

To the developers/maintainers of the MetaboDynamics package:
- Allow up to 24 hours (and sometimes 48 hours) for your latest push to git@git.bioconductor.org:packages/MetaboDynamics.git to reflect on this report. See Troubleshooting Build Report for more information.
- Use the following Renviron settings to reproduce errors and warnings.
- If 'R CMD check' started to fail recently on the Linux builder(s) over a missing dependency, add the missing dependency to 'Suggests:' in your DESCRIPTION file. See Renviron.bioc for more information.

raw results


Summary

Package: MetaboDynamics
Version: 1.99.11
Command: /home/biocbuild/bbs-3.22-bioc/R/bin/R CMD build --keep-empty-dirs --no-resave-data --md5 MetaboDynamics
StartedAt: 2025-10-23 18:36:00 -0400 (Thu, 23 Oct 2025)
EndedAt: 2025-10-23 18:41:33 -0400 (Thu, 23 Oct 2025)
EllapsedTime: 333.2 seconds
RetCode: 1
Status:   ERROR  
PackageFile: None
PackageFileSize: NA

Command output

##############################################################################
##############################################################################
###
### Running command:
###
###   /home/biocbuild/bbs-3.22-bioc/R/bin/R CMD build --keep-empty-dirs --no-resave-data --md5 MetaboDynamics
###
##############################################################################
##############################################################################


* checking for file ‘MetaboDynamics/DESCRIPTION’ ... OK
* preparing ‘MetaboDynamics’:
* checking DESCRIPTION meta-information ... OK
* cleaning src
* installing the package to build vignettes
* creating vignettes ... ERROR
--- re-building ‘MetaboDynamics.Rmd’ using rmarkdown

Quitting from MetaboDynamics.Rmd:251-274 [unnamed-chunk-6]
~~~~~~~~~~~~~~~~~~~~~~~~~~~~~~~~~~~~~~~~~~~~~~~~~~~~~~~~~~~~~~~~~~~~~~~~~~~~~~~~
<error/rlang_error>
Error in `fit_dynamics_model()`:
! 'scaled_measurement' cannot contain NAs
---
Backtrace:
    ▆
 1. └─MetaboDynamics::fit_dynamics_model(...)
~~~~~~~~~~~~~~~~~~~~~~~~~~~~~~~~~~~~~~~~~~~~~~~~~~~~~~~~~~~~~~~~~~~~~~~~~~~~~~~~

Error: processing vignette 'MetaboDynamics.Rmd' failed with diagnostics:
'scaled_measurement' cannot contain NAs
--- failed re-building ‘MetaboDynamics.Rmd’

--- re-building ‘MetaboDynamics_dataframes.Rmd’ using rmarkdown

Quitting from MetaboDynamics_dataframes.Rmd:66-80 [unnamed-chunk-3]
~~~~~~~~~~~~~~~~~~~~~~~~~~~~~~~~~~~~~~~~~~~~~~~~~~~~~~~~~~~~~~~~~~~~~~~~~~~~~~~~
<error/rlang_error>
Error in `fit_dynamics_model()`:
! 'scaled_measurement' cannot contain NAs
---
Backtrace:
    ▆
 1. └─MetaboDynamics::fit_dynamics_model(...)
~~~~~~~~~~~~~~~~~~~~~~~~~~~~~~~~~~~~~~~~~~~~~~~~~~~~~~~~~~~~~~~~~~~~~~~~~~~~~~~~

Error: processing vignette 'MetaboDynamics_dataframes.Rmd' failed with diagnostics:
'scaled_measurement' cannot contain NAs
--- failed re-building ‘MetaboDynamics_dataframes.Rmd’

SUMMARY: processing the following files failed:
  ‘MetaboDynamics.Rmd’ ‘MetaboDynamics_dataframes.Rmd’

Error: Vignette re-building failed.
Execution halted