| Back to Multiple platform build/check report for BioC 3.22: simplified long |
|
This page was generated on 2025-10-24 12:03 -0400 (Fri, 24 Oct 2025).
| Hostname | OS | Arch (*) | R version | Installed pkgs |
|---|---|---|---|---|
| nebbiolo2 | Linux (Ubuntu 24.04.3 LTS) | x86_64 | 4.5.1 Patched (2025-08-23 r88802) -- "Great Square Root" | 4898 |
| lconway | macOS 12.7.6 Monterey | x86_64 | 4.5.1 Patched (2025-09-10 r88807) -- "Great Square Root" | 4688 |
| kjohnson3 | macOS 13.7.7 Ventura | arm64 | 4.5.1 Patched (2025-09-10 r88807) -- "Great Square Root" | 4634 |
| taishan | Linux (openEuler 24.03 LTS) | aarch64 | 4.5.0 (2025-04-11) -- "How About a Twenty-Six" | 4658 |
| Click on any hostname to see more info about the system (e.g. compilers) (*) as reported by 'uname -p', except on Windows and Mac OS X | ||||
| Package 1106/2359 | Hostname | OS / Arch | INSTALL | BUILD | CHECK | BUILD BIN | ||||||||
| IWTomics 1.33.0 (landing page) Marzia A Cremona
| nebbiolo2 | Linux (Ubuntu 24.04.3 LTS) / x86_64 | OK | OK | WARNINGS | |||||||||
| lconway | macOS 12.7.6 Monterey / x86_64 | OK | OK | WARNINGS | OK | |||||||||
| kjohnson3 | macOS 13.7.7 Ventura / arm64 | OK | OK | WARNINGS | OK | |||||||||
| taishan | Linux (openEuler 24.03 LTS) / aarch64 | OK | OK | NA | ||||||||||
|
To the developers/maintainers of the IWTomics package: - Allow up to 24 hours (and sometimes 48 hours) for your latest push to git@git.bioconductor.org:packages/IWTomics.git to reflect on this report. See Troubleshooting Build Report for more information. - Use the following Renviron settings to reproduce errors and warnings. - If 'R CMD check' started to fail recently on the Linux builder(s) over a missing dependency, add the missing dependency to 'Suggests:' in your DESCRIPTION file. See Renviron.bioc for more information. |
| Package: IWTomics |
| Version: 1.33.0 |
| Command: /home/biocbuild/bbs-3.22-bioc/R/bin/R CMD check --install=check:IWTomics.install-out.txt --library=/home/biocbuild/bbs-3.22-bioc/R/site-library --timings IWTomics_1.33.0.tar.gz |
| StartedAt: 2025-10-24 00:46:21 -0400 (Fri, 24 Oct 2025) |
| EndedAt: 2025-10-24 00:50:55 -0400 (Fri, 24 Oct 2025) |
| EllapsedTime: 273.3 seconds |
| RetCode: 0 |
| Status: WARNINGS |
| CheckDir: IWTomics.Rcheck |
| Warnings: 1 |
##############################################################################
##############################################################################
###
### Running command:
###
### /home/biocbuild/bbs-3.22-bioc/R/bin/R CMD check --install=check:IWTomics.install-out.txt --library=/home/biocbuild/bbs-3.22-bioc/R/site-library --timings IWTomics_1.33.0.tar.gz
###
##############################################################################
##############################################################################
* using log directory ‘/home/biocbuild/bbs-3.22-bioc/meat/IWTomics.Rcheck’
* using R version 4.5.1 Patched (2025-08-23 r88802)
* using platform: x86_64-pc-linux-gnu
* R was compiled by
gcc (Ubuntu 13.3.0-6ubuntu2~24.04) 13.3.0
GNU Fortran (Ubuntu 13.3.0-6ubuntu2~24.04) 13.3.0
* running under: Ubuntu 24.04.3 LTS
* using session charset: UTF-8
* checking for file ‘IWTomics/DESCRIPTION’ ... OK
* checking extension type ... Package
* this is package ‘IWTomics’ version ‘1.33.0’
* checking package namespace information ... OK
* checking package dependencies ... OK
* checking if this is a source package ... OK
* checking if there is a namespace ... OK
* checking for hidden files and directories ... OK
* checking for portable file names ... OK
* checking for sufficient/correct file permissions ... OK
* checking whether package ‘IWTomics’ can be installed ... OK
* checking installed package size ... OK
* checking package directory ... OK
* checking ‘build’ directory ... OK
* checking DESCRIPTION meta-information ... OK
* checking top-level files ... OK
* checking for left-over files ... OK
* checking index information ... OK
* checking package subdirectories ... NOTE
Problems with news in ‘NEWS’:
Cannot process chunk/lines:
0.99.0 First submission
Cannot process chunk/lines:
0.99.11 Revised package
Cannot process chunk/lines:
0.99.12 Fixed bug in plotTest and plotSummary
Cannot process chunk/lines:
1.1.1 Fixed bug in IWTomicsTest statistics=variance
Cannot process chunk/lines:
1.1.2 Fixed alpha
Cannot process chunk/lines:
1.1.3 Fixed bug in IWTomicsData constructor
Cannot process chunk/lines:
1.3.3 Citation added
* checking code files for non-ASCII characters ... OK
* checking R files for syntax errors ... OK
* checking whether the package can be loaded ... OK
* checking whether the package can be loaded with stated dependencies ... OK
* checking whether the package can be unloaded cleanly ... OK
* checking whether the namespace can be loaded with stated dependencies ... OK
* checking whether the namespace can be unloaded cleanly ... OK
* checking loading without being on the library search path ... OK
* checking dependencies in R code ... OK
* checking S3 generic/method consistency ... OK
* checking replacement functions ... OK
* checking foreign function calls ... OK
* checking R code for possible problems ... OK
* checking Rd files ... WARNING
checkRd: (-1) IWTomicsData-class.Rd:71: Lost braces in \itemize; meant \describe ?
checkRd: (-1) IWTomicsData-class.Rd:72-73: Lost braces in \itemize; meant \describe ?
checkRd: (-1) IWTomicsData-class.Rd:74: Lost braces in \itemize; meant \describe ?
checkRd: (-1) IWTomicsData-class.Rd:75-76: Lost braces in \itemize; meant \describe ?
checkRd: (-1) IWTomicsData-class.Rd:77: Lost braces in \itemize; meant \describe ?
checkRd: (-1) IWTomicsData-class.Rd:78-79: Lost braces in \itemize; meant \describe ?
checkRd: (-1) IWTomicsData-class.Rd:80: Lost braces in \itemize; meant \describe ?
checkRd: (-1) IWTomicsData-class.Rd:81: Lost braces in \itemize; meant \describe ?
checkRd: (-1) IWTomicsData-class.Rd:82: Lost braces in \itemize; meant \describe ?
checkRd: (-1) IWTomicsData-class.Rd:87-88: Lost braces in \itemize; meant \describe ?
checkRd: (-1) IWTomicsData-class.Rd:89-91: Lost braces in \itemize; meant \describe ?
checkRd: (-1) IWTomicsData-class.Rd:92: Lost braces in \itemize; meant \describe ?
checkRd: (-1) IWTomicsData-class.Rd:93-94: Lost braces in \itemize; meant \describe ?
checkRd: (-1) IWTomicsData-class.Rd:95-96: Lost braces in \itemize; meant \describe ?
checkRd: (-1) IWTomicsData-class.Rd:97-101: Lost braces in \itemize; meant \describe ?
checkRd: (-1) IWTomicsData-class.Rd:102: Lost braces in \itemize; meant \describe ?
checkRd: (-1) IWTomicsData-class.Rd:103-106: Lost braces in \itemize; meant \describe ?
checkRd: (-1) IWTomicsData-class.Rd:107: Lost braces in \itemize; meant \describe ?
checkRd: (-1) IWTomicsData-class.Rd:108-109: Lost braces in \itemize; meant \describe ?
checkRd: (5) IWTomicsData-class.Rd:122-126: \item in \describe must have non-empty label
checkRd: (5) IWTomicsData-class.Rd:127-170: \item in \describe must have non-empty label
checkRd: (5) IWTomicsData-class.Rd:177-179: \item in \describe must have non-empty label
checkRd: (5) IWTomicsData-class.Rd:180-182: \item in \describe must have non-empty label
checkRd: (5) IWTomicsData-class.Rd:183-186: \item in \describe must have non-empty label
checkRd: (5) IWTomicsData-class.Rd:187-189: \item in \describe must have non-empty label
checkRd: (5) IWTomicsData-class.Rd:190-193: \item in \describe must have non-empty label
checkRd: (5) IWTomicsData-class.Rd:194-196: \item in \describe must have non-empty label
checkRd: (5) IWTomicsData-class.Rd:197-200: \item in \describe must have non-empty label
checkRd: (5) IWTomicsData-class.Rd:201-204: \item in \describe must have non-empty label
checkRd: (5) IWTomicsData-class.Rd:205-208: \item in \describe must have non-empty label
checkRd: (5) IWTomicsData-class.Rd:209-211: \item in \describe must have non-empty label
checkRd: (5) IWTomicsData-class.Rd:212-214: \item in \describe must have non-empty label
checkRd: (5) IWTomicsData-class.Rd:215-217: \item in \describe must have non-empty label
checkRd: (5) IWTomicsData-class.Rd:218-220: \item in \describe must have non-empty label
checkRd: (5) IWTomicsData-class.Rd:221-223: \item in \describe must have non-empty label
checkRd: (5) IWTomicsData-class.Rd:224-226: \item in \describe must have non-empty label
checkRd: (5) IWTomicsData-class.Rd:227-229: \item in \describe must have non-empty label
checkRd: (5) IWTomicsData-class.Rd:230-234: \item in \describe must have non-empty label
checkRd: (5) IWTomicsData-class.Rd:235-237: \item in \describe must have non-empty label
checkRd: (5) IWTomicsData-class.Rd:238-248: \item in \describe must have non-empty label
checkRd: (5) IWTomicsData-class.Rd:256-261: \item in \describe must have non-empty label
checkRd: (5) IWTomicsData-class.Rd:269-274: \item in \describe must have non-empty label
checkRd: (5) IWTomicsData-class.Rd:275-280: \item in \describe must have non-empty label
checkRd: (5) IWTomicsData-class.Rd:281-286: \item in \describe must have non-empty label
checkRd: (5) IWTomicsData-class.Rd:292-299: \item in \describe must have non-empty label
* checking Rd metadata ... OK
* checking Rd cross-references ... OK
* checking for missing documentation entries ... OK
* checking for code/documentation mismatches ... OK
* checking Rd \usage sections ... OK
* checking Rd contents ... OK
* checking for unstated dependencies in examples ... OK
* checking contents of ‘data’ directory ... OK
* checking data for non-ASCII characters ... OK
* checking data for ASCII and uncompressed saves ... OK
* checking files in ‘vignettes’ ... OK
* checking examples ... OK
Examples with CPU (user + system) or elapsed time > 5s
user system elapsed
IWTomicsTest 52.672 0.231 52.905
IWTomicsData-class 9.864 0.064 9.930
IWTomics-package 8.340 0.624 8.966
plotSummary 4.920 0.230 5.149
* checking for unstated dependencies in vignettes ... OK
* checking package vignettes ... OK
* checking re-building of vignette outputs ... OK
* checking PDF version of manual ... OK
* DONE
Status: 1 WARNING, 1 NOTE
See
‘/home/biocbuild/bbs-3.22-bioc/meat/IWTomics.Rcheck/00check.log’
for details.
IWTomics.Rcheck/00install.out
############################################################################## ############################################################################## ### ### Running command: ### ### /home/biocbuild/bbs-3.22-bioc/R/bin/R CMD INSTALL IWTomics ### ############################################################################## ############################################################################## * installing to library ‘/home/biocbuild/bbs-3.22-bioc/R/site-library’ * installing *source* package ‘IWTomics’ ... ** this is package ‘IWTomics’ version ‘1.33.0’ ** using staged installation ** R ** data ** inst ** byte-compile and prepare package for lazy loading Creating a new generic function for ‘smooth’ in package ‘IWTomics’ ** help *** installing help indices ** building package indices ** installing vignettes ** testing if installed package can be loaded from temporary location ** testing if installed package can be loaded from final location ** testing if installed package keeps a record of temporary installation path * DONE (IWTomics)
IWTomics.Rcheck/IWTomics-Ex.timings
| name | user | system | elapsed | |
| ETn_example | 0.140 | 0.005 | 0.144 | |
| IWTomics-package | 8.340 | 0.624 | 8.966 | |
| IWTomicsData-class | 9.864 | 0.064 | 9.930 | |
| IWTomicsTest | 52.672 | 0.231 | 52.905 | |
| features_example | 0.002 | 0.000 | 0.001 | |
| plot-IWTomicsData | 0.417 | 0.006 | 0.423 | |
| plotSummary | 4.920 | 0.230 | 5.149 | |
| plotTest | 3.293 | 0.044 | 3.337 | |
| regionsFeatures_center | 0.01 | 0.00 | 0.01 | |
| regionsFeatures_scale | 0.010 | 0.000 | 0.011 | |
| regions_example | 0.001 | 0.000 | 0.001 | |
| smooth-IWTomicsData | 1.215 | 0.011 | 1.226 | |