| Back to Multiple platform build/check report for BioC 3.22: simplified long |
|
This page was generated on 2025-10-24 12:03 -0400 (Fri, 24 Oct 2025).
| Hostname | OS | Arch (*) | R version | Installed pkgs |
|---|---|---|---|---|
| nebbiolo2 | Linux (Ubuntu 24.04.3 LTS) | x86_64 | 4.5.1 Patched (2025-08-23 r88802) -- "Great Square Root" | 4898 |
| lconway | macOS 12.7.6 Monterey | x86_64 | 4.5.1 Patched (2025-09-10 r88807) -- "Great Square Root" | 4688 |
| kjohnson3 | macOS 13.7.7 Ventura | arm64 | 4.5.1 Patched (2025-09-10 r88807) -- "Great Square Root" | 4634 |
| taishan | Linux (openEuler 24.03 LTS) | aarch64 | 4.5.0 (2025-04-11) -- "How About a Twenty-Six" | 4658 |
| Click on any hostname to see more info about the system (e.g. compilers) (*) as reported by 'uname -p', except on Windows and Mac OS X | ||||
| Package 1079/2359 | Hostname | OS / Arch | INSTALL | BUILD | CHECK | BUILD BIN | ||||||||
| IRanges 2.43.5 (landing page) Hervé Pagès
| nebbiolo2 | Linux (Ubuntu 24.04.3 LTS) / x86_64 | OK | OK | WARNINGS | |||||||||
| lconway | macOS 12.7.6 Monterey / x86_64 | OK | OK | WARNINGS | OK | |||||||||
| kjohnson3 | macOS 13.7.7 Ventura / arm64 | OK | OK | WARNINGS | OK | |||||||||
| taishan | Linux (openEuler 24.03 LTS) / aarch64 | OK | OK | NA | ||||||||||
|
To the developers/maintainers of the IRanges package: - Allow up to 24 hours (and sometimes 48 hours) for your latest push to git@git.bioconductor.org:packages/IRanges.git to reflect on this report. See Troubleshooting Build Report for more information. - Use the following Renviron settings to reproduce errors and warnings. - If 'R CMD check' started to fail recently on the Linux builder(s) over a missing dependency, add the missing dependency to 'Suggests:' in your DESCRIPTION file. See Renviron.bioc for more information. |
| Package: IRanges |
| Version: 2.43.5 |
| Command: /home/biocbuild/bbs-3.22-bioc/R/bin/R CMD check --install=check:IRanges.install-out.txt --library=/home/biocbuild/bbs-3.22-bioc/R/site-library --timings IRanges_2.43.5.tar.gz |
| StartedAt: 2025-10-24 00:39:58 -0400 (Fri, 24 Oct 2025) |
| EndedAt: 2025-10-24 00:42:59 -0400 (Fri, 24 Oct 2025) |
| EllapsedTime: 181.2 seconds |
| RetCode: 0 |
| Status: WARNINGS |
| CheckDir: IRanges.Rcheck |
| Warnings: 3 |
##############################################################################
##############################################################################
###
### Running command:
###
### /home/biocbuild/bbs-3.22-bioc/R/bin/R CMD check --install=check:IRanges.install-out.txt --library=/home/biocbuild/bbs-3.22-bioc/R/site-library --timings IRanges_2.43.5.tar.gz
###
##############################################################################
##############################################################################
* using log directory ‘/home/biocbuild/bbs-3.22-bioc/meat/IRanges.Rcheck’
* using R version 4.5.1 Patched (2025-08-23 r88802)
* using platform: x86_64-pc-linux-gnu
* R was compiled by
gcc (Ubuntu 13.3.0-6ubuntu2~24.04) 13.3.0
GNU Fortran (Ubuntu 13.3.0-6ubuntu2~24.04) 13.3.0
* running under: Ubuntu 24.04.3 LTS
* using session charset: UTF-8
* checking for file ‘IRanges/DESCRIPTION’ ... OK
* this is package ‘IRanges’ version ‘2.43.5’
* package encoding: UTF-8
* checking package namespace information ... OK
* checking package dependencies ... OK
* checking if this is a source package ... OK
* checking if there is a namespace ... OK
* checking for hidden files and directories ... OK
* checking for portable file names ... OK
* checking for sufficient/correct file permissions ... OK
* checking whether package ‘IRanges’ can be installed ... OK
* used C compiler: ‘gcc (Ubuntu 13.3.0-6ubuntu2~24.04) 13.3.0’
* checking installed package size ... OK
* checking package directory ... OK
* checking ‘build’ directory ... OK
* checking DESCRIPTION meta-information ... OK
* checking top-level files ... OK
* checking for left-over files ... OK
* checking index information ... OK
* checking package subdirectories ... OK
* checking code files for non-ASCII characters ... OK
* checking R files for syntax errors ... OK
* checking whether the package can be loaded ... OK
* checking whether the package can be loaded with stated dependencies ... OK
* checking whether the package can be unloaded cleanly ... OK
* checking whether the namespace can be loaded with stated dependencies ... OK
* checking whether the namespace can be unloaded cleanly ... OK
* checking loading without being on the library search path ... OK
* checking dependencies in R code ... OK
* checking S3 generic/method consistency ... OK
* checking replacement functions ... OK
* checking foreign function calls ... OK
* checking R code for possible problems ... NOTE
setCompressedListSummaryMethod : <anonymous>: no visible binding for
global variable ‘C_fun’
setCompressedListWhichSummaryMethod : def: no visible binding for
global variable ‘C_fun’
Undefined global functions or variables:
C_fun
* checking Rd files ... OK
* checking Rd metadata ... OK
* checking Rd cross-references ... WARNING
Missing link(s) in Rd file 'IntegerRangesList-class.Rd':
‘[IRanges]{RangesList}’
Missing link(s) in Rd file 'intra-range-methods.Rd':
‘RangesList’
See section 'Cross-references' in the 'Writing R Extensions' manual.
Found the following Rd file(s) with Rd \link{} targets missing package
anchors:
AtomicList-class.Rd: List-class
AtomicList-utils.Rd: unstrsplit
CompressedHitsList-class.Rd: HitsList
CompressedList-class.Rd: List
DataFrameList-class.Rd: DataFrame-class, List-class
Grouping-class.Rd: List
IPosRanges-comparison.Rd: Hits
NCList-class.Rd: Hits
RleViews-class.Rd: Rle, Rle-class
Views-class.Rd: Vector, Vector-class
ViewsList-class.Rd: List-class
coverage-methods.Rd: Rle
extractList.Rd: Vector, List
extractListFragments.Rd: List
intra-range-methods.Rd: RangesList
reverse-methods.Rd: revElements
seqapply.Rd: List, Vector
slice-methods.Rd: Rle
view-summarization-methods.Rd: List, Rle
Please provide package anchors for all Rd \link{} targets not in the
package itself and the base packages.
* checking for missing documentation entries ... WARNING
Undocumented code objects:
‘%poutside%’ ‘%pover%’ ‘%pwithin%’ ‘cvg’ ‘heads’ ‘slidingIRanges’
‘slidingViews’ ‘tails’ ‘windows’
Undocumented S4 classes:
‘BaseManyToManyGrouping’ ‘Pos’ ‘CompressedIntegerRangesList’
‘IPosList’ ‘CompressedRangesList’ ‘SimpleIPosList’ ‘RangesList’
‘CompressedPosList’ ‘CompressedIPosList’ ‘Ranges’ ‘SimplePosList’
‘PosList’ ‘SimpleRangesList’
Undocumented S4 methods:
generic 'anyDuplicated' and siglist 'RangesNSBS'
generic 'as.factor' and siglist 'ManyToOneGrouping'
generic 'as.integer' and siglist 'NormalIRanges'
generic 'as.integer' and siglist 'Pos'
generic 'as.integer' and siglist 'RangesNSBS'
generic 'cbind' and siglist 'Rle'
generic 'cbind' and siglist 'RleList'
generic 'chartr' and siglist 'ANY,ANY,CharacterList'
generic 'chartr' and siglist 'ANY,ANY,RleList'
generic 'coerce' and siglist 'ANY,IPosRanges'
generic 'coerce' and siglist 'AtomicList,RleViews'
generic 'coerce' and siglist 'IPosRanges,CompressedIntegerList'
generic 'coerce' and siglist 'IPosRanges,IntegerList'
generic 'coerce' and siglist 'IRanges,IPosList'
generic 'coerce' and siglist 'IntegerRanges,CompressedIPosList'
generic 'coerce' and siglist 'IntegerRanges,IPosList'
generic 'coerce' and siglist 'PartitioningByEnd,PartitioningMap'
generic 'coerce' and siglist 'factor,ManyToOneGrouping'
generic 'commonColnames<-' and siglist 'SplitDataFrameList'
generic 'cvg' and siglist 'IntegerRanges'
generic 'cvg' and siglist 'IntegerRangesList'
generic 'endsWith' and siglist 'CharacterList'
generic 'endsWith' and siglist 'RleList'
generic 'extractROWS' and siglist 'CompressedList,ANY'
generic 'extractROWS' and siglist 'IPos,ANY'
generic 'extractROWS' and siglist 'MaskCollection,ANY'
generic 'extractROWS' and siglist 'NormalIRanges,ANY'
generic 'extractROWS' and siglist 'Partitioning,ANY'
generic 'extractROWS' and siglist 'Rle,RangesNSBS'
generic 'extractROWS' and siglist 'vector_OR_factor,RangesNSBS'
generic 'getListElement' and siglist 'CompressedList'
generic 'getListElement' and siglist 'CompressedNormalIRangesList'
generic 'getListElement' and siglist 'H2LGrouping'
generic 'getListElement' and siglist 'MaskCollection'
generic 'getListElement' and siglist 'NCLists'
generic 'getListElement' and siglist 'Partitioning'
generic 'getListElement' and siglist 'Views'
generic 'gsub' and siglist 'ANY,ANY,CharacterList'
generic 'gsub' and siglist 'ANY,ANY,RleList'
generic 'ifelse2' and siglist 'ANY,List,List'
generic 'is.unsorted' and siglist 'CompressedIntegerList'
generic 'is.unsorted' and siglist 'CompressedLogicalList'
generic 'is.unsorted' and siglist 'CompressedNumericList'
generic 'isNormal' and siglist 'IntegerRanges'
generic 'length' and siglist 'RangesNSBS'
generic 'nchar' and siglist 'CharacterList'
generic 'nchar' and siglist 'RleList'
generic 'pcompareRecursively' and siglist 'IPosRanges'
generic 'range' and siglist 'CompressedRleList'
generic 'relist' and siglist 'grouping,missing'
generic 'replaceROWS' and siglist 'IRanges'
generic 'replaceROWS' and siglist 'NormalIRanges'
generic 'slidingWindows' and siglist 'IntegerRanges'
generic 'startsWith' and siglist 'CharacterList'
generic 'startsWith' and siglist 'RleList'
generic 'sub' and siglist 'ANY,ANY,CharacterList'
generic 'sub' and siglist 'ANY,ANY,RleList'
generic 'tile' and siglist 'IntegerRanges'
generic 'tolower' and siglist 'CharacterList'
generic 'tolower' and siglist 'RleList'
generic 'toupper' and siglist 'CharacterList'
generic 'toupper' and siglist 'RleList'
generic 'updateObject' and siglist 'CompressedList'
generic 'updateObject' and siglist 'IPosRanges'
generic 'whichFirstNotNormal' and siglist 'IntegerRanges'
generic 'windows' and siglist 'list_OR_List'
All user-level objects in a package (including S4 classes and methods)
should have documentation entries.
See chapter ‘Writing R documentation files’ in the ‘Writing R
Extensions’ manual.
* checking for code/documentation mismatches ... OK
* checking Rd \usage sections ... WARNING
Documented arguments not in \usage in Rd file 'nearest-methods.Rd':
‘...’
Functions with \usage entries need to have the appropriate \alias
entries, and all their arguments documented.
The \usage entries must correspond to syntactically valid R code.
See chapter ‘Writing R documentation files’ in the ‘Writing R
Extensions’ manual.
* checking Rd contents ... OK
* checking for unstated dependencies in examples ... OK
* checking line endings in C/C++/Fortran sources/headers ... OK
* checking line endings in Makefiles ... OK
* checking compilation flags in Makevars ... OK
* checking for GNU extensions in Makefiles ... OK
* checking for portable use of $(BLAS_LIBS) and $(LAPACK_LIBS) ... OK
* checking use of PKG_*FLAGS in Makefiles ... OK
* checking compiled code ... NOTE
Note: information on .o files is not available
* checking files in ‘vignettes’ ... OK
* checking examples ... OK
Examples with CPU (user + system) or elapsed time > 5s
user system elapsed
IPos-class 7.693 0.307 8
* checking for unstated dependencies in ‘tests’ ... OK
* checking tests ...
Running ‘run_unitTests.R’
OK
* checking for unstated dependencies in vignettes ... OK
* checking package vignettes ... OK
* checking re-building of vignette outputs ... OK
* checking PDF version of manual ... OK
* DONE
Status: 3 WARNINGs, 2 NOTEs
See
‘/home/biocbuild/bbs-3.22-bioc/meat/IRanges.Rcheck/00check.log’
for details.
IRanges.Rcheck/00install.out
##############################################################################
##############################################################################
###
### Running command:
###
### /home/biocbuild/bbs-3.22-bioc/R/bin/R CMD INSTALL IRanges
###
##############################################################################
##############################################################################
* installing to library ‘/home/biocbuild/bbs-3.22-bioc/R/site-library’
* installing *source* package ‘IRanges’ ...
** this is package ‘IRanges’ version ‘2.43.5’
** using staged installation
** libs
using C compiler: ‘gcc (Ubuntu 13.3.0-6ubuntu2~24.04) 13.3.0’
gcc -std=gnu2x -I"/home/biocbuild/bbs-3.22-bioc/R/include" -DNDEBUG -I'/home/biocbuild/bbs-3.22-bioc/R/site-library/S4Vectors/include' -I/usr/local/include -fopenmp -fpic -g -O2 -Wall -Werror=format-security -c CompressedAtomicList_utils.c -o CompressedAtomicList_utils.o
gcc -std=gnu2x -I"/home/biocbuild/bbs-3.22-bioc/R/include" -DNDEBUG -I'/home/biocbuild/bbs-3.22-bioc/R/site-library/S4Vectors/include' -I/usr/local/include -fopenmp -fpic -g -O2 -Wall -Werror=format-security -c CompressedIRangesList_class.c -o CompressedIRangesList_class.o
gcc -std=gnu2x -I"/home/biocbuild/bbs-3.22-bioc/R/include" -DNDEBUG -I'/home/biocbuild/bbs-3.22-bioc/R/site-library/S4Vectors/include' -I/usr/local/include -fopenmp -fpic -g -O2 -Wall -Werror=format-security -c CompressedList_class.c -o CompressedList_class.o
gcc -std=gnu2x -I"/home/biocbuild/bbs-3.22-bioc/R/include" -DNDEBUG -I'/home/biocbuild/bbs-3.22-bioc/R/site-library/S4Vectors/include' -I/usr/local/include -fopenmp -fpic -g -O2 -Wall -Werror=format-security -c Grouping_class.c -o Grouping_class.o
gcc -std=gnu2x -I"/home/biocbuild/bbs-3.22-bioc/R/include" -DNDEBUG -I'/home/biocbuild/bbs-3.22-bioc/R/site-library/S4Vectors/include' -I/usr/local/include -fopenmp -fpic -g -O2 -Wall -Werror=format-security -c IPosRanges_comparison.c -o IPosRanges_comparison.o
gcc -std=gnu2x -I"/home/biocbuild/bbs-3.22-bioc/R/include" -DNDEBUG -I'/home/biocbuild/bbs-3.22-bioc/R/site-library/S4Vectors/include' -I/usr/local/include -fopenmp -fpic -g -O2 -Wall -Werror=format-security -c IRanges_class.c -o IRanges_class.o
gcc -std=gnu2x -I"/home/biocbuild/bbs-3.22-bioc/R/include" -DNDEBUG -I'/home/biocbuild/bbs-3.22-bioc/R/site-library/S4Vectors/include' -I/usr/local/include -fopenmp -fpic -g -O2 -Wall -Werror=format-security -c IRanges_constructor.c -o IRanges_constructor.o
gcc -std=gnu2x -I"/home/biocbuild/bbs-3.22-bioc/R/include" -DNDEBUG -I'/home/biocbuild/bbs-3.22-bioc/R/site-library/S4Vectors/include' -I/usr/local/include -fopenmp -fpic -g -O2 -Wall -Werror=format-security -c NCList.c -o NCList.o
NCList.c:1303:13: warning: ‘NCList_get_y_overlaps_rec’ defined but not used [-Wunused-function]
1303 | static void NCList_get_y_overlaps_rec(const NCList *x_nclist,
| ^~~~~~~~~~~~~~~~~~~~~~~~~
NCList.c:203:22: warning: ‘next_top_down’ defined but not used [-Wunused-function]
203 | static const NCList *next_top_down(NCListWalkingStack *stack,
| ^~~~~~~~~~~~~
NCList.c: In function ‘C_find_overlaps_in_groups_NCList’:
NCList.c:1782:24: warning: ‘ans’ may be used uninitialized [-Wmaybe-uninitialized]
1782 | return ans;
| ^~~
NCList.c:1751:14: note: ‘ans’ was declared here
1751 | SEXP ans;
| ^~~
gcc -std=gnu2x -I"/home/biocbuild/bbs-3.22-bioc/R/include" -DNDEBUG -I'/home/biocbuild/bbs-3.22-bioc/R/site-library/S4Vectors/include' -I/usr/local/include -fopenmp -fpic -g -O2 -Wall -Werror=format-security -c R_init_IRanges.c -o R_init_IRanges.o
gcc -std=gnu2x -I"/home/biocbuild/bbs-3.22-bioc/R/include" -DNDEBUG -I'/home/biocbuild/bbs-3.22-bioc/R/site-library/S4Vectors/include' -I/usr/local/include -fopenmp -fpic -g -O2 -Wall -Werror=format-security -c Ranges_class.c -o Ranges_class.o
gcc -std=gnu2x -I"/home/biocbuild/bbs-3.22-bioc/R/include" -DNDEBUG -I'/home/biocbuild/bbs-3.22-bioc/R/site-library/S4Vectors/include' -I/usr/local/include -fopenmp -fpic -g -O2 -Wall -Werror=format-security -c RleViews_utils.c -o RleViews_utils.o
In function ‘viewWhichMaxs_int_RleViews’,
inlined from ‘viewWhichMaxs_RleViews’ at RleViews_utils.c:579:3,
inlined from ‘C_summarize_RleViews’ at RleViews_utils.c:694:9:
RleViews_utils.c:325:54: warning: ‘max’ may be used uninitialized [-Wmaybe-uninitialized]
325 | if (!max_is_initialized || v > max) {
| ~~^~~~~
RleViews_utils.c: In function ‘C_summarize_RleViews’:
RleViews_utils.c:316:21: note: ‘max’ was declared here
316 | int max; /* uninitialized */
| ^~~
In function ‘viewWhichMins_int_RleViews’,
inlined from ‘viewWhichMins_RleViews’ at RleViews_utils.c:546:3,
inlined from ‘C_summarize_RleViews’ at RleViews_utils.c:686:9:
RleViews_utils.c:293:54: warning: ‘min’ may be used uninitialized [-Wmaybe-uninitialized]
293 | if (!min_is_initialized || v < min) {
| ~~^~~~~
RleViews_utils.c: In function ‘C_summarize_RleViews’:
RleViews_utils.c:284:21: note: ‘min’ was declared here
284 | int min; /* uninitialized */
| ^~~
In function ‘viewMaxs_int_RleViews’,
inlined from ‘viewMaxs_RleViews’ at RleViews_utils.c:443:3,
inlined from ‘C_summarize_RleViews’ at RleViews_utils.c:665:9:
RleViews_utils.c:67:54: warning: ‘max’ may be used uninitialized [-Wmaybe-uninitialized]
67 | if (!max_is_initialized || v > max) {
| ~~^~~~~
RleViews_utils.c: In function ‘C_summarize_RleViews’:
RleViews_utils.c:54:21: note: ‘max’ was declared here
54 | int max; /* uninitialized */
| ^~~
In function ‘viewMins_int_RleViews’,
inlined from ‘viewMins_RleViews’ at RleViews_utils.c:413:3,
inlined from ‘C_summarize_RleViews’ at RleViews_utils.c:660:9:
RleViews_utils.c:36:54: warning: ‘min’ may be used uninitialized [-Wmaybe-uninitialized]
36 | if (!min_is_initialized || v < min) {
| ~~^~~~~
RleViews_utils.c: In function ‘C_summarize_RleViews’:
RleViews_utils.c:23:21: note: ‘min’ was declared here
23 | int min; /* uninitialized */
| ^~~
gcc -std=gnu2x -I"/home/biocbuild/bbs-3.22-bioc/R/include" -DNDEBUG -I'/home/biocbuild/bbs-3.22-bioc/R/site-library/S4Vectors/include' -I/usr/local/include -fopenmp -fpic -g -O2 -Wall -Werror=format-security -c S4Vectors_stubs.c -o S4Vectors_stubs.o
gcc -std=gnu2x -I"/home/biocbuild/bbs-3.22-bioc/R/include" -DNDEBUG -I'/home/biocbuild/bbs-3.22-bioc/R/site-library/S4Vectors/include' -I/usr/local/include -fopenmp -fpic -g -O2 -Wall -Werror=format-security -c SimpleIRangesList_class.c -o SimpleIRangesList_class.o
gcc -std=gnu2x -I"/home/biocbuild/bbs-3.22-bioc/R/include" -DNDEBUG -I'/home/biocbuild/bbs-3.22-bioc/R/site-library/S4Vectors/include' -I/usr/local/include -fopenmp -fpic -g -O2 -Wall -Werror=format-security -c coverage_methods.c -o coverage_methods.o
In function ‘shift_and_clip_ranges’,
inlined from ‘compute_coverage_from_IRanges_holder’ at coverage_methods.c:609:12:
coverage_methods.c:579:35: warning: ‘x_end’ may be used uninitialized [-Wmaybe-uninitialized]
579 | if (*out_ranges_are_tiles && x_end != cvg_len)
| ~~~~~~~~~~~~~~~~~~~~~~^~~~~~~~~~~~~~~~~~~
coverage_methods.c: In function ‘compute_coverage_from_IRanges_holder’:
coverage_methods.c:495:28: note: ‘x_end’ was declared here
495 | i, j, x_start, x_end, shift_elt, tmp;
| ^~~~~
gcc -std=gnu2x -I"/home/biocbuild/bbs-3.22-bioc/R/include" -DNDEBUG -I'/home/biocbuild/bbs-3.22-bioc/R/site-library/S4Vectors/include' -I/usr/local/include -fopenmp -fpic -g -O2 -Wall -Werror=format-security -c extractListFragments.c -o extractListFragments.o
extractListFragments.c: In function ‘C_find_partition_overlaps’:
extractListFragments.c:85:25: warning: ‘split_partitions_buf’ may be used uninitialized [-Wmaybe-uninitialized]
85 | IntAE_insert_at(split_partitions_buf,
| ^~~~~~~~~~~~~~~~~~~~~~~~~~~~~~~~~~~~~
86 | IntAE_get_nelt(split_partitions_buf),
| ~~~~~~~~~~~~~~~~~~~~~~~~~~~~~~~~~~~~~
87 | q_prev_end);
| ~~~~~~~~~~~
extractListFragments.c:35:16: note: ‘split_partitions_buf’ was declared here
35 | IntAE *split_partitions_buf;
| ^~~~~~~~~~~~~~~~~~~~
gcc -std=gnu2x -I"/home/biocbuild/bbs-3.22-bioc/R/include" -DNDEBUG -I'/home/biocbuild/bbs-3.22-bioc/R/site-library/S4Vectors/include' -I/usr/local/include -fopenmp -fpic -g -O2 -Wall -Werror=format-security -c inter_range_methods.c -o inter_range_methods.o
inter_range_methods.c: In function ‘reduce_ranges.isra’:
inter_range_methods.c:156:35: warning: ‘max_end’ may be used uninitialized [-Wmaybe-uninitialized]
156 | width_inc = end_j - max_end;
| ~~~~~~~~~~^~~~~~~~~~~~~~~~~
inter_range_methods.c:102:29: note: ‘max_end’ was declared here
102 | append_or_drop, max_end, gapwidth, delta, width_inc;
| ^~~~~~~
inter_range_methods.c:165:33: warning: ‘revmap_elt’ may be used uninitialized [-Wmaybe-uninitialized]
165 | IntAE_insert_at(revmap_elt,
| ^~~~~~~~~~~~~~~~~~~~~~~~~~~
166 | IntAE_get_nelt(revmap_elt),
| ~~~~~~~~~~~~~~~~~~~~~~~~~~~
167 | j + 1);
| ~~~~~~
inter_range_methods.c:103:22: note: ‘revmap_elt’ was declared here
103 | IntAE *tmp, *revmap_elt;
| ^~~~~~~~~~
inter_range_methods.c:154:39: warning: ‘gapwidth’ may be used uninitialized [-Wmaybe-uninitialized]
154 | delta += gapwidth;
| ~~~~~~^~~~~~~~~~~
inter_range_methods.c:102:38: note: ‘gapwidth’ was declared here
102 | append_or_drop, max_end, gapwidth, delta, width_inc;
| ^~~~~~~~
inter_range_methods.c:154:39: warning: ‘delta’ may be used uninitialized [-Wmaybe-uninitialized]
154 | delta += gapwidth;
| ~~~~~~^~~~~~~~~~~
inter_range_methods.c:102:48: note: ‘delta’ was declared here
102 | append_or_drop, max_end, gapwidth, delta, width_inc;
| ^~~~~
gcc -std=gnu2x -I"/home/biocbuild/bbs-3.22-bioc/R/include" -DNDEBUG -I'/home/biocbuild/bbs-3.22-bioc/R/site-library/S4Vectors/include' -I/usr/local/include -fopenmp -fpic -g -O2 -Wall -Werror=format-security -c thread_control.c -o thread_control.o
gcc -std=gnu2x -shared -L/home/biocbuild/bbs-3.22-bioc/R/lib -L/usr/local/lib -o IRanges.so CompressedAtomicList_utils.o CompressedIRangesList_class.o CompressedList_class.o Grouping_class.o IPosRanges_comparison.o IRanges_class.o IRanges_constructor.o NCList.o R_init_IRanges.o Ranges_class.o RleViews_utils.o S4Vectors_stubs.o SimpleIRangesList_class.o coverage_methods.o extractListFragments.o inter_range_methods.o thread_control.o -fopenmp -L/home/biocbuild/bbs-3.22-bioc/R/lib -lR
installing to /home/biocbuild/bbs-3.22-bioc/R/site-library/00LOCK-IRanges/00new/IRanges/libs
** R
** inst
** byte-compile and prepare package for lazy loading
Creating a generic function for ‘drop’ from package ‘base’ in package ‘IRanges’
Creating a generic function for ‘runmed’ from package ‘stats’ in package ‘IRanges’
Creating a generic function for ‘chartr’ from package ‘base’ in package ‘IRanges’
Creating a generic function for ‘toupper’ from package ‘base’ in package ‘IRanges’
Creating a generic function for ‘tolower’ from package ‘base’ in package ‘IRanges’
Creating a generic function for ‘sub’ from package ‘base’ in package ‘IRanges’
Creating a generic function for ‘gsub’ from package ‘base’ in package ‘IRanges’
Creating a generic function for ‘startsWith’ from package ‘base’ in package ‘IRanges’
Creating a generic function for ‘endsWith’ from package ‘base’ in package ‘IRanges’
Creating a generic function for ‘smoothEnds’ from package ‘stats’ in package ‘IRanges’
** help
*** installing help indices
** building package indices
** installing vignettes
** testing if installed package can be loaded from temporary location
** checking absolute paths in shared objects and dynamic libraries
** testing if installed package can be loaded from final location
** testing if installed package keeps a record of temporary installation path
* DONE (IRanges)
IRanges.Rcheck/tests/run_unitTests.Rout
R version 4.5.1 Patched (2025-08-23 r88802) -- "Great Square Root"
Copyright (C) 2025 The R Foundation for Statistical Computing
Platform: x86_64-pc-linux-gnu
R is free software and comes with ABSOLUTELY NO WARRANTY.
You are welcome to redistribute it under certain conditions.
Type 'license()' or 'licence()' for distribution details.
R is a collaborative project with many contributors.
Type 'contributors()' for more information and
'citation()' on how to cite R or R packages in publications.
Type 'demo()' for some demos, 'help()' for on-line help, or
'help.start()' for an HTML browser interface to help.
Type 'q()' to quit R.
> require("IRanges") || stop("unable to load IRanges package")
Loading required package: IRanges
Loading required package: BiocGenerics
Loading required package: generics
Attaching package: 'generics'
The following objects are masked from 'package:base':
as.difftime, as.factor, as.ordered, intersect, is.element, setdiff,
setequal, union
Attaching package: 'BiocGenerics'
The following objects are masked from 'package:stats':
IQR, mad, sd, var, xtabs
The following objects are masked from 'package:base':
Filter, Find, Map, Position, Reduce, anyDuplicated, aperm, append,
as.data.frame, basename, cbind, colnames, dirname, do.call,
duplicated, eval, evalq, get, grep, grepl, is.unsorted, lapply,
mapply, match, mget, order, paste, pmax, pmax.int, pmin, pmin.int,
rank, rbind, rownames, sapply, saveRDS, table, tapply, unique,
unsplit, which.max, which.min
Loading required package: S4Vectors
Loading required package: stats4
Attaching package: 'S4Vectors'
The following object is masked from 'package:utils':
findMatches
The following objects are masked from 'package:base':
I, expand.grid, unname
[1] TRUE
> IRanges:::.test()
RUNIT TEST PROTOCOL -- Fri Oct 24 00:42:37 2025
***********************************************
Number of test functions: 100
Number of errors: 0
Number of failures: 0
1 Test Suite :
IRanges RUnit Tests - 100 test functions, 0 errors, 0 failures
Number of test functions: 100
Number of errors: 0
Number of failures: 0
Warning messages:
1: In recycleListElements(e1, en) :
Some element lengths are not multiples of their corresponding element length in e1
2: In x + y :
longer object length is not a multiple of shorter object length
3: In recycleListElements(e1, en) :
Some element lengths are not multiples of their corresponding element length in e1
4: In x + y :
longer object length is not a multiple of shorter object length
>
> proc.time()
user system elapsed
81.347 0.909 82.253
IRanges.Rcheck/IRanges-Ex.timings
| name | user | system | elapsed | |
| AtomicList-class | 0.218 | 0.016 | 0.234 | |
| AtomicList-utils | 0.043 | 0.000 | 0.044 | |
| CompressedList-class | 0.030 | 0.001 | 0.031 | |
| DataFrameList-class | 0.092 | 0.000 | 0.092 | |
| Grouping-class | 0.038 | 0.001 | 0.039 | |
| Hits-class-leftovers | 0.056 | 0.000 | 0.055 | |
| IPos-class | 7.693 | 0.307 | 8.000 | |
| IPosRanges-class | 0.032 | 0.000 | 0.033 | |
| IPosRanges-comparison | 0.041 | 0.000 | 0.042 | |
| IRanges-class | 2.855 | 0.016 | 2.872 | |
| IRanges-constructor | 0.050 | 0.000 | 0.051 | |
| IRanges-utils | 2.935 | 0.013 | 2.948 | |
| IRangesList-class | 0.038 | 0.001 | 0.039 | |
| IntegerRangesList-class | 0.062 | 0.001 | 0.063 | |
| MaskCollection-class | 0.057 | 0.002 | 0.060 | |
| NCList-class | 0.017 | 0.001 | 0.018 | |
| RangedSelection-class | 0.015 | 0.000 | 0.015 | |
| Rle-class-leftovers | 0.003 | 0.000 | 0.004 | |
| RleViews-class | 0.037 | 0.000 | 0.037 | |
| RleViewsList-class | 0.041 | 0.000 | 0.041 | |
| Views-class | 0.033 | 0.000 | 0.033 | |
| ViewsList-class | 0.001 | 0.000 | 0.001 | |
| coverage-methods | 0.153 | 0.000 | 0.153 | |
| extractList | 0.058 | 0.000 | 0.058 | |
| extractListFragments | 0.526 | 0.070 | 0.596 | |
| findOverlaps-methods | 0.255 | 0.008 | 0.263 | |
| inter-range-methods | 0.561 | 0.001 | 0.562 | |
| intra-range-methods | 0.421 | 0.004 | 0.425 | |
| multisplit | 0.013 | 0.000 | 0.012 | |
| nearest-methods | 0.102 | 0.000 | 0.102 | |
| range-squeezers | 0 | 0 | 0 | |
| read.Mask | 0.024 | 0.000 | 0.024 | |
| reverse-methods | 0.045 | 0.000 | 0.045 | |
| setops-methods | 0.198 | 0.000 | 0.198 | |
| slice-methods | 0.011 | 0.000 | 0.010 | |
| view-summarization-methods | 0.018 | 0.000 | 0.018 | |