| Back to Multiple platform build/check report for BioC 3.22: simplified long |
|
This page was generated on 2025-10-24 12:07 -0400 (Fri, 24 Oct 2025).
| Hostname | OS | Arch (*) | R version | Installed pkgs |
|---|---|---|---|---|
| nebbiolo2 | Linux (Ubuntu 24.04.3 LTS) | x86_64 | 4.5.1 Patched (2025-08-23 r88802) -- "Great Square Root" | 4898 |
| lconway | macOS 12.7.6 Monterey | x86_64 | 4.5.1 Patched (2025-09-10 r88807) -- "Great Square Root" | 4688 |
| kjohnson3 | macOS 13.7.7 Ventura | arm64 | 4.5.1 Patched (2025-09-10 r88807) -- "Great Square Root" | 4634 |
| taishan | Linux (openEuler 24.03 LTS) | aarch64 | 4.5.0 (2025-04-11) -- "How About a Twenty-Six" | 4658 |
| Click on any hostname to see more info about the system (e.g. compilers) (*) as reported by 'uname -p', except on Windows and Mac OS X | ||||
| Package 851/2359 | Hostname | OS / Arch | INSTALL | BUILD | CHECK | BUILD BIN | ||||||||
| GenomicRanges 1.61.6 (landing page) Hervé Pagès
| nebbiolo2 | Linux (Ubuntu 24.04.3 LTS) / x86_64 | OK | OK | OK | |||||||||
| lconway | macOS 12.7.6 Monterey / x86_64 | OK | OK | OK | OK | |||||||||
| kjohnson3 | macOS 13.7.7 Ventura / arm64 | OK | OK | OK | OK | |||||||||
| taishan | Linux (openEuler 24.03 LTS) / aarch64 | OK | ERROR | skipped | ||||||||||
|
To the developers/maintainers of the GenomicRanges package: - Allow up to 24 hours (and sometimes 48 hours) for your latest push to git@git.bioconductor.org:packages/GenomicRanges.git to reflect on this report. See Troubleshooting Build Report for more information. - Use the following Renviron settings to reproduce errors and warnings. - If 'R CMD check' started to fail recently on the Linux builder(s) over a missing dependency, add the missing dependency to 'Suggests:' in your DESCRIPTION file. See Renviron.bioc for more information. - See Martin Grigorov's blog post for how to debug Linux ARM64 related issues on a x86_64 host. |
| Package: GenomicRanges |
| Version: 1.61.5 |
| Command: /home/biocbuild/R/R/bin/R CMD build --keep-empty-dirs --no-resave-data GenomicRanges |
| StartedAt: 2025-10-21 00:00:55 -0000 (Tue, 21 Oct 2025) |
| EndedAt: 2025-10-21 00:03:37 -0000 (Tue, 21 Oct 2025) |
| EllapsedTime: 162.1 seconds |
| RetCode: 1 |
| Status: ERROR |
| PackageFile: None |
| PackageFileSize: NA |
##############################################################################
##############################################################################
###
### Running command:
###
### /home/biocbuild/R/R/bin/R CMD build --keep-empty-dirs --no-resave-data GenomicRanges
###
##############################################################################
##############################################################################
* checking for file ‘GenomicRanges/DESCRIPTION’ ... OK
* preparing ‘GenomicRanges’:
* checking DESCRIPTION meta-information ... OK
* cleaning src
* installing the package to build vignettes
* creating vignettes ... ERROR
--- re-building ‘GenomicRangesIntroduction.Rmd’ using rmarkdown
--- finished re-building ‘GenomicRangesIntroduction.Rmd’
--- re-building ‘ExtendingGenomicRanges.Rnw’ using Sweave
--- finished re-building ‘ExtendingGenomicRanges.Rnw’
--- re-building ‘GRanges_and_GRangesList_slides.Rnw’ using Sweave
Warning in .merge_two_Seqinfo_objects(x, y) :
The 2 combined objects have no sequence levels in common. (Use
suppressWarnings() to suppress this warning.)
Loading required package: SummarizedExperiment
Loading required package: MatrixGenerics
Loading required package: matrixStats
Attaching package: ‘matrixStats’
The following objects are masked from ‘package:Biobase’:
anyMissing, rowMedians
Attaching package: ‘MatrixGenerics’
The following objects are masked from ‘package:matrixStats’:
colAlls, colAnyNAs, colAnys, colAvgsPerRowSet, colCollapse, colCounts,
colCummaxs, colCummins, colCumprods, colCumsums, colDiffs,
colIQRDiffs, colIQRs, colLogSumExps, colMadDiffs, colMads, colMaxs,
colMeans2, colMedians, colMins, colOrderStats, colProds, colQuantiles,
colRanges, colRanks, colSdDiffs, colSds, colSums2, colTabulates,
colVarDiffs, colVars, colWeightedMads, colWeightedMeans,
colWeightedMedians, colWeightedSds, colWeightedVars, rowAlls,
rowAnyNAs, rowAnys, rowAvgsPerColSet, rowCollapse, rowCounts,
rowCummaxs, rowCummins, rowCumprods, rowCumsums, rowDiffs,
rowIQRDiffs, rowIQRs, rowLogSumExps, rowMadDiffs, rowMads, rowMaxs,
rowMeans2, rowMedians, rowMins, rowOrderStats, rowProds, rowQuantiles,
rowRanges, rowRanks, rowSdDiffs, rowSds, rowSums2, rowTabulates,
rowVarDiffs, rowVars, rowWeightedMads, rowWeightedMeans,
rowWeightedMedians, rowWeightedSds, rowWeightedVars
The following object is masked from ‘package:Biobase’:
rowMedians
Loading required package: Biostrings
Loading required package: XVector
Attaching package: ‘Biostrings’
The following object is masked from ‘package:base’:
strsplit
Loading required package: Rsamtools
--- finished re-building ‘GRanges_and_GRangesList_slides.Rnw’
--- re-building ‘GenomicRangesHOWTOs.Rnw’ using Sweave
Attaching package: ‘txdbmaker’
The following objects are masked from ‘package:GenomicFeatures’:
UCSCFeatureDbTableSchema, browseUCSCtrack,
getChromInfoFromBiomart, makeFDbPackageFromUCSC,
makeFeatureDbFromUCSC, makePackageName, makeTxDb,
makeTxDbFromBiomart, makeTxDbFromEnsembl, makeTxDbFromGFF,
makeTxDbFromGRanges, makeTxDbFromUCSC, makeTxDbPackage,
makeTxDbPackageFromBiomart, makeTxDbPackageFromUCSC,
supportedMiRBaseBuildValues, supportedUCSCFeatureDbTables,
supportedUCSCFeatureDbTracks, supportedUCSCtables
Import genomic features from the file as a GRanges object ... OK
Prepare the 'metadata' data frame ... OK
Make the TxDb object ... Warning in .get_cds_IDX(mcols0$type, mcols0$phase) :
The "phase" metadata column contains non-NA values for features of
type exon. This information was ignored.
Warning in .makeTxDb_normarg_chrominfo(chrominfo) :
genome version information is not available for this TxDb object
OK
Loading required package: BiocFileCache
Loading required package: dbplyr
Attaching package: ‘AnnotationHub’
The following object is masked from ‘package:Biobase’:
cache
loading from cache
Loading required package: limma
Attaching package: ‘limma’
The following object is masked from ‘package:DESeq2’:
plotMA
The following object is masked from ‘package:BiocGenerics’:
plotMA
Loading required package: GenomeInfoDb
Loading required package: BSgenome
Loading required package: BiocIO
Loading required package: rtracklayer
Attaching package: ‘rtracklayer’
The following object is masked from ‘package:AnnotationHub’:
hubUrl
Error: processing vignette 'GenomicRangesHOWTOs.Rnw' failed with diagnostics:
chunk 52 (label = cancer_1)
Error in curl::curl_fetch_memory(url, handle = handle) :
Timeout was reached [rest.kegg.jp]:
Connection timed out after 10001 milliseconds
--- failed re-building ‘GenomicRangesHOWTOs.Rnw’
--- re-building ‘Ten_things_slides.Rnw’ using Sweave
Error: processing vignette 'Ten_things_slides.Rnw' failed with diagnostics:
chunk 22
Error in library(BSgenome.Mmusculus.UCSC.mm10) :
there is no package called ‘BSgenome.Mmusculus.UCSC.mm10’
--- failed re-building ‘Ten_things_slides.Rnw’
SUMMARY: processing the following files failed:
‘GenomicRangesHOWTOs.Rnw’ ‘Ten_things_slides.Rnw’
Error: Vignette re-building failed.
Execution halted