| Back to Multiple platform build/check report for BioC 3.22: simplified long |
|
This page was generated on 2025-10-25 12:03 -0400 (Sat, 25 Oct 2025).
| Hostname | OS | Arch (*) | R version | Installed pkgs |
|---|---|---|---|---|
| nebbiolo2 | Linux (Ubuntu 24.04.3 LTS) | x86_64 | 4.5.1 Patched (2025-08-23 r88802) -- "Great Square Root" | 4901 |
| lconway | macOS 12.7.6 Monterey | x86_64 | 4.5.1 Patched (2025-09-10 r88807) -- "Great Square Root" | 4691 |
| kjohnson3 | macOS 13.7.7 Ventura | arm64 | 4.5.1 Patched (2025-09-10 r88807) -- "Great Square Root" | 4637 |
| taishan | Linux (openEuler 24.03 LTS) | aarch64 | 4.5.0 (2025-04-11) -- "How About a Twenty-Six" | 4658 |
| Click on any hostname to see more info about the system (e.g. compilers) (*) as reported by 'uname -p', except on Windows and Mac OS X | ||||
| Package 953/2361 | Hostname | OS / Arch | INSTALL | BUILD | CHECK | BUILD BIN | ||||||||
| GWENA 1.19.0 (landing page) Gwenaëlle Lemoine
| nebbiolo2 | Linux (Ubuntu 24.04.3 LTS) / x86_64 | OK | OK | WARNINGS | |||||||||
| lconway | macOS 12.7.6 Monterey / x86_64 | OK | OK | WARNINGS | OK | |||||||||
| kjohnson3 | macOS 13.7.7 Ventura / arm64 | OK | OK | WARNINGS | OK | |||||||||
| taishan | Linux (openEuler 24.03 LTS) / aarch64 | OK | NA | NA | ||||||||||
|
To the developers/maintainers of the GWENA package: - Allow up to 24 hours (and sometimes 48 hours) for your latest push to git@git.bioconductor.org:packages/GWENA.git to reflect on this report. See Troubleshooting Build Report for more information. - Use the following Renviron settings to reproduce errors and warnings. - If 'R CMD check' started to fail recently on the Linux builder(s) over a missing dependency, add the missing dependency to 'Suggests:' in your DESCRIPTION file. See Renviron.bioc for more information. |
| Package: GWENA |
| Version: 1.19.0 |
| Command: /home/biocbuild/bbs-3.22-bioc/R/bin/R CMD check --install=check:GWENA.install-out.txt --library=/home/biocbuild/bbs-3.22-bioc/R/site-library --timings GWENA_1.19.0.tar.gz |
| StartedAt: 2025-10-25 00:26:51 -0400 (Sat, 25 Oct 2025) |
| EndedAt: 2025-10-25 00:36:45 -0400 (Sat, 25 Oct 2025) |
| EllapsedTime: 594.7 seconds |
| RetCode: 0 |
| Status: WARNINGS |
| CheckDir: GWENA.Rcheck |
| Warnings: 2 |
##############################################################################
##############################################################################
###
### Running command:
###
### /home/biocbuild/bbs-3.22-bioc/R/bin/R CMD check --install=check:GWENA.install-out.txt --library=/home/biocbuild/bbs-3.22-bioc/R/site-library --timings GWENA_1.19.0.tar.gz
###
##############################################################################
##############################################################################
* using log directory ‘/home/biocbuild/bbs-3.22-bioc/meat/GWENA.Rcheck’
* using R version 4.5.1 Patched (2025-08-23 r88802)
* using platform: x86_64-pc-linux-gnu
* R was compiled by
gcc (Ubuntu 13.3.0-6ubuntu2~24.04) 13.3.0
GNU Fortran (Ubuntu 13.3.0-6ubuntu2~24.04) 13.3.0
* running under: Ubuntu 24.04.3 LTS
* using session charset: UTF-8
* checking for file ‘GWENA/DESCRIPTION’ ... OK
* this is package ‘GWENA’ version ‘1.19.0’
* package encoding: UTF-8
* checking package namespace information ... OK
* checking package dependencies ... OK
* checking if this is a source package ... OK
* checking if there is a namespace ... OK
* checking for hidden files and directories ... OK
* checking for portable file names ... OK
* checking for sufficient/correct file permissions ... OK
* checking whether package ‘GWENA’ can be installed ... WARNING
Found the following significant warnings:
Warning: bad markup (extra space?) at compare_conditions.Rd:91:72
Warning: bad markup (extra space?) at compare_conditions.Rd:96:77
Warning: bad markup (extra space?) at compare_conditions.Rd:98:74
Warning: bad markup (extra space?) at compare_conditions.Rd:100:69
See ‘/home/biocbuild/bbs-3.22-bioc/meat/GWENA.Rcheck/00install.out’ for details.
* checking installed package size ... OK
* checking package directory ... OK
* checking ‘build’ directory ... OK
* checking DESCRIPTION meta-information ...Warning: bad markup (extra space?) at compare_conditions.Rd:91:72
Warning: bad markup (extra space?) at compare_conditions.Rd:96:77
Warning: bad markup (extra space?) at compare_conditions.Rd:98:74
Warning: bad markup (extra space?) at compare_conditions.Rd:100:69
OK
* checking top-level files ... OK
* checking for left-over files ... OK
* checking index information ... OK
* checking package subdirectories ... NOTE
Problems with news in ‘NEWS.md’:
No news entries found.
* checking code files for non-ASCII characters ... OK
* checking R files for syntax errors ... OK
* checking whether the package can be loaded ... OK
* checking whether the package can be loaded with stated dependencies ... OK
* checking whether the package can be unloaded cleanly ... OK
* checking whether the namespace can be loaded with stated dependencies ... OK
* checking whether the namespace can be unloaded cleanly ... OK
* checking loading without being on the library search path ... OK
* checking dependencies in R code ... OK
* checking S3 generic/method consistency ... OK
* checking replacement functions ... OK
* checking foreign function calls ... OK
* checking R code for possible problems ... OK
* checking Rd files ... WARNING
prepare_Rd: bad markup (extra space?) at compare_conditions.Rd:91:72
prepare_Rd: bad markup (extra space?) at compare_conditions.Rd:96:77
prepare_Rd: bad markup (extra space?) at compare_conditions.Rd:98:74
prepare_Rd: bad markup (extra space?) at compare_conditions.Rd:100:69
* checking Rd metadata ... OK
* checking Rd cross-references ...Warning: bad markup (extra space?) at compare_conditions.Rd:91:72
Warning: bad markup (extra space?) at compare_conditions.Rd:96:77
Warning: bad markup (extra space?) at compare_conditions.Rd:98:74
Warning: bad markup (extra space?) at compare_conditions.Rd:100:69
NOTE
Found the following Rd file(s) with Rd \link{} targets missing package
anchors:
build_net.Rd: adjacency.fromSimilarity
get_fit.cor.Rd: pickSoftThreshold.fromSimilarity
get_fit.expr.Rd: pickSoftThreshold.fromSimilarity
plot_module.Rd: igraph.plotting
Please provide package anchors for all Rd \link{} targets not in the
package itself and the base packages.
* checking for missing documentation entries ... OK
* checking for code/documentation mismatches ... OK
* checking Rd \usage sections ... OK
* checking Rd contents ... OK
* checking for unstated dependencies in examples ... OK
* checking contents of ‘data’ directory ... OK
* checking data for non-ASCII characters ... OK
* checking LazyData ... OK
* checking data for ASCII and uncompressed saves ... OK
* checking files in ‘vignettes’ ... OK
* checking examples ... OK
Examples with CPU (user + system) or elapsed time > 5s
user system elapsed
z_summary 13.341 0.427 15.510
compare_conditions 9.417 0.368 10.756
plot_enrichment 1.479 0.082 7.657
bio_enrich 0.440 0.018 11.446
* checking for unstated dependencies in ‘tests’ ... OK
* checking tests ...
Running ‘testthat.R’
OK
* checking for unstated dependencies in vignettes ... OK
* checking package vignettes ... OK
* checking re-building of vignette outputs ... OK
* checking PDF version of manual ... OK
* DONE
Status: 2 WARNINGs, 2 NOTEs
See
‘/home/biocbuild/bbs-3.22-bioc/meat/GWENA.Rcheck/00check.log’
for details.
GWENA.Rcheck/00install.out
############################################################################## ############################################################################## ### ### Running command: ### ### /home/biocbuild/bbs-3.22-bioc/R/bin/R CMD INSTALL GWENA ### ############################################################################## ############################################################################## * installing to library ‘/home/biocbuild/bbs-3.22-bioc/R/site-library’ * installing *source* package ‘GWENA’ ... ** this is package ‘GWENA’ version ‘1.19.0’ ** using staged installation ** R ** data *** moving datasets to lazyload DB ** inst ** byte-compile and prepare package for lazy loading ** help Warning: bad markup (extra space?) at compare_conditions.Rd:91:72 Warning: bad markup (extra space?) at compare_conditions.Rd:96:77 Warning: bad markup (extra space?) at compare_conditions.Rd:98:74 Warning: bad markup (extra space?) at compare_conditions.Rd:100:69 *** installing help indices ** building package indices ** installing vignettes ** testing if installed package can be loaded from temporary location ** testing if installed package can be loaded from final location ** testing if installed package keeps a record of temporary installation path * DONE (GWENA)
GWENA.Rcheck/tests/testthat.Rout
R version 4.5.1 Patched (2025-08-23 r88802) -- "Great Square Root"
Copyright (C) 2025 The R Foundation for Statistical Computing
Platform: x86_64-pc-linux-gnu
R is free software and comes with ABSOLUTELY NO WARRANTY.
You are welcome to redistribute it under certain conditions.
Type 'license()' or 'licence()' for distribution details.
R is a collaborative project with many contributors.
Type 'contributors()' for more information and
'citation()' on how to cite R or R packages in publications.
Type 'demo()' for some demos, 'help()' for on-line help, or
'help.start()' for an HTML browser interface to help.
Type 'q()' to quit R.
> library(testthat)
> library(GWENA)
>
> test_check("GWENA")
[ FAIL 0 | WARN 2 | SKIP 0 | PASS 278 ]
[ FAIL 0 | WARN 2 | SKIP 0 | PASS 278 ]
>
> proc.time()
user system elapsed
409.748 6.145 250.204
GWENA.Rcheck/GWENA-Ex.timings
| name | user | system | elapsed | |
| associate_phenotype | 0.018 | 0.003 | 0.022 | |
| bio_enrich | 0.440 | 0.018 | 11.446 | |
| build_graph_from_sq_mat | 0.124 | 0.001 | 0.125 | |
| build_net | 3.405 | 0.090 | 3.496 | |
| compare_conditions | 9.417 | 0.368 | 10.756 | |
| detect_modules | 1.616 | 0.108 | 1.725 | |
| filter_RNA_seq | 0.000 | 0.000 | 0.001 | |
| filter_low_var | 0.009 | 0.000 | 0.009 | |
| get_fit.cor | 0.696 | 0.055 | 0.750 | |
| get_fit.expr | 0.759 | 0.057 | 0.816 | |
| get_hub_degree | 0.066 | 0.000 | 0.066 | |
| get_hub_genes | 0.000 | 0.000 | 0.001 | |
| get_hub_high_co | 0.000 | 0.000 | 0.001 | |
| get_hub_kleinberg | 0.131 | 0.001 | 0.132 | |
| get_sub_clusters | 1.528 | 0.065 | 1.593 | |
| is_data_expr | 0.000 | 0.000 | 0.001 | |
| is_gost | 0.021 | 0.003 | 2.525 | |
| is_module | 0 | 0 | 0 | |
| is_network | 0 | 0 | 0 | |
| join_gost | 0.031 | 0.001 | 0.991 | |
| plot_comparison_stats | 0.525 | 0.045 | 0.571 | |
| plot_enrichment | 1.479 | 0.082 | 7.657 | |
| plot_expression_profiles | 2.569 | 0.176 | 2.745 | |
| plot_module | 0.232 | 0.052 | 0.284 | |
| plot_modules_merge | 1.694 | 0.014 | 1.708 | |
| plot_modules_phenotype | 0.517 | 0.001 | 0.518 | |
| z_summary | 13.341 | 0.427 | 15.510 | |