| Back to Multiple platform build/check report for BioC 3.22: simplified long |
|
This page was generated on 2025-04-09 11:55 -0400 (Wed, 09 Apr 2025).
| Hostname | OS | Arch (*) | R version | Installed pkgs |
|---|---|---|---|---|
| nebbiolo2 | Linux (Ubuntu 24.04.1 LTS) | x86_64 | 4.5.0 beta (2025-04-02 r88102) -- "How About a Twenty-Six" | 4737 |
| palomino8 | Windows Server 2022 Datacenter | x64 | 4.5.0 RC (2025-04-03 r88103 ucrt) -- "How About a Twenty-Six" | 4524 |
| Click on any hostname to see more info about the system (e.g. compilers) (*) as reported by 'uname -p', except on Windows and Mac OS X | ||||
| Package 559/2335 | Hostname | OS / Arch | INSTALL | BUILD | CHECK | BUILD BIN | ||||||||
Matineh Rahmatbakhsh
| nebbiolo2 | Linux (Ubuntu 24.04.1 LTS) / x86_64 | OK | ERROR | skipped | |||||||||
| palomino8 | Windows Server 2022 Datacenter / x64 | OK | ERROR | skipped | skipped | |||||||||
|
To the developers/maintainers of the DeProViR package: - Allow up to 24 hours (and sometimes 48 hours) for your latest push to git@git.bioconductor.org:packages/DeProViR.git to reflect on this report. See Troubleshooting Build Report for more information. - Use the following Renviron settings to reproduce errors and warnings. - If 'R CMD check' started to fail recently on the Linux builder(s) over a missing dependency, add the missing dependency to 'Suggests:' in your DESCRIPTION file. See Renviron.bioc for more information. |
| Package: DeProViR |
| Version: 1.3.1 |
| Command: /home/biocbuild/bbs-3.22-bioc/R/bin/R CMD build --keep-empty-dirs --no-resave-data --md5 DeProViR |
| StartedAt: 2025-04-08 17:03:12 -0400 (Tue, 08 Apr 2025) |
| EndedAt: 2025-04-08 17:03:28 -0400 (Tue, 08 Apr 2025) |
| EllapsedTime: 16.0 seconds |
| RetCode: 1 |
| Status: ERROR |
| PackageFile: None |
| PackageFileSize: NA |
##############################################################################
##############################################################################
###
### Running command:
###
### /home/biocbuild/bbs-3.22-bioc/R/bin/R CMD build --keep-empty-dirs --no-resave-data --md5 DeProViR
###
##############################################################################
##############################################################################
* checking for file ‘DeProViR/DESCRIPTION’ ... OK
* preparing ‘DeProViR’:
* checking DESCRIPTION meta-information ... OK
* installing the package to build vignettes
* creating vignettes ... ERROR
--- re-building ‘DeProViR_tutorial.Rmd’ using rmarkdown
Quitting from DeProViR_tutorial.Rmd:217-246 [unnamed-chunk-2]
~~~~~~~~~~~~~~~~~~~~~~~~~~~~~~~~~~~~~~~~~~~~~~~~~~~~~~~~~~~~~~~~~~~~~~~~~~~~~~~~
<error/rlang_error>
Error in `tensorflow::set_random_seed()`:
! TensorFlow not installed, please run `tensorflow::install_tensorflow()`
---
Backtrace:
▆
1. └─tensorflow::set_random_seed(101)
~~~~~~~~~~~~~~~~~~~~~~~~~~~~~~~~~~~~~~~~~~~~~~~~~~~~~~~~~~~~~~~~~~~~~~~~~~~~~~~~
Error: processing vignette 'DeProViR_tutorial.Rmd' failed with diagnostics:
TensorFlow not installed, please run `tensorflow::install_tensorflow()`
--- failed re-building ‘DeProViR_tutorial.Rmd’
SUMMARY: processing the following file failed:
‘DeProViR_tutorial.Rmd’
Error: Vignette re-building failed.
Execution halted