Back to Multiple platform build/check report for BioC 3.22:   simplified   long
ABC[D]EFGHIJKLMNOPQRSTUVWXYZ

This page was generated on 2025-10-24 12:03 -0400 (Fri, 24 Oct 2025).

HostnameOSArch (*)R versionInstalled pkgs
nebbiolo2Linux (Ubuntu 24.04.3 LTS)x86_644.5.1 Patched (2025-08-23 r88802) -- "Great Square Root" 4898
lconwaymacOS 12.7.6 Montereyx86_644.5.1 Patched (2025-09-10 r88807) -- "Great Square Root" 4688
kjohnson3macOS 13.7.7 Venturaarm644.5.1 Patched (2025-09-10 r88807) -- "Great Square Root" 4634
taishanLinux (openEuler 24.03 LTS)aarch644.5.0 (2025-04-11) -- "How About a Twenty-Six" 4658
Click on any hostname to see more info about the system (e.g. compilers)      (*) as reported by 'uname -p', except on Windows and Mac OS X

Package 606/2359HostnameOS / ArchINSTALLBUILDCHECKBUILD BIN
DMRcate 3.5.2  (landing page)
Tim Peters
Snapshot Date: 2025-10-23 14:17 -0400 (Thu, 23 Oct 2025)
git_url: https://git.bioconductor.org/packages/DMRcate
git_branch: devel
git_last_commit: 607fe30
git_last_commit_date: 2025-08-31 03:13:55 -0400 (Sun, 31 Aug 2025)
nebbiolo2Linux (Ubuntu 24.04.3 LTS) / x86_64  OK    ERROR  skipped
lconwaymacOS 12.7.6 Monterey / x86_64  OK    OK    OK    OK  UNNEEDED, same version is already published
kjohnson3macOS 13.7.7 Ventura / arm64  OK    OK    OK    OK  UNNEEDED, same version is already published
taishanLinux (openEuler 24.03 LTS) / aarch64  OK    OK    ERROR  


BUILD results for DMRcate on nebbiolo2

To the developers/maintainers of the DMRcate package:
- Allow up to 24 hours (and sometimes 48 hours) for your latest push to git@git.bioconductor.org:packages/DMRcate.git to reflect on this report. See Troubleshooting Build Report for more information.
- Use the following Renviron settings to reproduce errors and warnings.
- If 'R CMD check' started to fail recently on the Linux builder(s) over a missing dependency, add the missing dependency to 'Suggests:' in your DESCRIPTION file. See Renviron.bioc for more information.

raw results


Summary

Package: DMRcate
Version: 3.5.2
Command: /home/biocbuild/bbs-3.22-bioc/R/bin/R CMD build --keep-empty-dirs --no-resave-data --md5 DMRcate
StartedAt: 2025-10-23 17:25:10 -0400 (Thu, 23 Oct 2025)
EndedAt: 2025-10-23 17:37:56 -0400 (Thu, 23 Oct 2025)
EllapsedTime: 766.7 seconds
RetCode: 1
Status:   ERROR  
PackageFile: None
PackageFileSize: NA

Command output

##############################################################################
##############################################################################
###
### Running command:
###
###   /home/biocbuild/bbs-3.22-bioc/R/bin/R CMD build --keep-empty-dirs --no-resave-data --md5 DMRcate
###
##############################################################################
##############################################################################


* checking for file ‘DMRcate/DESCRIPTION’ ... OK
* preparing ‘DMRcate’:
* checking DESCRIPTION meta-information ... OK
* installing the package to build vignettes
* creating vignettes ... ERROR
--- re-building ‘EPICv1_and_450K.Rnw’ using knitr
--- finished re-building ‘EPICv1_and_450K.Rnw’

--- re-building ‘EPICv2.Rnw’ using knitr
--- finished re-building ‘EPICv2.Rnw’

--- re-building ‘sequencing.Rnw’ using knitr

Quitting from sequencing.Rnw:123-133 [seqDMRplot1]
~~~~~~~~~~~~~~~~~~~~~~~~~~~~~~~~~~~~~~~~~~~~~~~~~~~~~~~~~~~~~~~~~~~~~~~~~~~~~~~~
<error/rlang_error>
Error in `curl::curl_fetch_memory()`:
! Timeout was reached [genome.ucsc.edu]:
SSL connection timeout
---
Backtrace:
     x
  1. +-DMRcate::DMR.plot(...)
  2. | \-Gviz::IdeogramTrack(genome = genome, chromosome = as.character(seqnames(ranges.inplot)))
  3. |   \-methods::new(...)
  4. |     +-methods::initialize(value, ...)
  5. |     \-Gviz::initialize(value, ...)
  6. |       \-Gviz (local) .local(.Object, ...)
  7. |         \-Gviz:::.cacheGenomes(genome = genome)
  8. |           +-Gviz::.doCache(...)
  9. |           | +-BiocGenerics::eval(expression, envir = callEnv)
 10. |           | \-base::eval(expression, envir = callEnv)
 11. |           |   \-base::eval(expression, envir = callEnv)
 12. |           +-Gviz::.doCache(...)
 13. |           | +-BiocGenerics::eval(expression, envir = callEnv)
 14. |           | \-base::eval(expression, envir = callEnv)
 15. |           |   \-base::eval(expression, envir = callEnv)
 16. |           +-rtracklayer::browserSession()
 17. |           \-rtracklayer::browserSession()
 18. |             +-rtracklayer::browserSession("UCSC", ...)
 19. |             \-rtracklayer::browserSession("UCSC", ...)
 20. |               \-methods::new(class, ...)
 21. |                 +-methods::initialize(value, ...)
 22. |                 \-rtracklayer::initialize(value, ...)
 23. |                   \-rtracklayer (local) .local(.Object, ...)
 24. |                     \-httr::GET(gwURL, config)
 25. |                       \-httr:::request_perform(req, hu$handle$handle)
 26. |                         +-httr:::request_fetch(req$output, req$url, handle)
 27. |                         \-httr:::request_fetch.write_memory(req$output, req$url, handle)
 28. |                           \-curl::curl_fetch_memory(url, handle = handle)
 29. \-curl:::raise_libcurl_error(...)
~~~~~~~~~~~~~~~~~~~~~~~~~~~~~~~~~~~~~~~~~~~~~~~~~~~~~~~~~~~~~~~~~~~~~~~~~~~~~~~~

Error: processing vignette 'sequencing.Rnw' failed with diagnostics:
Timeout was reached [genome.ucsc.edu]:
SSL connection timeout
--- failed re-building ‘sequencing.Rnw’

SUMMARY: processing the following file failed:
  ‘sequencing.Rnw’

Error: Vignette re-building failed.
Execution halted