| Back to Multiple platform build/check report for BioC 3.22: simplified long | 
 | 
This page was generated on 2025-10-24 12:07 -0400 (Fri, 24 Oct 2025).
| Hostname | OS | Arch (*) | R version | Installed pkgs | 
|---|---|---|---|---|
| nebbiolo2 | Linux (Ubuntu 24.04.3 LTS) | x86_64 | 4.5.1 Patched (2025-08-23 r88802) -- "Great Square Root" | 4898 | 
| lconway | macOS 12.7.6 Monterey | x86_64 | 4.5.1 Patched (2025-09-10 r88807) -- "Great Square Root" | 4688 | 
| kjohnson3 | macOS 13.7.7 Ventura | arm64 | 4.5.1 Patched (2025-09-10 r88807) -- "Great Square Root" | 4634 | 
| taishan | Linux (openEuler 24.03 LTS) | aarch64 | 4.5.0 (2025-04-11) -- "How About a Twenty-Six" | 4658 | 
| Click on any hostname to see more info about the system (e.g. compilers) (*) as reported by 'uname -p', except on Windows and Mac OS X | ||||
| Package 437/2359 | Hostname | OS / Arch | INSTALL | BUILD | CHECK | BUILD BIN | ||||||||
| CONFESS 1.37.0  (landing page) Diana LOW 
 | nebbiolo2 | Linux (Ubuntu 24.04.3 LTS) / x86_64 | OK | OK | WARNINGS |  | ||||||||
| lconway | macOS 12.7.6 Monterey / x86_64 | OK | OK | WARNINGS | OK |  | ||||||||
| kjohnson3 | macOS 13.7.7 Ventura / arm64 | OK | OK | WARNINGS | OK |  | ||||||||
| taishan | Linux (openEuler 24.03 LTS) / aarch64 | OK | OK | WARNINGS | ||||||||||
| To the developers/maintainers of the CONFESS package: - Allow up to 24 hours (and sometimes 48 hours) for your latest push to git@git.bioconductor.org:packages/CONFESS.git to reflect on this report. See Troubleshooting Build Report for more information. - Use the following Renviron settings to reproduce errors and warnings. - If 'R CMD check' started to fail recently on the Linux builder(s) over a missing dependency, add the missing dependency to 'Suggests:' in your DESCRIPTION file. See Renviron.bioc for more information. - See Martin Grigorov's blog post for how to debug Linux ARM64 related issues on a x86_64 host. | 
| Package: CONFESS | 
| Version: 1.37.0 | 
| Command: /home/biocbuild/R/R/bin/R CMD check --install=check:CONFESS.install-out.txt --library=/home/biocbuild/R/R/site-library --no-vignettes --timings CONFESS_1.37.0.tar.gz | 
| StartedAt: 2025-10-21 06:47:33 -0000 (Tue, 21 Oct 2025) | 
| EndedAt: 2025-10-21 06:56:45 -0000 (Tue, 21 Oct 2025) | 
| EllapsedTime: 552.4 seconds | 
| RetCode: 0 | 
| Status: WARNINGS | 
| CheckDir: CONFESS.Rcheck | 
| Warnings: 1 | 
##############################################################################
##############################################################################
###
### Running command:
###
###   /home/biocbuild/R/R/bin/R CMD check --install=check:CONFESS.install-out.txt --library=/home/biocbuild/R/R/site-library --no-vignettes --timings CONFESS_1.37.0.tar.gz
###
##############################################################################
##############################################################################
* using log directory ‘/home/biocbuild/bbs-3.22-bioc/meat/CONFESS.Rcheck’
* using R version 4.5.0 (2025-04-11)
* using platform: aarch64-unknown-linux-gnu
* R was compiled by
    aarch64-unknown-linux-gnu-gcc (GCC) 14.2.0
    GNU Fortran (GCC) 14.2.0
* running under: openEuler 24.03 (LTS)
* using session charset: UTF-8
* using option ‘--no-vignettes’
* checking for file ‘CONFESS/DESCRIPTION’ ... OK
* checking extension type ... Package
* this is package ‘CONFESS’ version ‘1.37.0’
* package encoding: UTF-8
* checking package namespace information ... OK
* checking package dependencies ... INFO
Imports includes 26 non-default packages.
Importing from so many packages makes the package vulnerable to any of
them becoming unavailable.  Move as many as possible to Suggests and
use conditionally.
* checking if this is a source package ... OK
* checking if there is a namespace ... OK
* checking for hidden files and directories ... OK
* checking for portable file names ... OK
* checking for sufficient/correct file permissions ... OK
* checking whether package ‘CONFESS’ can be installed ... WARNING
Found the following significant warnings:
  Warning: replacing previous import ‘stats::BIC’ by ‘flowMerge::BIC’ when loading ‘CONFESS’
See ‘/home/biocbuild/bbs-3.22-bioc/meat/CONFESS.Rcheck/00install.out’ for details.
* checking installed package size ... OK
* checking package directory ... OK
* checking ‘build’ directory ... OK
* checking DESCRIPTION meta-information ... OK
* checking top-level files ... OK
* checking for left-over files ... OK
* checking index information ... OK
* checking package subdirectories ... OK
* checking code files for non-ASCII characters ... OK
* checking R files for syntax errors ... OK
* checking whether the package can be loaded ... OK
* checking whether the package can be loaded with stated dependencies ... OK
* checking whether the package can be unloaded cleanly ... OK
* checking whether the namespace can be loaded with stated dependencies ... OK
* checking whether the namespace can be unloaded cleanly ... OK
* checking loading without being on the library search path ... OK
* checking dependencies in R code ... OK
* checking S3 generic/method consistency ... OK
* checking replacement functions ... OK
* checking foreign function calls ... OK
* checking R code for possible problems ... OK
* checking Rd files ... NOTE
checkRd: (-1) Fluo_CV_modeling.Rd:34: Lost braces
    34 | Pseudotime(original) - median{Pseudotime(CV)} > pseudotime.cutoff. Default is 20.}
       |                              ^
checkRd: (-1) reestimate.pseudos.byCV.Rd:22: Lost braces
    22 | median{Pseudotime(CV)} > pseudotime.cutoff.}
       |       ^
checkRd: (-1) spotEstimator.Rd:56: Lost braces
    56 | min{(X-medX, Y-medY)} > cutoff and min{(X*-medX, Y*-medY)} > cutoff, the sample's location is set to (medX, medY); (2) if
       |    ^
checkRd: (-1) spotEstimator.Rd:56: Lost braces
    56 | min{(X-medX, Y-medY)} > cutoff and min{(X*-medX, Y*-medY)} > cutoff, the sample's location is set to (medX, medY); (2) if
       |                                       ^
checkRd: (-1) spotEstimator.Rd:57: Lost braces
    57 | min{(X*-medX, Y*-medY)} <= cutoff, the sample's location is set to (X*, Y*); (3) if min{(X-medX, Y-medY)} <= cutoff and
       |    ^
checkRd: (-1) spotEstimator.Rd:57: Lost braces
    57 | min{(X*-medX, Y*-medY)} <= cutoff, the sample's location is set to (X*, Y*); (3) if min{(X-medX, Y-medY)} <= cutoff and
       |                                                                                        ^
checkRd: (-1) spotEstimator.Rd:58: Lost braces
    58 | min{(X*-medX, Y*-medY)} > cutoff, the algorithm can either produce the solution of (1) or the solution of (2) depending
       |    ^
* checking Rd metadata ... OK
* checking Rd cross-references ... OK
* checking for missing documentation entries ... OK
* checking for code/documentation mismatches ... OK
* checking Rd \usage sections ... NOTE
Documented arguments not in \usage in Rd file 'adjustFluo.Rd':
  ‘transform’
Documented arguments not in \usage in Rd file 'boxFluo.Rd':
  ‘transform’
Documented arguments not in \usage in Rd file 'doTransform.Rd':
  ‘transform’
Documented arguments not in \usage in Rd file 'failurecase.Rd':
  ‘origImg’
Documented arguments not in \usage in Rd file 'function.from.vector.Rd':
  ‘argument.vector’
Documented arguments not in \usage in Rd file 'invTransform.Rd':
  ‘transform’
Documented arguments not in \usage in Rd file 'isotone.Rd':
  ‘...’
Documented arguments not in \usage in Rd file 'joinAreas.Rd':
  ‘chaImgs’
Documented arguments not in \usage in Rd file 'orderFluo.Rd':
  ‘path.start’
Documented arguments not in \usage in Rd file 'readChaImg.Rd':
  ‘imgName’
Documented arguments not in \usage in Rd file 'summarizeAdjFluo.Rd':
  ‘transform’
Documented arguments not in \usage in Rd file 'which.min.diff.Rd':
  ‘vector’
Functions with \usage entries need to have the appropriate \alias
entries, and all their arguments documented.
The \usage entries must correspond to syntactically valid R code.
See chapter ‘Writing R documentation files’ in the ‘Writing R
Extensions’ manual.
* checking Rd contents ... OK
* checking for unstated dependencies in examples ... OK
* checking contents of ‘data’ directory ... OK
* checking data for non-ASCII characters ... OK
* checking LazyData ... OK
* checking data for ASCII and uncompressed saves ... OK
* checking files in ‘vignettes’ ... OK
* checking examples ... OK
Examples with CPU (user + system) or elapsed time > 5s
                  user system elapsed
Fluo_CV_prep    40.925  3.726  45.579
Fluo_adjustment 23.699  1.911  25.972
Fluo_modeling   11.404  0.516  12.058
* checking for unstated dependencies in vignettes ... OK
* checking package vignettes ... OK
* checking running R code from vignettes ... SKIPPED
* checking re-building of vignette outputs ... SKIPPED
* checking PDF version of manual ... OK
* DONE
Status: 1 WARNING, 2 NOTEs
See
  ‘/home/biocbuild/bbs-3.22-bioc/meat/CONFESS.Rcheck/00check.log’
for details.
CONFESS.Rcheck/00install.out
############################################################################## ############################################################################## ### ### Running command: ### ### /home/biocbuild/R/R/bin/R CMD INSTALL CONFESS ### ############################################################################## ############################################################################## * installing to library ‘/home/biocbuild/R/R-4.5.0/site-library’ * installing *source* package ‘CONFESS’ ... ** this is package ‘CONFESS’ version ‘1.37.0’ ** using staged installation ** R ** data *** moving datasets to lazyload DB ** inst ** byte-compile and prepare package for lazy loading Warning: replacing previous import ‘stats::BIC’ by ‘flowMerge::BIC’ when loading ‘CONFESS’ ** help *** installing help indices ** building package indices ** installing vignettes ** testing if installed package can be loaded from temporary location Warning: replacing previous import ‘stats::BIC’ by ‘flowMerge::BIC’ when loading ‘CONFESS’ ** testing if installed package can be loaded from final location Warning: replacing previous import ‘stats::BIC’ by ‘flowMerge::BIC’ when loading ‘CONFESS’ ** testing if installed package keeps a record of temporary installation path * DONE (CONFESS)
CONFESS.Rcheck/CONFESS-Ex.timings
| name | user | system | elapsed | |
| FluoSelection_byRun | 0.009 | 0.004 | 0.016 | |
| Fluo_CV_modeling | 0 | 0 | 0 | |
| Fluo_CV_prep | 40.925 | 3.726 | 45.579 | |
| Fluo_adjustment | 23.699 | 1.911 | 25.972 | |
| Fluo_inspection | 2.685 | 0.891 | 3.807 | |
| Fluo_modeling | 11.404 | 0.516 | 12.058 | |
| Fluo_ordering | 1.457 | 0.136 | 1.627 | |
| LocationMatrix | 0.005 | 0.000 | 0.006 | |
| cluster2outlier | 0.001 | 0.000 | 0.002 | |
| createFluo | 0.01 | 0.00 | 0.01 | |
| defineLocClusters | 0.058 | 0.012 | 0.075 | |
| files | 0.000 | 0.003 | 0.003 | |
| getFluo | 0.026 | 0.003 | 0.030 | |
| getFluo_byRun | 0.258 | 0.032 | 0.294 | |
| pathEstimator | 0.001 | 0.000 | 0.001 | |
| readFiles | 0.018 | 0.000 | 0.019 | |
| simcells | 2.332 | 0.122 | 2.483 | |
| spotEstimator | 0 | 0 | 0 | |